89.136.88.168 - - [21/Jul/2026:09:24:17 -0500] "POST /xmlrpc.php HTTP/1.1" 403 89715 "-" "Jetpack/13.0; WordPress/6.4; http://site65384678.com"
57.141.0.35 - - [21/Jul/2026:09:24:22 -0500] "GET /detail/311081392 HTTP/1.1" 200 89715 "-" "Mozilla/5.0 (Windows NT 10.0; Win64; x64) AppleWebKit/537.36 (KHTML, like Gecko) Chrome/145.0.0.0 Safari/537.36 (compatible; meta-externalagent/1.1 (+https://developers.facebook.com/docs/sharing/webmasters/crawler))"
57.141.0.3 - - [21/Jul/2026:09:24:23 -0500] "GET /detail/373194438?fileloc=/home/allsupport/public_html/radio.php&path=/home/allsupport/public_html HTTP/1.1" 200 19733 "-" "Mozilla/5.0 (Windows NT 10.0; Win64; x64) AppleWebKit/537.36 (KHTML, like Gecko) Chrome/145.0.0.0 Safari/537.36 (compatible; meta-externalagent/1.1 (+https://developers.facebook.com/docs/sharing/webmasters/crawler))"
57.141.0.45 - - [21/Jul/2026:09:24:24 -0500] "GET /detail/373194438?fileloc=/home/allsupport/public_html/license.txt&path=/home/allsupport/public_html HTTP/1.1" 200 32571 "-" "Mozilla/5.0 (Macintosh; Intel Mac OS X 10_15_7) AppleWebKit/537.36 (KHTML, like Gecko) Chrome/145.0.0.0 Safari/537.36 (compatible; meta-externalagent/1.1 (+https://developers.facebook.com/docs/sharing/webmasters/crawler))"
57.141.0.26 - - [21/Jul/2026:09:24:25 -0500] "GET /detail/373194438?fileloc=/home/allsupport/public_html/buy.php&path=/home/allsupport/public_html HTTP/1.1" 200 14178 "-" "Mozilla/5.0 (Windows NT 10.0; Win64; x64) AppleWebKit/537.36 (KHTML, like Gecko) Chrome/145.0.0.0 Safari/537.36 (compatible; meta-externalagent/1.1 (+https://developers.facebook.com/docs/sharing/webmasters/crawler))"
57.141.0.3 - - [21/Jul/2026:09:24:25 -0500] "GET /detail/916297952 HTTP/1.1" 200 89715 "-" "Mozilla/5.0 (Macintosh; Intel Mac OS X 10_15_7) AppleWebKit/537.36 (KHTML, like Gecko) Chrome/145.0.0.0 Safari/537.36 (compatible; meta-externalagent/1.1 (+https://developers.facebook.com/docs/sharing/webmasters/crawler))"
57.141.0.27 - - [21/Jul/2026:09:24:27 -0500] "GET /detail/373194438?fileloc=/home/allsupport/public_html/ex.php&path=/home/allsupport/public_html HTTP/1.1" 200 19730 "-" "Mozilla/5.0 (Windows NT 10.0; Win64; x64) AppleWebKit/537.36 (KHTML, like Gecko) Chrome/145.0.0.0 Safari/537.36 (compatible; meta-externalagent/1.1 (+https://developers.facebook.com/docs/sharing/webmasters/crawler))"
89.136.88.168 - - [21/Jul/2026:09:24:28 -0500] "POST /xmlrpc.php HTTP/1.1" 403 89715 "-" "WordPress.com; https://wordpress.com"
57.141.0.4 - - [21/Jul/2026:09:24:35 -0500] "GET /detail/26978916?fileloc=/home/allsupport/public_html/license.txt&path=/home/allsupport/public_html HTTP/1.1" 200 32571 "-" "Mozilla/5.0 (Windows NT 10.0; Win64; x64) AppleWebKit/537.36 (KHTML, like Gecko) Chrome/145.0.0.0 Safari/537.36 (compatible; meta-externalagent/1.1 (+https://developers.facebook.com/docs/sharing/webmasters/crawler))"
66.249.68.37 - - [21/Jul/2026:09:24:36 -0500] "GET /detail/781527752 HTTP/1.1" 200 65359 "-" "Mozilla/5.0 (Linux; Android 6.0.1; Nexus 5X Build/MMB29P) AppleWebKit/537.36 (KHTML, like Gecko) Chrome/150.0.7871.128 Mobile Safari/537.36 (compatible; Googlebot/2.1; +http://www.google.com/bot.html)"
57.141.0.14 - - [21/Jul/2026:09:24:37 -0500] "GET /detail/26978916?fileloc=/home/allsupport/public_html/.rnd&path=/home/allsupport/public_html HTTP/1.1" 200 12557 "-" "Mozilla/5.0 (Macintosh; Intel Mac OS X 10_15_7) AppleWebKit/537.36 (KHTML, like Gecko) Chrome/145.0.0.0 Safari/537.36 (compatible; meta-externalagent/1.1 (+https://developers.facebook.com/docs/sharing/webmasters/crawler))"
57.141.0.52 - - [21/Jul/2026:09:24:38 -0500] "GET /detail/26978916?path=/home/allsupport/public_html/.wp-cli HTTP/1.1" 200 14407 "-" "Mozilla/5.0 (Windows NT 10.0; Win64; x64) AppleWebKit/537.36 (KHTML, like Gecko) Chrome/145.0.0.0 Safari/537.36 (compatible; meta-externalagent/1.1 (+https://developers.facebook.com/docs/sharing/webmasters/crawler))"
57.141.0.58 - - [21/Jul/2026:09:24:38 -0500] "GET /detail/141598202?fileloc=//lib64/libnsl.so.3&path=//lib64 HTTP/1.1" 200 12437 "-" "Mozilla/5.0 (Macintosh; Intel Mac OS X 10_15_7) AppleWebKit/537.36 (KHTML, like Gecko) Chrome/145.0.0.0 Safari/537.36 (compatible; meta-externalagent/1.1 (+https://developers.facebook.com/docs/sharing/webmasters/crawler))"
89.136.88.168 - - [21/Jul/2026:09:24:39 -0500] "POST /xmlrpc.php HTTP/1.1" 403 89715 "-" "Jetpack by WordPress.com (Jetpack 12.5; WordPress 6.2)"
57.141.0.22 - - [21/Jul/2026:09:24:39 -0500] "GET /detail/141598202?fileloc=//lib64/libgirepository-1.0.so.1.0.0&path=//lib64 HTTP/1.1" 200 12454 "-" "Mozilla/5.0 (Windows NT 10.0; Win64; x64) AppleWebKit/537.36 (KHTML, like Gecko) Chrome/145.0.0.0 Safari/537.36 (compatible; meta-externalagent/1.1 (+https://developers.facebook.com/docs/sharing/webmasters/crawler))"
57.141.0.67 - - [21/Jul/2026:09:24:39 -0500] "GET /detail/447648101?path=/home/allsupport/public_html/about-us HTTP/1.1" 200 14544 "-" "Mozilla/5.0 (Macintosh; Intel Mac OS X 10_15_7) AppleWebKit/537.36 (KHTML, like Gecko) Chrome/145.0.0.0 Safari/537.36 (compatible; meta-externalagent/1.1 (+https://developers.facebook.com/docs/sharing/webmasters/crawler))"
57.141.0.71 - - [21/Jul/2026:09:24:42 -0500] "GET /detail/26978916?fileloc=/home/allsupport/public_html/wp-slgnup.gz&path=/home/allsupport/public_html HTTP/1.1" 200 12565 "-" "Mozilla/5.0 (Macintosh; Intel Mac OS X 10_15_7) AppleWebKit/537.36 (KHTML, like Gecko) Chrome/145.0.0.0 Safari/537.36 (compatible; meta-externalagent/1.1 (+https://developers.facebook.com/docs/sharing/webmasters/crawler))"
57.141.0.28 - - [21/Jul/2026:09:24:44 -0500] "GET /detail/229176565?fileloc=/home/allsupport/public_html/wp-signup.php&path=/home/allsupport/public_html HTTP/1.1" 200 50689 "-" "Mozilla/5.0 (Windows NT 10.0; Win64; x64) AppleWebKit/537.36 (KHTML, like Gecko) Chrome/145.0.0.0 Safari/537.36 (compatible; meta-externalagent/1.1 (+https://developers.facebook.com/docs/sharing/webmasters/crawler))"
57.141.0.27 - - [21/Jul/2026:09:24:45 -0500] "GET /detail/311081392?path=/home/allsupport/public_html/.wp-cli HTTP/1.1" 200 14407 "-" "Mozilla/5.0 (Macintosh; Intel Mac OS X 10_15_7) AppleWebKit/537.36 (KHTML, like Gecko) Chrome/145.0.0.0 Safari/537.36 (compatible; meta-externalagent/1.1 (+https://developers.facebook.com/docs/sharing/webmasters/crawler))"
113.173.94.40 - - [21/Jul/2026:09:24:46 -0500] "GET /detail/647805330 HTTP/1.1" 200 89715 "-" "Mozilla/5.0 (Macintosh; Intel Mac OS X 11_7_0) AppleWebKit/537.36 (KHTML, like Gecko) Chrome/134.0.6998.88 Safari/537.36"
57.141.0.69 - - [21/Jul/2026:09:24:48 -0500] "GET /detail/311081392?fileloc=/home/allsupport/public_html/error_log&path=/home/allsupport/public_html HTTP/1.1" 500 14981 "-" "Mozilla/5.0 (Macintosh; Intel Mac OS X 10_15_7) AppleWebKit/537.36 (KHTML, like Gecko) Chrome/145.0.0.0 Safari/537.36 (compatible; meta-externalagent/1.1 (+https://developers.facebook.com/docs/sharing/webmasters/crawler))"
57.141.0.69 - - [21/Jul/2026:09:24:49 -0500] "GET /detail/311081392?fileloc=/home/allsupport/public_html/wp-load.php&path=/home/allsupport/public_html HTTP/1.1" 200 16674 "-" "Mozilla/5.0 (Windows NT 10.0; Win64; x64) AppleWebKit/537.36 (KHTML, like Gecko) Chrome/145.0.0.0 Safari/537.36 (compatible; meta-externalagent/1.1 (+https://developers.facebook.com/docs/sharing/webmasters/crawler))"
57.141.0.35 - - [21/Jul/2026:09:24:49 -0500] "GET /detail/311081392?fileloc=/home/allsupport/public_html/atmsd.php&path=/home/allsupport/public_html HTTP/1.1" 200 43144 "-" "Mozilla/5.0 (Windows NT 10.0; Win64; x64) AppleWebKit/537.36 (KHTML, like Gecko) Chrome/145.0.0.0 Safari/537.36 (compatible; meta-externalagent/1.1 (+https://developers.facebook.com/docs/sharing/webmasters/crawler))"
57.141.0.32 - - [21/Jul/2026:09:24:50 -0500] "GET /detail/311081392?fileloc=/home/allsupport/public_html/.htaccess.bak-20260623&path=/home/allsupport/public_html HTTP/1.1" 200 13130 "-" "Mozilla/5.0 (Windows NT 10.0; Win64; x64) AppleWebKit/537.36 (KHTML, like Gecko) Chrome/145.0.0.0 Safari/537.36 (compatible; meta-externalagent/1.1 (+https://developers.facebook.com/docs/sharing/webmasters/crawler))"
57.141.0.48 - - [21/Jul/2026:09:24:52 -0500] "GET /detail/73460553?path=/home/allsupport/.wp-cli HTTP/1.1" 200 14298 "-" "Mozilla/5.0 (Windows NT 10.0; Win64; x64) AppleWebKit/537.36 (KHTML, like Gecko) Chrome/145.0.0.0 Safari/537.36 (compatible; meta-externalagent/1.1 (+https://developers.facebook.com/docs/sharing/webmasters/crawler))"
89.136.88.168 - - [21/Jul/2026:09:24:49 -0500] "POST /xmlrpc.php HTTP/1.1" 403 89715 "-" "Jetpack/13.0; WordPress/6.2; http://site51999892.com"
89.136.88.168 - - [21/Jul/2026:09:25:00 -0500] "POST /xmlrpc.php HTTP/1.1" 403 89715 "-" "WordPress.com; https://wordpress.com"
57.141.0.8 - - [21/Jul/2026:09:25:05 -0500] "GET /detail/159302556?path=/home/allsupport/public_html/.tmb HTTP/1.1" 200 13012 "-" "Mozilla/5.0 (Macintosh; Intel Mac OS X 10_15_7) AppleWebKit/537.36 (KHTML, like Gecko) Chrome/145.0.0.0 Safari/537.36 (compatible; meta-externalagent/1.1 (+https://developers.facebook.com/docs/sharing/webmasters/crawler))"
197.158.242.86 - - [21/Jul/2026:09:25:13 -0500] "GET /detail/650292342 HTTP/1.1" 200 89715 "-" "Mozilla/5.0 (Macintosh; Intel Mac OS X 15_3_1) AppleWebKit/537.36 (KHTML, like Gecko) Chrome/129.0.6668.29 Safari/537.36"
89.136.88.168 - - [21/Jul/2026:09:25:10 -0500] "POST /xmlrpc.php HTTP/1.1" 403 89715 "-" "Jetpack by WordPress.com"
57.141.0.7 - - [21/Jul/2026:09:25:16 -0500] "GET /detail/323209644?fileloc=/home/allsupport/public_html/xmlrpc.php&path=/home/allsupport/public_html HTTP/1.1" 200 16121 "-" "Mozilla/5.0 (Windows NT 10.0; Win64; x64) AppleWebKit/537.36 (KHTML, like Gecko) Chrome/145.0.0.0 Safari/537.36 (compatible; meta-externalagent/1.1 (+https://developers.facebook.com/docs/sharing/webmasters/crawler))"
89.136.88.168 - - [21/Jul/2026:09:25:21 -0500] "POST /xmlrpc.php HTTP/1.1" 403 89715 "-" "Jetpack/12.5; WordPress/6.3; http://site94494130.com"
52.167.144.158 - - [21/Jul/2026:09:25:28 -0500] "GET /?detail/257358307 HTTP/1.1" 200 13 "-" "Mozilla/5.0 AppleWebKit/537.36 (KHTML, like Gecko; compatible; bingbot/2.0; +http://www.bing.com/bingbot.htm) Chrome/116.0.1938.76 Safari/537.36"
52.167.144.158 - - [21/Jul/2026:09:25:28 -0500] "GET /?detail/717960314 HTTP/1.1" 200 13 "-" "Mozilla/5.0 AppleWebKit/537.36 (KHTML, like Gecko; compatible; bingbot/2.0; +http://www.bing.com/bingbot.htm) Chrome/116.0.1938.76 Safari/537.36"
52.167.144.158 - - [21/Jul/2026:09:25:28 -0500] "GET /?detail/77741758 HTTP/1.1" 200 13 "-" "Mozilla/5.0 AppleWebKit/537.36 (KHTML, like Gecko; compatible; bingbot/2.0; +http://www.bing.com/bingbot.htm) Chrome/116.0.1938.76 Safari/537.36"
52.167.144.158 - - [21/Jul/2026:09:25:28 -0500] "GET /?detail/538388882 HTTP/1.1" 200 13 "-" "Mozilla/5.0 AppleWebKit/537.36 (KHTML, like Gecko; compatible; bingbot/2.0; +http://www.bing.com/bingbot.htm) Chrome/116.0.1938.76 Safari/537.36"
52.167.144.158 - - [21/Jul/2026:09:25:28 -0500] "GET /?detail/571326225 HTTP/1.1" 200 13 "-" "Mozilla/5.0 AppleWebKit/537.36 (KHTML, like Gecko; compatible; bingbot/2.0; +http://www.bing.com/bingbot.htm) Chrome/116.0.1938.76 Safari/537.36"
57.141.0.59 - - [21/Jul/2026:09:25:30 -0500] "GET /detail/317540883?fileloc=/home/allsupport/public_html/click.php&path=/home/allsupport/public_html HTTP/1.1" 200 14618 "-" "Mozilla/5.0 (Windows NT 10.0; Win64; x64) AppleWebKit/537.36 (KHTML, like Gecko) Chrome/145.0.0.0 Safari/537.36 (compatible; meta-externalagent/1.1 (+https://developers.facebook.com/docs/sharing/webmasters/crawler))"
89.136.88.168 - - [21/Jul/2026:09:25:31 -0500] "POST /xmlrpc.php HTTP/1.1" 403 89715 "-" "WordPress.com; https://wordpress.com"
52.167.144.18 - - [21/Jul/2026:09:25:33 -0500] "GET /detail/700596132 HTTP/1.1" 200 13 "-" "Mozilla/5.0 AppleWebKit/537.36 (KHTML, like Gecko; compatible; bingbot/2.0; +http://www.bing.com/bingbot.htm) Chrome/116.0.1938.76 Safari/537.36"
52.167.144.18 - - [21/Jul/2026:09:25:33 -0500] "GET /detail/131429196 HTTP/1.1" 200 13 "-" "Mozilla/5.0 AppleWebKit/537.36 (KHTML, like Gecko; compatible; bingbot/2.0; +http://www.bing.com/bingbot.htm) Chrome/116.0.1938.76 Safari/537.36"
57.141.0.52 - - [21/Jul/2026:09:25:33 -0500] "GET /detail/959218009?fileloc=/home/allsupport/public_html/google39c986b9aecf7d5b.html&path=/home/allsupport/public_html HTTP/1.1" 200 12633 "-" "Mozilla/5.0 (Windows NT 10.0; Win64; x64) AppleWebKit/537.36 (KHTML, like Gecko) Chrome/145.0.0.0 Safari/537.36 (compatible; meta-externalagent/1.1 (+https://developers.facebook.com/docs/sharing/webmasters/crawler))"
52.167.144.158 - - [21/Jul/2026:09:25:37 -0500] "GET /?detail/971395149 HTTP/1.1" 200 13 "-" "Mozilla/5.0 AppleWebKit/537.36 (KHTML, like Gecko; compatible; bingbot/2.0; +http://www.bing.com/bingbot.htm) Chrome/116.0.1938.76 Safari/537.36"
216.73.216.40 - - [21/Jul/2026:09:25:37 -0500] "GET / HTTP/1.1" 200 89714 "-" "Mozilla/5.0 AppleWebKit/537.36 (KHTML, like Gecko; compatible; ClaudeBot/1.0; +claudebot@anthropic.com)"
207.46.13.155 - - [21/Jul/2026:09:25:38 -0500] "GET /?detail/278471572 HTTP/1.1" 200 13 "-" "Mozilla/5.0 AppleWebKit/537.36 (KHTML, like Gecko; compatible; bingbot/2.0; +http://www.bing.com/bingbot.htm) Chrome/116.0.1938.76 Safari/537.36"
207.46.13.155 - - [21/Jul/2026:09:25:38 -0500] "GET /?detail/319894333 HTTP/1.1" 200 13 "-" "Mozilla/5.0 AppleWebKit/537.36 (KHTML, like Gecko; compatible; bingbot/2.0; +http://www.bing.com/bingbot.htm) Chrome/116.0.1938.76 Safari/537.36"
207.46.13.155 - - [21/Jul/2026:09:25:38 -0500] "GET /?detail/853930496 HTTP/1.1" 200 13 "-" "Mozilla/5.0 AppleWebKit/537.36 (KHTML, like Gecko; compatible; bingbot/2.0; +http://www.bing.com/bingbot.htm) Chrome/116.0.1938.76 Safari/537.36"
207.46.13.155 - - [21/Jul/2026:09:25:38 -0500] "GET /?detail/740313024 HTTP/1.1" 200 13 "-" "Mozilla/5.0 AppleWebKit/537.36 (KHTML, like Gecko; compatible; bingbot/2.0; +http://www.bing.com/bingbot.htm) Chrome/116.0.1938.76 Safari/537.36"
207.46.13.155 - - [21/Jul/2026:09:25:38 -0500] "GET /?detail/907547302 HTTP/1.1" 200 13 "-" "Mozilla/5.0 AppleWebKit/537.36 (KHTML, like Gecko; compatible; bingbot/2.0; +http://www.bing.com/bingbot.htm) Chrome/116.0.1938.76 Safari/537.36"
103.142.240.111 - - [21/Jul/2026:09:25:38 -0500] "GET /detail/656847391 HTTP/1.1" 200 89714 "-" "Mozilla/5.0 (Macintosh; Intel Mac OS X 11.1; rv:130.0) Gecko/20100101 Firefox/130.0"
52.167.144.18 - - [21/Jul/2026:09:25:42 -0500] "GET /?detail/532848473 HTTP/1.1" 200 13 "-" "Mozilla/5.0 AppleWebKit/537.36 (KHTML, like Gecko; compatible; bingbot/2.0; +http://www.bing.com/bingbot.htm) Chrome/116.0.1938.76 Safari/537.36"
89.136.88.168 - - [21/Jul/2026:09:25:42 -0500] "POST /xmlrpc.php HTTP/1.1" 403 89714 "-" "WordPress.com; https://wordpress.com"
207.46.13.155 - - [21/Jul/2026:09:25:43 -0500] "GET /?detail/898481506 HTTP/1.1" 200 13 "-" "Mozilla/5.0 AppleWebKit/537.36 (KHTML, like Gecko; compatible; bingbot/2.0; +http://www.bing.com/bingbot.htm) Chrome/116.0.1938.76 Safari/537.36"
207.46.13.155 - - [21/Jul/2026:09:25:43 -0500] "GET /?detail/538460290 HTTP/1.1" 200 13 "-" "Mozilla/5.0 AppleWebKit/537.36 (KHTML, like Gecko; compatible; bingbot/2.0; +http://www.bing.com/bingbot.htm) Chrome/116.0.1938.76 Safari/537.36"
207.46.13.155 - - [21/Jul/2026:09:25:44 -0500] "GET /?detail/632706076 HTTP/1.1" 200 13 "-" "Mozilla/5.0 AppleWebKit/537.36 (KHTML, like Gecko; compatible; bingbot/2.0; +http://www.bing.com/bingbot.htm) Chrome/116.0.1938.76 Safari/537.36"
207.46.13.155 - - [21/Jul/2026:09:25:44 -0500] "GET /?detail/840063617 HTTP/1.1" 200 13 "-" "Mozilla/5.0 AppleWebKit/537.36 (KHTML, like Gecko; compatible; bingbot/2.0; +http://www.bing.com/bingbot.htm) Chrome/116.0.1938.76 Safari/537.36"
114.119.153.186 - - [21/Jul/2026:09:25:46 -0500] "GET /detail/915279238 HTTP/1.1" 200 89714 "https://karenhowellthebaker.com/sitemap.xml" "Mozilla/5.0 (Linux; Android 7.0;) AppleWebKit/537.36 (HTML, like Gecko) Mobile Safari/537.36 (compatible; PetalBot;+https://webmaster.petalsearch.com/site/petalbot)"
52.167.144.158 - - [21/Jul/2026:09:25:48 -0500] "GET /?detail/614943319 HTTP/1.1" 200 13 "-" "Mozilla/5.0 AppleWebKit/537.36 (KHTML, like Gecko; compatible; bingbot/2.0; +http://www.bing.com/bingbot.htm) Chrome/116.0.1938.76 Safari/537.36"
52.167.144.158 - - [21/Jul/2026:09:25:48 -0500] "GET /?detail/345761886 HTTP/1.1" 200 13 "-" "Mozilla/5.0 AppleWebKit/537.36 (KHTML, like Gecko; compatible; bingbot/2.0; +http://www.bing.com/bingbot.htm) Chrome/116.0.1938.76 Safari/537.36"
52.167.144.158 - - [21/Jul/2026:09:25:48 -0500] "GET /?detail/406463875 HTTP/1.1" 200 13 "-" "Mozilla/5.0 AppleWebKit/537.36 (KHTML, like Gecko; compatible; bingbot/2.0; +http://www.bing.com/bingbot.htm) Chrome/116.0.1938.76 Safari/537.36"
52.167.144.158 - - [21/Jul/2026:09:25:49 -0500] "GET /?detail/880465805 HTTP/1.1" 200 13 "-" "Mozilla/5.0 AppleWebKit/537.36 (KHTML, like Gecko; compatible; bingbot/2.0; +http://www.bing.com/bingbot.htm) Chrome/116.0.1938.76 Safari/537.36"
52.167.144.169 - - [21/Jul/2026:09:25:52 -0500] "GET /detail/425053150 HTTP/1.1" 200 13 "-" "Mozilla/5.0 AppleWebKit/537.36 (KHTML, like Gecko; compatible; bingbot/2.0; +http://www.bing.com/bingbot.htm) Chrome/116.0.1938.76 Safari/537.36"
52.167.144.18 - - [21/Jul/2026:09:25:52 -0500] "GET /?detail/881368173 HTTP/1.1" 200 13 "-" "Mozilla/5.0 AppleWebKit/537.36 (KHTML, like Gecko; compatible; bingbot/2.0; +http://www.bing.com/bingbot.htm) Chrome/116.0.1938.76 Safari/537.36"
89.136.88.168 - - [21/Jul/2026:09:25:53 -0500] "POST /xmlrpc.php HTTP/1.1" 403 89714 "-" "Jetpack/12.0; WordPress/6.3; http://site67439812.com"
52.167.144.158 - - [21/Jul/2026:09:25:57 -0500] "GET /?detail/561175037 HTTP/1.1" 200 13 "-" "Mozilla/5.0 AppleWebKit/537.36 (KHTML, like Gecko; compatible; bingbot/2.0; +http://www.bing.com/bingbot.htm) Chrome/116.0.1938.76 Safari/537.36"
207.46.13.155 - - [21/Jul/2026:09:25:58 -0500] "GET /?detail/14453091 HTTP/1.1" 200 13 "-" "Mozilla/5.0 AppleWebKit/537.36 (KHTML, like Gecko; compatible; bingbot/2.0; +http://www.bing.com/bingbot.htm) Chrome/116.0.1938.76 Safari/537.36"
207.46.13.155 - - [21/Jul/2026:09:25:58 -0500] "GET /?detail/524917298 HTTP/1.1" 200 13 "-" "Mozilla/5.0 AppleWebKit/537.36 (KHTML, like Gecko; compatible; bingbot/2.0; +http://www.bing.com/bingbot.htm) Chrome/116.0.1938.76 Safari/537.36"
207.46.13.155 - - [21/Jul/2026:09:25:59 -0500] "GET /?detail/419964736 HTTP/1.1" 200 13 "-" "Mozilla/5.0 AppleWebKit/537.36 (KHTML, like Gecko; compatible; bingbot/2.0; +http://www.bing.com/bingbot.htm) Chrome/116.0.1938.76 Safari/537.36"
207.46.13.155 - - [21/Jul/2026:09:25:59 -0500] "GET /?detail/886780917 HTTP/1.1" 200 13 "-" "Mozilla/5.0 AppleWebKit/537.36 (KHTML, like Gecko; compatible; bingbot/2.0; +http://www.bing.com/bingbot.htm) Chrome/116.0.1938.76 Safari/537.36"
207.46.13.155 - - [21/Jul/2026:09:25:59 -0500] "GET /?detail/343575428 HTTP/1.1" 200 13 "-" "Mozilla/5.0 AppleWebKit/537.36 (KHTML, like Gecko; compatible; bingbot/2.0; +http://www.bing.com/bingbot.htm) Chrome/116.0.1938.76 Safari/537.36"
57.141.0.10 - - [21/Jul/2026:09:26:02 -0500] "GET /detail/597625609?fileloc=/home/allsupport/public_html/wp-slgnup.gz&path=/home/allsupport/public_html HTTP/1.1" 200 12565 "-" "Mozilla/5.0 (Windows NT 10.0; Win64; x64) AppleWebKit/537.36 (KHTML, like Gecko) Chrome/145.0.0.0 Safari/537.36 (compatible; meta-externalagent/1.1 (+https://developers.facebook.com/docs/sharing/webmasters/crawler))"
52.167.144.18 - - [21/Jul/2026:09:26:02 -0500] "GET /?detail/351169587 HTTP/1.1" 200 13 "-" "Mozilla/5.0 AppleWebKit/537.36 (KHTML, like Gecko; compatible; bingbot/2.0; +http://www.bing.com/bingbot.htm) Chrome/116.0.1938.76 Safari/537.36"
52.167.144.18 - - [21/Jul/2026:09:26:03 -0500] "GET /?detail/616657626 HTTP/1.1" 200 13 "-" "Mozilla/5.0 AppleWebKit/537.36 (KHTML, like Gecko; compatible; bingbot/2.0; +http://www.bing.com/bingbot.htm) Chrome/116.0.1938.76 Safari/537.36"
89.136.88.168 - - [21/Jul/2026:09:26:03 -0500] "POST /xmlrpc.php HTTP/1.1" 403 89715 "-" "WordPress.com; https://wordpress.com"
40.77.167.25 - - [21/Jul/2026:09:26:07 -0500] "GET /detail/230662565 HTTP/1.1" 200 13 "-" "Mozilla/5.0 AppleWebKit/537.36 (KHTML, like Gecko; compatible; bingbot/2.0; +http://www.bing.com/bingbot.htm) Chrome/116.0.1938.76 Safari/537.36"
52.167.144.158 - - [21/Jul/2026:09:26:07 -0500] "GET /?detail/407320701 HTTP/1.1" 200 13 "-" "Mozilla/5.0 AppleWebKit/537.36 (KHTML, like Gecko; compatible; bingbot/2.0; +http://www.bing.com/bingbot.htm) Chrome/116.0.1938.76 Safari/537.36"
52.167.144.158 - - [21/Jul/2026:09:26:07 -0500] "GET /?detail/412520334 HTTP/1.1" 200 13 "-" "Mozilla/5.0 AppleWebKit/537.36 (KHTML, like Gecko; compatible; bingbot/2.0; +http://www.bing.com/bingbot.htm) Chrome/116.0.1938.76 Safari/537.36"
52.167.144.158 - - [21/Jul/2026:09:26:08 -0500] "GET /?detail/455442840 HTTP/1.1" 200 13 "-" "Mozilla/5.0 AppleWebKit/537.36 (KHTML, like Gecko; compatible; bingbot/2.0; +http://www.bing.com/bingbot.htm) Chrome/116.0.1938.76 Safari/537.36"
52.167.144.158 - - [21/Jul/2026:09:26:08 -0500] "GET /?detail/719520681 HTTP/1.1" 200 13 "-" "Mozilla/5.0 AppleWebKit/537.36 (KHTML, like Gecko; compatible; bingbot/2.0; +http://www.bing.com/bingbot.htm) Chrome/116.0.1938.76 Safari/537.36"
52.167.144.158 - - [21/Jul/2026:09:26:08 -0500] "GET /?detail/172714292 HTTP/1.1" 200 13 "-" "Mozilla/5.0 AppleWebKit/537.36 (KHTML, like Gecko; compatible; bingbot/2.0; +http://www.bing.com/bingbot.htm) Chrome/116.0.1938.76 Safari/537.36"
57.141.0.4 - - [21/Jul/2026:09:26:08 -0500] "GET /detail/804992779?path=/home/allsupport/public_html/about-us HTTP/1.1" 200 14544 "-" "Mozilla/5.0 (Windows NT 10.0; Win64; x64) AppleWebKit/537.36 (KHTML, like Gecko) Chrome/145.0.0.0 Safari/537.36 (compatible; meta-externalagent/1.1 (+https://developers.facebook.com/docs/sharing/webmasters/crawler))"
52.167.144.18 - - [21/Jul/2026:09:26:13 -0500] "GET /?detail/419824516 HTTP/1.1" 200 13 "-" "Mozilla/5.0 AppleWebKit/537.36 (KHTML, like Gecko; compatible; bingbot/2.0; +http://www.bing.com/bingbot.htm) Chrome/116.0.1938.76 Safari/537.36"
89.136.88.168 - - [21/Jul/2026:09:26:14 -0500] "POST /xmlrpc.php HTTP/1.1" 403 89715 "-" "Jetpack by WordPress.com (Jetpack 13.0; WordPress 6.2)"
207.46.13.155 - - [21/Jul/2026:09:26:18 -0500] "GET /?detail/467508545 HTTP/1.1" 200 13 "-" "Mozilla/5.0 AppleWebKit/537.36 (KHTML, like Gecko; compatible; bingbot/2.0; +http://www.bing.com/bingbot.htm) Chrome/116.0.1938.76 Safari/537.36"
207.46.13.155 - - [21/Jul/2026:09:26:18 -0500] "GET /?detail/969040783 HTTP/1.1" 200 13 "-" "Mozilla/5.0 AppleWebKit/537.36 (KHTML, like Gecko; compatible; bingbot/2.0; +http://www.bing.com/bingbot.htm) Chrome/116.0.1938.76 Safari/537.36"
207.46.13.155 - - [21/Jul/2026:09:26:19 -0500] "GET /?detail/624587064 HTTP/1.1" 200 13 "-" "Mozilla/5.0 AppleWebKit/537.36 (KHTML, like Gecko; compatible; bingbot/2.0; +http://www.bing.com/bingbot.htm) Chrome/116.0.1938.76 Safari/537.36"
5.164.252.15 - - [21/Jul/2026:09:26:20 -0500] "GET /detail/66093382 HTTP/1.1" 200 89715 "-" "Mozilla/5.0 (Macintosh; Intel Mac OS X 15.2; rv:133.0) Gecko/20100101 Firefox/133.0"
57.141.0.30 - - [21/Jul/2026:09:26:22 -0500] "GET /detail/229176565?path=//sbin HTTP/1.1" 200 929562 "-" "Mozilla/5.0 (Windows NT 10.0; Win64; x64) AppleWebKit/537.36 (KHTML, like Gecko) Chrome/145.0.0.0 Safari/537.36 (compatible; meta-externalagent/1.1 (+https://developers.facebook.com/docs/sharing/webmasters/crawler))"
207.46.13.155 - - [21/Jul/2026:09:26:22 -0500] "GET /?detail/462824654 HTTP/1.1" 200 13 "-" "Mozilla/5.0 AppleWebKit/537.36 (KHTML, like Gecko; compatible; bingbot/2.0; +http://www.bing.com/bingbot.htm) Chrome/116.0.1938.76 Safari/537.36"
207.46.13.155 - - [21/Jul/2026:09:26:22 -0500] "GET /?detail/78040931 HTTP/1.1" 200 13 "-" "Mozilla/5.0 AppleWebKit/537.36 (KHTML, like Gecko; compatible; bingbot/2.0; +http://www.bing.com/bingbot.htm) Chrome/116.0.1938.76 Safari/537.36"
52.167.144.18 - - [21/Jul/2026:09:26:23 -0500] "GET /?detail/637848424 HTTP/1.1" 200 13 "-" "Mozilla/5.0 AppleWebKit/537.36 (KHTML, like Gecko; compatible; bingbot/2.0; +http://www.bing.com/bingbot.htm) Chrome/116.0.1938.76 Safari/537.36"
157.55.39.16 - - [21/Jul/2026:09:26:23 -0500] "GET /detail/727391547 HTTP/1.1" 200 13 "-" "Mozilla/5.0 AppleWebKit/537.36 (KHTML, like Gecko; compatible; bingbot/2.0; +http://www.bing.com/bingbot.htm) Chrome/116.0.1938.76 Safari/537.36"
52.167.144.18 - - [21/Jul/2026:09:26:23 -0500] "GET /?detail/963153842 HTTP/1.1" 200 13 "-" "Mozilla/5.0 AppleWebKit/537.36 (KHTML, like Gecko; compatible; bingbot/2.0; +http://www.bing.com/bingbot.htm) Chrome/116.0.1938.76 Safari/537.36"
57.141.0.16 - - [21/Jul/2026:09:26:23 -0500] "GET /detail/393066824?path=/home/allsupport/.cpanel HTTP/1.1" 200 24433 "-" "Mozilla/5.0 (Windows NT 10.0; Win64; x64) AppleWebKit/537.36 (KHTML, like Gecko) Chrome/145.0.0.0 Safari/537.36 (compatible; meta-externalagent/1.1 (+https://developers.facebook.com/docs/sharing/webmasters/crawler))"
57.141.0.12 - - [21/Jul/2026:09:26:24 -0500] "GET /detail/804565200?fileloc=/home/allsupport/public_html/wp-includes/sitemaps.php&path=/home/allsupport/public_html/wp-includes HTTP/1.1" 200 15935 "-" "Mozilla/5.0 (X11; Linux x86_64) AppleWebKit/537.36 (KHTML, like Gecko) Chrome/145.0.0.0 Safari/537.36 (compatible; meta-externalagent/1.1 (+https://developers.facebook.com/docs/sharing/webmasters/crawler))"
89.136.88.168 - - [21/Jul/2026:09:26:25 -0500] "POST /xmlrpc.php HTTP/1.1" 403 89715 "-" "WordPress.com; https://wordpress.com"
57.141.0.69 - - [21/Jul/2026:09:26:27 -0500] "GET /detail/804565200?fileloc=/home/allsupport/public_html/wp-includes/class.wp-styles.php&path=/home/allsupport/public_html/wp-includes HTTP/1.1" 200 12998 "-" "Mozilla/5.0 (Macintosh; Intel Mac OS X 10_15_7) AppleWebKit/537.36 (KHTML, like Gecko) Chrome/145.0.0.0 Safari/537.36 (compatible; meta-externalagent/1.1 (+https://developers.facebook.com/docs/sharing/webmasters/crawler))"
52.167.144.158 - - [21/Jul/2026:09:26:28 -0500] "GET /?detail/927996022 HTTP/1.1" 200 13 "-" "Mozilla/5.0 AppleWebKit/537.36 (KHTML, like Gecko; compatible; bingbot/2.0; +http://www.bing.com/bingbot.htm) Chrome/116.0.1938.76 Safari/537.36"
52.167.144.158 - - [21/Jul/2026:09:26:28 -0500] "GET /?detail/754405397 HTTP/1.1" 200 13 "-" "Mozilla/5.0 AppleWebKit/537.36 (KHTML, like Gecko; compatible; bingbot/2.0; +http://www.bing.com/bingbot.htm) Chrome/116.0.1938.76 Safari/537.36"
52.167.144.158 - - [21/Jul/2026:09:26:28 -0500] "GET /?detail/623882938 HTTP/1.1" 200 13 "-" "Mozilla/5.0 AppleWebKit/537.36 (KHTML, like Gecko; compatible; bingbot/2.0; +http://www.bing.com/bingbot.htm) Chrome/116.0.1938.76 Safari/537.36"
52.167.144.158 - - [21/Jul/2026:09:26:28 -0500] "GET /detail/383320235 HTTP/1.1" 200 13 "-" "Mozilla/5.0 AppleWebKit/537.36 (KHTML, like Gecko; compatible; bingbot/2.0; +http://www.bing.com/bingbot.htm) Chrome/116.0.1938.76 Safari/537.36"
52.167.144.158 - - [21/Jul/2026:09:26:29 -0500] "GET /?detail/793382854 HTTP/1.1" 200 13 "-" "Mozilla/5.0 AppleWebKit/537.36 (KHTML, like Gecko; compatible; bingbot/2.0; +http://www.bing.com/bingbot.htm) Chrome/116.0.1938.76 Safari/537.36"
52.167.144.158 - - [21/Jul/2026:09:26:29 -0500] "GET /?detail/574770060 HTTP/1.1" 200 13 "-" "Mozilla/5.0 AppleWebKit/537.36 (KHTML, like Gecko; compatible; bingbot/2.0; +http://www.bing.com/bingbot.htm) Chrome/116.0.1938.76 Safari/537.36"
52.167.144.18 - - [21/Jul/2026:09:26:34 -0500] "GET /?detail/978923000 HTTP/1.1" 200 13 "-" "Mozilla/5.0 AppleWebKit/537.36 (KHTML, like Gecko; compatible; bingbot/2.0; +http://www.bing.com/bingbot.htm) Chrome/116.0.1938.76 Safari/537.36"
52.167.144.18 - - [21/Jul/2026:09:26:34 -0500] "GET /?detail/31750902 HTTP/1.1" 200 13 "-" "Mozilla/5.0 AppleWebKit/537.36 (KHTML, like Gecko; compatible; bingbot/2.0; +http://www.bing.com/bingbot.htm) Chrome/116.0.1938.76 Safari/537.36"
52.167.144.18 - - [21/Jul/2026:09:26:35 -0500] "GET /?detail/901176901 HTTP/1.1" 200 13 "-" "Mozilla/5.0 AppleWebKit/537.36 (KHTML, like Gecko; compatible; bingbot/2.0; +http://www.bing.com/bingbot.htm) Chrome/116.0.1938.76 Safari/537.36"
89.136.88.168 - - [21/Jul/2026:09:26:35 -0500] "POST /xmlrpc.php HTTP/1.1" 403 89715 "-" "Jetpack by WordPress.com (Jetpack 13.0; WordPress 6.1)"
57.141.0.69 - - [21/Jul/2026:09:26:37 -0500] "GET /detail/46133696?fileloc=/home/allsupport/public_html/buy.php&path=/home/allsupport/public_html HTTP/1.1" 200 14178 "-" "Mozilla/5.0 (Macintosh; Intel Mac OS X 10_15_7) AppleWebKit/537.36 (KHTML, like Gecko) Chrome/145.0.0.0 Safari/537.36 (compatible; meta-externalagent/1.1 (+https://developers.facebook.com/docs/sharing/webmasters/crawler))"
52.167.144.158 - - [21/Jul/2026:09:26:39 -0500] "GET /?detail/271277876 HTTP/1.1" 200 13 "-" "Mozilla/5.0 AppleWebKit/537.36 (KHTML, like Gecko; compatible; bingbot/2.0; +http://www.bing.com/bingbot.htm) Chrome/116.0.1938.76 Safari/537.36"
52.167.144.158 - - [21/Jul/2026:09:26:39 -0500] "GET /?detail/475747924 HTTP/1.1" 200 13 "-" "Mozilla/5.0 AppleWebKit/537.36 (KHTML, like Gecko; compatible; bingbot/2.0; +http://www.bing.com/bingbot.htm) Chrome/116.0.1938.76 Safari/537.36"
57.141.0.6 - - [21/Jul/2026:09:26:39 -0500] "GET /detail/324035461 HTTP/1.1" 200 89715 "-" "Mozilla/5.0 (Windows NT 10.0; Win64; x64) AppleWebKit/537.36 (KHTML, like Gecko) Chrome/145.0.0.0 Safari/537.36 (compatible; meta-externalagent/1.1 (+https://developers.facebook.com/docs/sharing/webmasters/crawler))"
57.141.0.42 - - [21/Jul/2026:09:26:40 -0500] "GET /detail/317540883?fileloc=/home/allsupport/public_html/wp-admin/menu.php&path=/home/allsupport/public_html/wp-admin HTTP/1.1" 200 31320 "-" "Mozilla/5.0 (Macintosh; Intel Mac OS X 10_15_7) AppleWebKit/537.36 (KHTML, like Gecko) Chrome/145.0.0.0 Safari/537.36 (compatible; meta-externalagent/1.1 (+https://developers.facebook.com/docs/sharing/webmasters/crawler))"
57.141.0.8 - - [21/Jul/2026:09:26:42 -0500] "GET /detail/738955137?fileloc=/home/allsupport/public_html/wp-mail.php&path=/home/allsupport/public_html HTTP/1.1" 200 21576 "-" "Mozilla/5.0 (Windows NT 10.0; Win64; x64) AppleWebKit/537.36 (KHTML, like Gecko) Chrome/145.0.0.0 Safari/537.36 (compatible; meta-externalagent/1.1 (+https://developers.facebook.com/docs/sharing/webmasters/crawler))"
57.141.0.8 - - [21/Jul/2026:09:26:44 -0500] "GET /detail/393066824?fileloc=/home/allsupport/.cpanel/Cpanel_SSL_DCV_DNS_Mutex&path=/home/allsupport/.cpanel HTTP/1.1" 200 12565 "-" "Mozilla/5.0 (Windows NT 10.0; Win64; x64) AppleWebKit/537.36 (KHTML, like Gecko) Chrome/145.0.0.0 Safari/537.36 (compatible; meta-externalagent/1.1 (+https://developers.facebook.com/docs/sharing/webmasters/crawler))"
89.136.88.168 - - [21/Jul/2026:09:26:46 -0500] "POST /xmlrpc.php HTTP/1.1" 403 89715 "-" "WordPress.com; https://wordpress.com"
57.141.0.27 - - [21/Jul/2026:09:26:46 -0500] "GET /detail/442052651 HTTP/1.1" 200 89715 "-" "Mozilla/5.0 (Windows NT 10.0; Win64; x64) AppleWebKit/537.36 (KHTML, like Gecko) Chrome/145.0.0.0 Safari/537.36 (compatible; meta-externalagent/1.1 (+https://developers.facebook.com/docs/sharing/webmasters/crawler))"
207.46.13.155 - - [21/Jul/2026:09:26:47 -0500] "GET /?detail/666150261 HTTP/1.1" 200 13 "-" "Mozilla/5.0 AppleWebKit/537.36 (KHTML, like Gecko; compatible; bingbot/2.0; +http://www.bing.com/bingbot.htm) Chrome/116.0.1938.76 Safari/537.36"
207.46.13.155 - - [21/Jul/2026:09:26:47 -0500] "GET /?detail/633050231 HTTP/1.1" 200 13 "-" "Mozilla/5.0 AppleWebKit/537.36 (KHTML, like Gecko; compatible; bingbot/2.0; +http://www.bing.com/bingbot.htm) Chrome/116.0.1938.76 Safari/537.36"
207.46.13.155 - - [21/Jul/2026:09:26:47 -0500] "GET /?detail/15798064 HTTP/1.1" 200 13 "-" "Mozilla/5.0 AppleWebKit/537.36 (KHTML, like Gecko; compatible; bingbot/2.0; +http://www.bing.com/bingbot.htm) Chrome/116.0.1938.76 Safari/537.36"
57.141.0.45 - - [21/Jul/2026:09:26:50 -0500] "GET /detail/705610931?path=//lib64/perl5 HTTP/1.1" 200 76275 "-" "Mozilla/5.0 (Macintosh; Intel Mac OS X 10_15_7) AppleWebKit/537.36 (KHTML, like Gecko) Chrome/145.0.0.0 Safari/537.36 (compatible; meta-externalagent/1.1 (+https://developers.facebook.com/docs/sharing/webmasters/crawler))"
57.141.0.15 - - [21/Jul/2026:09:26:51 -0500] "GET /detail/393066824?path=/home/allsupport/.cpanel/ea-php-cli HTTP/1.1" 200 14422 "-" "Mozilla/5.0 (Windows NT 10.0; Win64; x64) AppleWebKit/537.36 (KHTML, like Gecko) Chrome/145.0.0.0 Safari/537.36 (compatible; meta-externalagent/1.1 (+https://developers.facebook.com/docs/sharing/webmasters/crawler))"
170.231.180.143 - - [21/Jul/2026:09:26:53 -0500] "GET /detail/66712771 HTTP/1.1" 200 89715 "-" "Mozilla/5.0 (Macintosh; Intel Mac OS X 12.2; rv:125.0) Gecko/20100101 Firefox/125.0"
89.136.88.168 - - [21/Jul/2026:09:26:57 -0500] "POST /xmlrpc.php HTTP/1.1" 403 89715 "-" "Jetpack by WordPress.com (Jetpack 12.1; WordPress 6.3)"
57.141.0.24 - - [21/Jul/2026:09:26:57 -0500] "GET /detail/70063049?fileloc=/home/allsupport/public_html/google39c986b9aecf7d5b.html&path=/home/allsupport/public_html HTTP/1.1" 200 12633 "-" "Mozilla/5.0 (Macintosh; Intel Mac OS X 10_15_7) AppleWebKit/537.36 (KHTML, like Gecko) Chrome/145.0.0.0 Safari/537.36 (compatible; meta-externalagent/1.1 (+https://developers.facebook.com/docs/sharing/webmasters/crawler))"
57.141.0.50 - - [21/Jul/2026:09:27:04 -0500] "GET /detail/79660783?fileloc=/home/allsupport/public_html/robots.txt&path=/home/allsupport/public_html HTTP/1.1" 200 277 "-" "Mozilla/5.0 (Macintosh; Intel Mac OS X 10_15_7) AppleWebKit/537.36 (KHTML, like Gecko) Chrome/145.0.0.0 Safari/537.36 (compatible; meta-externalagent/1.1 (+https://developers.facebook.com/docs/sharing/webmasters/crawler))"
52.167.144.158 - - [21/Jul/2026:09:27:07 -0500] "GET /?detail/440527429 HTTP/1.1" 200 13 "-" "Mozilla/5.0 AppleWebKit/537.36 (KHTML, like Gecko; compatible; bingbot/2.0; +http://www.bing.com/bingbot.htm) Chrome/116.0.1938.76 Safari/537.36"
57.141.0.61 - - [21/Jul/2026:09:27:08 -0500] "GET /detail/209049755 HTTP/1.1" 200 89715 "-" "Mozilla/5.0 (Macintosh; Intel Mac OS X 10_15_7) AppleWebKit/537.36 (KHTML, like Gecko) Chrome/145.0.0.0 Safari/537.36 (compatible; meta-externalagent/1.1 (+https://developers.facebook.com/docs/sharing/webmasters/crawler))"
52.167.144.158 - - [21/Jul/2026:09:27:08 -0500] "GET /?detail/845327395 HTTP/1.1" 200 13 "-" "Mozilla/5.0 AppleWebKit/537.36 (KHTML, like Gecko; compatible; bingbot/2.0; +http://www.bing.com/bingbot.htm) Chrome/116.0.1938.76 Safari/537.36"
52.167.144.158 - - [21/Jul/2026:09:27:08 -0500] "GET /?detail/856145298 HTTP/1.1" 200 13 "-" "Mozilla/5.0 AppleWebKit/537.36 (KHTML, like Gecko; compatible; bingbot/2.0; +http://www.bing.com/bingbot.htm) Chrome/116.0.1938.76 Safari/537.36"
114.119.153.186 - - [21/Jul/2026:09:27:09 -0500] "GET /detail/85246214?fileloc=/home/allsupport/public_html/wp-config-sample.php&path=/home/allsupport/public_html HTTP/1.1" 200 15935 "https://karenhowellthebaker.com/detail/85246214" "Mozilla/5.0 (Linux; Android 7.0;) AppleWebKit/537.36 (HTML, like Gecko) Mobile Safari/537.36 (compatible; PetalBot;+https://webmaster.petalsearch.com/site/petalbot)"
52.167.144.158 - - [21/Jul/2026:09:27:09 -0500] "GET /?detail/927822893 HTTP/1.1" 200 13 "-" "Mozilla/5.0 AppleWebKit/537.36 (KHTML, like Gecko; compatible; bingbot/2.0; +http://www.bing.com/bingbot.htm) Chrome/116.0.1938.76 Safari/537.36"
57.141.0.27 - - [21/Jul/2026:09:27:10 -0500] "GET /detail/84127313 HTTP/1.1" 200 89715 "-" "Mozilla/5.0 (X11; Linux x86_64) AppleWebKit/537.36 (KHTML, like Gecko) Chrome/145.0.0.0 Safari/537.36 (compatible; meta-externalagent/1.1 (+https://developers.facebook.com/docs/sharing/webmasters/crawler))"
57.141.0.52 - - [21/Jul/2026:09:27:10 -0500] "GET /detail/597625609?fileloc=/home/allsupport/public_html/wp-includes/class-wp-taxonomy.php&path=/home/allsupport/public_html/wp-includes HTTP/1.1" 200 31679 "-" "Mozilla/5.0 (Windows NT 10.0; Win64; x64) AppleWebKit/537.36 (KHTML, like Gecko) Chrome/145.0.0.0 Safari/537.36 (compatible; meta-externalagent/1.1 (+https://developers.facebook.com/docs/sharing/webmasters/crawler))"
57.141.0.40 - - [21/Jul/2026:09:27:10 -0500] "GET /detail/460607089?fileloc=/home/allsupport/public_html/.htaccess&path=/home/allsupport/public_html HTTP/1.1" 200 13754 "-" "Mozilla/5.0 (Windows NT 10.0; Win64; x64) AppleWebKit/537.36 (KHTML, like Gecko) Chrome/145.0.0.0 Safari/537.36 (compatible; meta-externalagent/1.1 (+https://developers.facebook.com/docs/sharing/webmasters/crawler))"
57.141.0.67 - - [21/Jul/2026:09:27:10 -0500] "GET /detail/597625609?fileloc=/home/allsupport/public_html/wp-includes/class-wp-block-styles-registry.php&path=/home/allsupport/public_html/wp-includes HTTP/1.1" 200 19158 "-" "Mozilla/5.0 (Macintosh; Intel Mac OS X 10_15_7) AppleWebKit/537.36 (KHTML, like Gecko) Chrome/145.0.0.0 Safari/537.36 (compatible; meta-externalagent/1.1 (+https://developers.facebook.com/docs/sharing/webmasters/crawler))"
57.141.0.34 - - [21/Jul/2026:09:27:10 -0500] "GET /detail/597625609?fileloc=/home/allsupport/public_html/wp-includes/option.php&path=/home/allsupport/public_html/wp-includes HTTP/1.1" 200 119456 "-" "Mozilla/5.0 (Windows NT 10.0; Win64; x64) AppleWebKit/537.36 (KHTML, like Gecko) Chrome/145.0.0.0 Safari/537.36 (compatible; meta-externalagent/1.1 (+https://developers.facebook.com/docs/sharing/webmasters/crawler))"
89.136.88.168 - - [21/Jul/2026:09:27:07 -0500] "POST /xmlrpc.php HTTP/1.1" 403 89715 "-" "Jetpack by WordPress.com (Jetpack 12.1; WordPress 6.4)"
52.167.144.18 - - [21/Jul/2026:09:27:13 -0500] "GET /?detail/360383756 HTTP/1.1" 200 13 "-" "Mozilla/5.0 AppleWebKit/537.36 (KHTML, like Gecko; compatible; bingbot/2.0; +http://www.bing.com/bingbot.htm) Chrome/116.0.1938.76 Safari/537.36"
52.167.144.18 - - [21/Jul/2026:09:27:13 -0500] "GET /detail/203271678 HTTP/1.1" 200 13 "-" "Mozilla/5.0 AppleWebKit/537.36 (KHTML, like Gecko; compatible; bingbot/2.0; +http://www.bing.com/bingbot.htm) Chrome/116.0.1938.76 Safari/537.36"
52.167.144.18 - - [21/Jul/2026:09:27:14 -0500] "GET /?detail/169899501 HTTP/1.1" 200 13 "-" "Mozilla/5.0 AppleWebKit/537.36 (KHTML, like Gecko; compatible; bingbot/2.0; +http://www.bing.com/bingbot.htm) Chrome/116.0.1938.76 Safari/537.36"
52.167.144.18 - - [21/Jul/2026:09:27:14 -0500] "GET /?detail/271582180 HTTP/1.1" 200 13 "-" "Mozilla/5.0 AppleWebKit/537.36 (KHTML, like Gecko; compatible; bingbot/2.0; +http://www.bing.com/bingbot.htm) Chrome/116.0.1938.76 Safari/537.36"
86.244.200.103 - - [21/Jul/2026:09:27:16 -0500] "GET /detail/673401645 HTTP/1.1" 200 89715 "-" "Mozilla/5.0 (Macintosh; Intel Mac OS X 14.6; rv:127.0) Gecko/20100101 Firefox/127.0"
89.136.88.168 - - [21/Jul/2026:09:27:18 -0500] "POST /xmlrpc.php HTTP/1.1" 403 89715 "-" "Jetpack by WordPress.com"
52.167.144.18 - - [21/Jul/2026:09:27:22 -0500] "GET /?detail/749516807 HTTP/1.1" 200 13 "-" "Mozilla/5.0 AppleWebKit/537.36 (KHTML, like Gecko; compatible; bingbot/2.0; +http://www.bing.com/bingbot.htm) Chrome/116.0.1938.76 Safari/537.36"
52.167.144.18 - - [21/Jul/2026:09:27:22 -0500] "GET /?detail/602291078 HTTP/1.1" 200 13 "-" "Mozilla/5.0 AppleWebKit/537.36 (KHTML, like Gecko; compatible; bingbot/2.0; +http://www.bing.com/bingbot.htm) Chrome/116.0.1938.76 Safari/537.36"
57.141.0.30 - - [21/Jul/2026:09:27:25 -0500] "GET /detail/474922439?fileloc=/home/allsupport/public_html/wp-comments-post.php&path=/home/allsupport/public_html HTTP/1.1" 200 14967 "-" "Mozilla/5.0 (Windows NT 10.0; Win64; x64) AppleWebKit/537.36 (KHTML, like Gecko) Chrome/145.0.0.0 Safari/537.36 (compatible; meta-externalagent/1.1 (+https://developers.facebook.com/docs/sharing/webmasters/crawler))"
57.141.0.53 - - [21/Jul/2026:09:27:27 -0500] "GET /detail/141598202?fileloc=//lib64/libformw.so&path=//lib64 HTTP/1.1" 200 12437 "-" "Mozilla/5.0 (Windows NT 10.0; Win64; x64) AppleWebKit/537.36 (KHTML, like Gecko) Chrome/145.0.0.0 Safari/537.36 (compatible; meta-externalagent/1.1 (+https://developers.facebook.com/docs/sharing/webmasters/crawler))"
207.46.13.155 - - [21/Jul/2026:09:27:27 -0500] "GET /?detail/829597940 HTTP/1.1" 200 13 "-" "Mozilla/5.0 AppleWebKit/537.36 (KHTML, like Gecko; compatible; bingbot/2.0; +http://www.bing.com/bingbot.htm) Chrome/116.0.1938.76 Safari/537.36"
207.46.13.155 - - [21/Jul/2026:09:27:27 -0500] "GET /?detail/290528432 HTTP/1.1" 200 13 "-" "Mozilla/5.0 AppleWebKit/537.36 (KHTML, like Gecko; compatible; bingbot/2.0; +http://www.bing.com/bingbot.htm) Chrome/116.0.1938.76 Safari/537.36"
207.46.13.155 - - [21/Jul/2026:09:27:28 -0500] "GET /?detail/643152397 HTTP/1.1" 200 13 "-" "Mozilla/5.0 AppleWebKit/537.36 (KHTML, like Gecko; compatible; bingbot/2.0; +http://www.bing.com/bingbot.htm) Chrome/116.0.1938.76 Safari/537.36"
207.46.13.155 - - [21/Jul/2026:09:27:28 -0500] "GET /detail/132165446 HTTP/1.1" 200 13 "-" "Mozilla/5.0 AppleWebKit/537.36 (KHTML, like Gecko; compatible; bingbot/2.0; +http://www.bing.com/bingbot.htm) Chrome/116.0.1938.76 Safari/537.36"
57.141.0.60 - - [21/Jul/2026:09:27:28 -0500] "GET /detail/239725208?fileloc=/home/allsupport/public_html/atmsd.php&path=/home/allsupport/public_html HTTP/1.1" 200 43144 "-" "Mozilla/5.0 (Macintosh; Intel Mac OS X 10_15_7) AppleWebKit/537.36 (KHTML, like Gecko) Chrome/145.0.0.0 Safari/537.36 (compatible; meta-externalagent/1.1 (+https://developers.facebook.com/docs/sharing/webmasters/crawler))"
207.46.13.155 - - [21/Jul/2026:09:27:28 -0500] "GET /?detail/78027732 HTTP/1.1" 200 13 "-" "Mozilla/5.0 AppleWebKit/537.36 (KHTML, like Gecko; compatible; bingbot/2.0; +http://www.bing.com/bingbot.htm) Chrome/116.0.1938.76 Safari/537.36"
89.136.88.168 - - [21/Jul/2026:09:27:28 -0500] "POST /xmlrpc.php HTTP/1.1" 403 89715 "-" "WordPress.com; https://wordpress.com"
52.167.144.158 - - [21/Jul/2026:09:27:31 -0500] "GET /?detail/974237815 HTTP/1.1" 200 13 "-" "Mozilla/5.0 AppleWebKit/537.36 (KHTML, like Gecko; compatible; bingbot/2.0; +http://www.bing.com/bingbot.htm) Chrome/116.0.1938.76 Safari/537.36"
52.167.144.18 - - [21/Jul/2026:09:27:31 -0500] "GET /?detail/247657307 HTTP/1.1" 200 13 "-" "Mozilla/5.0 AppleWebKit/537.36 (KHTML, like Gecko; compatible; bingbot/2.0; +http://www.bing.com/bingbot.htm) Chrome/116.0.1938.76 Safari/537.36"
52.167.144.158 - - [21/Jul/2026:09:27:31 -0500] "GET /?detail/590452464 HTTP/1.1" 200 13 "-" "Mozilla/5.0 AppleWebKit/537.36 (KHTML, like Gecko; compatible; bingbot/2.0; +http://www.bing.com/bingbot.htm) Chrome/116.0.1938.76 Safari/537.36"
52.167.144.158 - - [21/Jul/2026:09:27:32 -0500] "GET /?detail/341091912 HTTP/1.1" 200 13 "-" "Mozilla/5.0 AppleWebKit/537.36 (KHTML, like Gecko; compatible; bingbot/2.0; +http://www.bing.com/bingbot.htm) Chrome/116.0.1938.76 Safari/537.36"
52.167.144.158 - - [21/Jul/2026:09:27:32 -0500] "GET /?detail/619602132 HTTP/1.1" 200 13 "-" "Mozilla/5.0 AppleWebKit/537.36 (KHTML, like Gecko; compatible; bingbot/2.0; +http://www.bing.com/bingbot.htm) Chrome/116.0.1938.76 Safari/537.36"
52.167.144.158 - - [21/Jul/2026:09:27:32 -0500] "GET /?detail/731160586 HTTP/1.1" 200 13 "-" "Mozilla/5.0 AppleWebKit/537.36 (KHTML, like Gecko; compatible; bingbot/2.0; +http://www.bing.com/bingbot.htm) Chrome/116.0.1938.76 Safari/537.36"
52.167.144.158 - - [21/Jul/2026:09:27:36 -0500] "GET /?detail/516365844 HTTP/1.1" 200 13 "-" "Mozilla/5.0 AppleWebKit/537.36 (KHTML, like Gecko; compatible; bingbot/2.0; +http://www.bing.com/bingbot.htm) Chrome/116.0.1938.76 Safari/537.36"
52.167.144.158 - - [21/Jul/2026:09:27:36 -0500] "GET /?detail/619781871 HTTP/1.1" 200 13 "-" "Mozilla/5.0 AppleWebKit/537.36 (KHTML, like Gecko; compatible; bingbot/2.0; +http://www.bing.com/bingbot.htm) Chrome/116.0.1938.76 Safari/537.36"
52.167.144.158 - - [21/Jul/2026:09:27:37 -0500] "GET /?detail/813075850 HTTP/1.1" 200 13 "-" "Mozilla/5.0 AppleWebKit/537.36 (KHTML, like Gecko; compatible; bingbot/2.0; +http://www.bing.com/bingbot.htm) Chrome/116.0.1938.76 Safari/537.36"
52.167.144.158 - - [21/Jul/2026:09:27:37 -0500] "GET /?detail/504039855 HTTP/1.1" 200 13 "-" "Mozilla/5.0 AppleWebKit/537.36 (KHTML, like Gecko; compatible; bingbot/2.0; +http://www.bing.com/bingbot.htm) Chrome/116.0.1938.76 Safari/537.36"
52.167.144.158 - - [21/Jul/2026:09:27:37 -0500] "GET /?detail/514800906 HTTP/1.1" 200 13 "-" "Mozilla/5.0 AppleWebKit/537.36 (KHTML, like Gecko; compatible; bingbot/2.0; +http://www.bing.com/bingbot.htm) Chrome/116.0.1938.76 Safari/537.36"
66.249.68.38 - - [21/Jul/2026:09:27:41 -0500] "GET /detail/834437323 HTTP/1.1" 200 62134 "-" "Mozilla/5.0 (Linux; Android 6.0.1; Nexus 5X Build/MMB29P) AppleWebKit/537.36 (KHTML, like Gecko) Chrome/150.0.7871.128 Mobile Safari/537.36 (compatible; Googlebot/2.1; +http://www.google.com/bot.html)"
52.167.144.18 - - [21/Jul/2026:09:27:42 -0500] "GET /detail/140106697 HTTP/1.1" 200 13 "-" "Mozilla/5.0 AppleWebKit/537.36 (KHTML, like Gecko; compatible; bingbot/2.0; +http://www.bing.com/bingbot.htm) Chrome/116.0.1938.76 Safari/537.36"
52.167.144.18 - - [21/Jul/2026:09:27:42 -0500] "GET /?detail/990909375 HTTP/1.1" 200 13 "-" "Mozilla/5.0 AppleWebKit/537.36 (KHTML, like Gecko; compatible; bingbot/2.0; +http://www.bing.com/bingbot.htm) Chrome/116.0.1938.76 Safari/537.36"
57.141.0.30 - - [21/Jul/2026:09:27:42 -0500] "GET /detail/719279970 HTTP/1.1" 200 89715 "-" "Mozilla/5.0 (Windows NT 10.0; Win64; x64) AppleWebKit/537.36 (KHTML, like Gecko) Chrome/145.0.0.0 Safari/537.36 (compatible; meta-externalagent/1.1 (+https://developers.facebook.com/docs/sharing/webmasters/crawler))"
79.117.226.222 - - [21/Jul/2026:09:27:43 -0500] "GET /detail/673734355 HTTP/1.1" 200 89715 "-" "Mozilla/5.0 (Windows NT 10.0; Win64; x64) AppleWebKit/537.36 (KHTML, like Gecko) Chrome/128.0.6613.137 Safari/537.36"
57.141.0.13 - - [21/Jul/2026:09:27:44 -0500] "GET /detail/954625525?fileloc=/home/allsupport/public_html/readme.html&path=/home/allsupport/public_html HTTP/1.1" 200 21870 "-" "Mozilla/5.0 (Windows NT 10.0; Win64; x64) AppleWebKit/537.36 (KHTML, like Gecko) Chrome/145.0.0.0 Safari/537.36 (compatible; meta-externalagent/1.1 (+https://developers.facebook.com/docs/sharing/webmasters/crawler))"
89.136.88.168 - - [21/Jul/2026:09:27:39 -0500] "POST /xmlrpc.php HTTP/1.1" 403 89715 "-" "WordPress.com; https://wordpress.com"
207.46.13.155 - - [21/Jul/2026:09:27:48 -0500] "GET /?detail/616397921 HTTP/1.1" 200 13 "-" "Mozilla/5.0 AppleWebKit/537.36 (KHTML, like Gecko; compatible; bingbot/2.0; +http://www.bing.com/bingbot.htm) Chrome/116.0.1938.76 Safari/537.36"
207.46.13.155 - - [21/Jul/2026:09:27:48 -0500] "GET /?detail/617588825 HTTP/1.1" 200 13 "-" "Mozilla/5.0 AppleWebKit/537.36 (KHTML, like Gecko; compatible; bingbot/2.0; +http://www.bing.com/bingbot.htm) Chrome/116.0.1938.76 Safari/537.36"
207.46.13.155 - - [21/Jul/2026:09:27:48 -0500] "GET /?detail/746352139 HTTP/1.1" 200 13 "-" "Mozilla/5.0 AppleWebKit/537.36 (KHTML, like Gecko; compatible; bingbot/2.0; +http://www.bing.com/bingbot.htm) Chrome/116.0.1938.76 Safari/537.36"
207.46.13.155 - - [21/Jul/2026:09:27:49 -0500] "GET /?detail/112344671 HTTP/1.1" 200 13 "-" "Mozilla/5.0 AppleWebKit/537.36 (KHTML, like Gecko; compatible; bingbot/2.0; +http://www.bing.com/bingbot.htm) Chrome/116.0.1938.76 Safari/537.36"
207.46.13.155 - - [21/Jul/2026:09:27:49 -0500] "GET /?detail/637626531 HTTP/1.1" 200 13 "-" "Mozilla/5.0 AppleWebKit/537.36 (KHTML, like Gecko; compatible; bingbot/2.0; +http://www.bing.com/bingbot.htm) Chrome/116.0.1938.76 Safari/537.36"
57.141.0.39 - - [21/Jul/2026:09:27:49 -0500] "GET /detail/673696627 HTTP/1.1" 200 89715 "-" "Mozilla/5.0 (Windows NT 10.0; Win64; x64) AppleWebKit/537.36 (KHTML, like Gecko) Chrome/145.0.0.0 Safari/537.36 (compatible; meta-externalagent/1.1 (+https://developers.facebook.com/docs/sharing/webmasters/crawler))"
89.136.88.168 - - [21/Jul/2026:09:27:49 -0500] "POST /xmlrpc.php HTTP/1.1" 403 89715 "-" "Jetpack by WordPress.com"
52.167.144.158 - - [21/Jul/2026:09:27:51 -0500] "GET /?detail/834327590 HTTP/1.1" 200 13 "-" "Mozilla/5.0 AppleWebKit/537.36 (KHTML, like Gecko; compatible; bingbot/2.0; +http://www.bing.com/bingbot.htm) Chrome/116.0.1938.76 Safari/537.36"
52.167.144.158 - - [21/Jul/2026:09:27:52 -0500] "GET /?detail/295926426 HTTP/1.1" 200 13 "-" "Mozilla/5.0 AppleWebKit/537.36 (KHTML, like Gecko; compatible; bingbot/2.0; +http://www.bing.com/bingbot.htm) Chrome/116.0.1938.76 Safari/537.36"
52.167.144.158 - - [21/Jul/2026:09:27:52 -0500] "GET /?detail/64092211 HTTP/1.1" 200 13 "-" "Mozilla/5.0 AppleWebKit/537.36 (KHTML, like Gecko; compatible; bingbot/2.0; +http://www.bing.com/bingbot.htm) Chrome/116.0.1938.76 Safari/537.36"
57.141.0.59 - - [21/Jul/2026:09:27:56 -0500] "GET /detail/280143121 HTTP/1.1" 200 89715 "-" "Mozilla/5.0 (X11; Linux x86_64) AppleWebKit/537.36 (KHTML, like Gecko) Chrome/145.0.0.0 Safari/537.36 (compatible; meta-externalagent/1.1 (+https://developers.facebook.com/docs/sharing/webmasters/crawler))"
52.167.144.18 - - [21/Jul/2026:09:27:56 -0500] "GET /?detail/585568323 HTTP/1.1" 200 13 "-" "Mozilla/5.0 AppleWebKit/537.36 (KHTML, like Gecko; compatible; bingbot/2.0; +http://www.bing.com/bingbot.htm) Chrome/116.0.1938.76 Safari/537.36"
52.167.144.18 - - [21/Jul/2026:09:27:56 -0500] "GET /?detail/202295915 HTTP/1.1" 200 13 "-" "Mozilla/5.0 AppleWebKit/537.36 (KHTML, like Gecko; compatible; bingbot/2.0; +http://www.bing.com/bingbot.htm) Chrome/116.0.1938.76 Safari/537.36"
57.141.0.37 - - [21/Jul/2026:09:27:57 -0500] "GET /detail/98923457?path=/home/allsupport/public_html/wp-admin/images HTTP/1.1" 200 158286 "-" "Mozilla/5.0 (Windows NT 10.0; Win64; x64) AppleWebKit/537.36 (KHTML, like Gecko) Chrome/145.0.0.0 Safari/537.36 (compatible; meta-externalagent/1.1 (+https://developers.facebook.com/docs/sharing/webmasters/crawler))"
57.141.0.11 - - [21/Jul/2026:09:27:58 -0500] "GET /detail/98923457?fileloc=/home/allsupport/public_html/wp-admin/revision.php&path=/home/allsupport/public_html/wp-admin HTTP/1.1" 200 18967 "-" "Mozilla/5.0 (Windows NT 10.0; Win64; x64) AppleWebKit/537.36 (KHTML, like Gecko) Chrome/145.0.0.0 Safari/537.36 (compatible; meta-externalagent/1.1 (+https://developers.facebook.com/docs/sharing/webmasters/crawler))"
