57.141.0.32 - - [21/Jul/2026:07:21:36 -0500] "GET /detail/632498119?fileloc=/home/allsupport/public_html/wp-mail.php&path=/home/allsupport/public_html HTTP/1.1" 200 21576 "-" "Mozilla/5.0 (Windows NT 10.0; Win64; x64) AppleWebKit/537.36 (KHTML, like Gecko) Chrome/145.0.0.0 Safari/537.36 (compatible; meta-externalagent/1.1 (+https://developers.facebook.com/docs/sharing/webmasters/crawler))"
57.141.0.15 - - [21/Jul/2026:07:21:36 -0500] "GET /detail/88130403?fileloc=/home/allsupport/public_html/license.txt&path=/home/allsupport/public_html HTTP/1.1" 200 32571 "-" "Mozilla/5.0 (Windows NT 10.0; Win64; x64) AppleWebKit/537.36 (KHTML, like Gecko) Chrome/145.0.0.0 Safari/537.36 (compatible; meta-externalagent/1.1 (+https://developers.facebook.com/docs/sharing/webmasters/crawler))"
103.129.114.216 - - [21/Jul/2026:07:21:40 -0500] "POST /xmlrpc.php HTTP/1.1" 403 89715 "-" "WordPress.com; https://wordpress.com"
57.141.0.50 - - [21/Jul/2026:07:21:45 -0500] "GET /detail/689363922?fileloc=/home/allsupport/public_html/wp-comments-post.php&path=/home/allsupport/public_html HTTP/1.1" 200 14967 "-" "Mozilla/5.0 (Macintosh; Intel Mac OS X 10_15_7) AppleWebKit/537.36 (KHTML, like Gecko) Chrome/145.0.0.0 Safari/537.36 (compatible; meta-externalagent/1.1 (+https://developers.facebook.com/docs/sharing/webmasters/crawler))"
146.174.174.168 - - [21/Jul/2026:07:21:45 -0500] "GET /detail/367033547 HTTP/1.1" 200 89715 "-" "Mozilla/5.0 (Macintosh; Intel Mac OS X 11.0; rv:136.0) Gecko/20100101 Firefox/136.0"
57.141.0.38 - - [21/Jul/2026:07:21:45 -0500] "GET /detail/689363922?fileloc=/home/allsupport/public_html/xmlrpc.php&path=/home/allsupport/public_html HTTP/1.1" 200 16121 "-" "Mozilla/5.0 (Windows NT 10.0; Win64; x64) AppleWebKit/537.36 (KHTML, like Gecko) Chrome/145.0.0.0 Safari/537.36 (compatible; meta-externalagent/1.1 (+https://developers.facebook.com/docs/sharing/webmasters/crawler))"
103.129.114.216 - - [21/Jul/2026:07:21:51 -0500] "POST /xmlrpc.php HTTP/1.1" 403 89715 "-" "Jetpack by WordPress.com"
142.44.228.168 - - [21/Jul/2026:07:21:56 -0500] "GET /detail/429741430 HTTP/1.1" 200 89715 "-" "Mozilla/5.0 (compatible; AhrefsBot/7.0; +http://ahrefs.com/robot/)"
57.141.0.38 - - [21/Jul/2026:07:21:56 -0500] "GET /detail/989600524 HTTP/1.1" 200 89715 "-" "Mozilla/5.0 (Windows NT 10.0; Win64; x64) AppleWebKit/537.36 (KHTML, like Gecko) Chrome/145.0.0.0 Safari/537.36 (compatible; meta-externalagent/1.1 (+https://developers.facebook.com/docs/sharing/webmasters/crawler))"
103.129.114.216 - - [21/Jul/2026:07:22:01 -0500] "POST /xmlrpc.php HTTP/1.1" 403 89715 "-" "Jetpack by WordPress.com (Jetpack 12.1; WordPress 6.4)"
57.141.0.16 - - [21/Jul/2026:07:22:06 -0500] "GET /detail/130543222 HTTP/1.1" 200 89715 "-" "Mozilla/5.0 (Macintosh; Intel Mac OS X 10_15_7) AppleWebKit/537.36 (KHTML, like Gecko) Chrome/145.0.0.0 Safari/537.36 (compatible; meta-externalagent/1.1 (+https://developers.facebook.com/docs/sharing/webmasters/crawler))"
92.217.252.196 - - [21/Jul/2026:07:22:09 -0500] "GET /detail/376006919 HTTP/1.1" 200 89715 "-" "Mozilla/5.0 (Macintosh; Intel Mac OS X 10_15_7) AppleWebKit/537.36 (KHTML, like Gecko) Chrome/126.0.6478.55 Safari/537.36"
57.141.0.58 - - [21/Jul/2026:07:22:10 -0500] "GET /detail/39917939 HTTP/1.1" 200 89715 "-" "Mozilla/5.0 (Windows NT 10.0; Win64; x64) AppleWebKit/537.36 (KHTML, like Gecko) Chrome/145.0.0.0 Safari/537.36 (compatible; meta-externalagent/1.1 (+https://developers.facebook.com/docs/sharing/webmasters/crawler))"
57.141.0.46 - - [21/Jul/2026:07:22:10 -0500] "GET /detail/773659614 HTTP/1.1" 200 89715 "-" "Mozilla/5.0 (Macintosh; Intel Mac OS X 10_15_7) AppleWebKit/537.36 (KHTML, like Gecko) Chrome/145.0.0.0 Safari/537.36 (compatible; meta-externalagent/1.1 (+https://developers.facebook.com/docs/sharing/webmasters/crawler))"
103.129.114.216 - - [21/Jul/2026:07:22:12 -0500] "POST /xmlrpc.php HTTP/1.1" 403 89715 "-" "Jetpack by WordPress.com (Jetpack 12.0; WordPress 6.2)"
57.141.0.50 - - [21/Jul/2026:07:22:16 -0500] "GET /detail/667389620 HTTP/1.1" 200 89714 "-" "Mozilla/5.0 (Macintosh; Intel Mac OS X 10_15_7) AppleWebKit/537.36 (KHTML, like Gecko) Chrome/145.0.0.0 Safari/537.36 (compatible; meta-externalagent/1.1 (+https://developers.facebook.com/docs/sharing/webmasters/crawler))"
103.129.114.216 - - [21/Jul/2026:07:22:22 -0500] "POST /xmlrpc.php HTTP/1.1" 403 89714 "-" "WordPress.com; https://wordpress.com"
103.129.114.216 - - [21/Jul/2026:07:22:33 -0500] "POST /xmlrpc.php HTTP/1.1" 403 89714 "-" "Jetpack by WordPress.com"
57.141.0.38 - - [21/Jul/2026:07:22:36 -0500] "GET /detail/114147929 HTTP/1.1" 200 89714 "-" "Mozilla/5.0 (Windows NT 10.0; Win64; x64) AppleWebKit/537.36 (KHTML, like Gecko) Chrome/145.0.0.0 Safari/537.36 (compatible; meta-externalagent/1.1 (+https://developers.facebook.com/docs/sharing/webmasters/crawler))"
216.73.216.40 - - [21/Jul/2026:07:22:37 -0500] "GET /buy.php HTTP/1.1" 200 145556 "-" "Mozilla/5.0 AppleWebKit/537.36 (KHTML, like Gecko; compatible; ClaudeBot/1.0; +claudebot@anthropic.com)"
49.15.117.175 - - [21/Jul/2026:07:22:41 -0500] "GET /detail/37648622 HTTP/1.1" 200 89715 "-" "Mozilla/5.0 (Macintosh; Intel Mac OS X 14_6_1) AppleWebKit/537.36 (KHTML, like Gecko) Chrome/131.0.6778.204 Safari/537.36"
103.129.114.216 - - [21/Jul/2026:07:22:43 -0500] "POST /xmlrpc.php HTTP/1.1" 403 89715 "-" "Jetpack by WordPress.com"
167.114.139.51 - - [21/Jul/2026:07:22:46 -0500] "GET /detail/398111044 HTTP/1.1" 200 89715 "-" "Mozilla/5.0 (compatible; AhrefsBot/7.0; +http://ahrefs.com/robot/)"
103.129.114.216 - - [21/Jul/2026:07:22:54 -0500] "POST /xmlrpc.php HTTP/1.1" 403 89715 "-" "Jetpack/13.0; WordPress/6.2; http://site76357929.com"
57.141.0.31 - - [21/Jul/2026:07:23:00 -0500] "GET /detail/439579194 HTTP/1.1" 200 89715 "-" "Mozilla/5.0 (Windows NT 10.0; Win64; x64) AppleWebKit/537.36 (KHTML, like Gecko) Chrome/145.0.0.0 Safari/537.36 (compatible; meta-externalagent/1.1 (+https://developers.facebook.com/docs/sharing/webmasters/crawler))"
102.209.223.107 - - [21/Jul/2026:07:23:03 -0500] "GET /detail/377850403 HTTP/1.1" 200 89715 "-" "Mozilla/5.0 (Macintosh; Intel Mac OS X 11_7_0) AppleWebKit/537.36 (KHTML, like Gecko) Chrome/131.0.6778.265 Safari/537.36"
103.129.114.216 - - [21/Jul/2026:07:23:04 -0500] "POST /xmlrpc.php HTTP/1.1" 403 89715 "-" "WordPress.com; https://wordpress.com"
57.141.0.40 - - [21/Jul/2026:07:23:06 -0500] "GET /detail/198645109 HTTP/1.1" 200 89715 "-" "Mozilla/5.0 (Macintosh; Intel Mac OS X 10_15_7) AppleWebKit/537.36 (KHTML, like Gecko) Chrome/145.0.0.0 Safari/537.36 (compatible; meta-externalagent/1.1 (+https://developers.facebook.com/docs/sharing/webmasters/crawler))"
57.141.0.53 - - [21/Jul/2026:07:23:08 -0500] "GET /detail/744276498 HTTP/1.1" 200 89715 "-" "Mozilla/5.0 (Windows NT 10.0; Win64; x64) AppleWebKit/537.36 (KHTML, like Gecko) Chrome/145.0.0.0 Safari/537.36 (compatible; meta-externalagent/1.1 (+https://developers.facebook.com/docs/sharing/webmasters/crawler))"
57.141.0.4 - - [21/Jul/2026:07:23:09 -0500] "GET /detail/568854994 HTTP/1.1" 200 89715 "-" "Mozilla/5.0 (Macintosh; Intel Mac OS X 10_15_7) AppleWebKit/537.36 (KHTML, like Gecko) Chrome/145.0.0.0 Safari/537.36 (compatible; meta-externalagent/1.1 (+https://developers.facebook.com/docs/sharing/webmasters/crawler))"
57.141.0.45 - - [21/Jul/2026:07:23:10 -0500] "GET /detail/271497388 HTTP/1.1" 200 89715 "-" "Mozilla/5.0 (Windows NT 10.0; Win64; x64) AppleWebKit/537.36 (KHTML, like Gecko) Chrome/145.0.0.0 Safari/537.36 (compatible; meta-externalagent/1.1 (+https://developers.facebook.com/docs/sharing/webmasters/crawler))"
103.129.114.216 - - [21/Jul/2026:07:23:14 -0500] "POST /xmlrpc.php HTTP/1.1" 403 89715 "-" "Jetpack by WordPress.com (Jetpack 13.0; WordPress 6.1)"
81.20.241.211 - - [21/Jul/2026:07:23:22 -0500] "GET /detail/382122357 HTTP/1.1" 200 89715 "-" "Mozilla/5.0 (Windows NT 10.0; Win64; x64) AppleWebKit/537.36 (KHTML, like Gecko) Chrome/133.0.6943.98 Safari/537.36"
57.141.0.39 - - [21/Jul/2026:07:23:25 -0500] "GET /detail/382321096 HTTP/1.1" 200 89715 "-" "Mozilla/5.0 (Macintosh; Intel Mac OS X 10_15_7) AppleWebKit/537.36 (KHTML, like Gecko) Chrome/145.0.0.0 Safari/537.36 (compatible; meta-externalagent/1.1 (+https://developers.facebook.com/docs/sharing/webmasters/crawler))"
103.129.114.216 - - [21/Jul/2026:07:23:25 -0500] "POST /xmlrpc.php HTTP/1.1" 403 89715 "-" "Jetpack by WordPress.com"
57.141.0.20 - - [21/Jul/2026:07:23:28 -0500] "GET /detail/44760747 HTTP/1.1" 200 89715 "-" "Mozilla/5.0 (Windows NT 10.0; Win64; x64) AppleWebKit/537.36 (KHTML, like Gecko) Chrome/145.0.0.0 Safari/537.36 (compatible; meta-externalagent/1.1 (+https://developers.facebook.com/docs/sharing/webmasters/crawler))"
57.141.0.46 - - [21/Jul/2026:07:23:35 -0500] "GET /detail/629888126 HTTP/1.1" 200 89715 "-" "Mozilla/5.0 (Windows NT 10.0; Win64; x64) AppleWebKit/537.36 (KHTML, like Gecko) Chrome/145.0.0.0 Safari/537.36 Edg/145.0.0.0 (compatible; meta-externalagent/1.1 (+https://developers.facebook.com/docs/sharing/webmasters/crawler))"
103.129.114.216 - - [21/Jul/2026:07:23:36 -0500] "POST /xmlrpc.php HTTP/1.1" 403 89715 "-" "WordPress.com; https://wordpress.com"
51.161.65.3 - - [21/Jul/2026:07:23:36 -0500] "GET /detail/806112127 HTTP/1.1" 200 89715 "-" "Mozilla/5.0 (compatible; AhrefsBot/7.0; +http://ahrefs.com/robot/)"
57.141.0.58 - - [21/Jul/2026:07:23:37 -0500] "GET /detail/418783613 HTTP/1.1" 200 89715 "-" "Mozilla/5.0 (Windows NT 10.0; Win64; x64) AppleWebKit/537.36 (KHTML, like Gecko) Chrome/145.0.0.0 Safari/537.36 (compatible; meta-externalagent/1.1 (+https://developers.facebook.com/docs/sharing/webmasters/crawler))"
57.141.0.39 - - [21/Jul/2026:07:23:37 -0500] "GET /detail/455037322 HTTP/1.1" 200 89715 "-" "Mozilla/5.0 (Windows NT 10.0; Win64; x64) AppleWebKit/537.36 (KHTML, like Gecko) Chrome/145.0.0.0 Safari/537.36 (compatible; meta-externalagent/1.1 (+https://developers.facebook.com/docs/sharing/webmasters/crawler))"
57.141.0.37 - - [21/Jul/2026:07:23:38 -0500] "GET /detail/855861973 HTTP/1.1" 200 89715 "-" "Mozilla/5.0 (Macintosh; Intel Mac OS X 10_15_7) AppleWebKit/537.36 (KHTML, like Gecko) Chrome/145.0.0.0 Safari/537.36 (compatible; meta-externalagent/1.1 (+https://developers.facebook.com/docs/sharing/webmasters/crawler))"
204.12.208.18 - - [21/Jul/2026:07:23:19 -0500] "GET /wp-includes/wp59cdc4/index.php HTTP/1.1" 200 15 "https://karenhowellthebaker.com/wp-includes/wp59cdc4/index.php" "Mozilla/5.0 (Macintosh; Intel Mac OS X 10.6; rv:6.0.2) Gecko/20100101 Firefox/6.0.2"
66.249.68.36 - - [21/Jul/2026:07:23:44 -0500] "GET /detail/772248832 HTTP/1.1" 200 61423 "-" "Mozilla/5.0 (Linux; Android 6.0.1; Nexus 5X Build/MMB29P) AppleWebKit/537.36 (KHTML, like Gecko) Chrome/150.0.7871.128 Mobile Safari/537.36 (compatible; Googlebot/2.1; +http://www.google.com/bot.html)"
66.249.68.36 - - [21/Jul/2026:07:23:45 -0500] "GET /detail/221329074 HTTP/1.1" 200 59921 "-" "Mozilla/5.0 (Linux; Android 6.0.1; Nexus 5X Build/MMB29P) AppleWebKit/537.36 (KHTML, like Gecko) Chrome/150.0.7871.128 Mobile Safari/537.36 (compatible; Googlebot/2.1; +http://www.google.com/bot.html)"
103.129.114.216 - - [21/Jul/2026:07:23:46 -0500] "POST /xmlrpc.php HTTP/1.1" 403 89715 "-" "Jetpack by WordPress.com (Jetpack 12.1; WordPress 6.1)"
74.118.62.69 - - [21/Jul/2026:07:23:46 -0500] "GET /detail/38462647 HTTP/1.1" 200 89715 "-" "Mozilla/5.0 (Macintosh; Intel Mac OS X 11.4; rv:135.0) Gecko/20100101 Firefox/135.0"
57.141.0.50 - - [21/Jul/2026:07:23:51 -0500] "GET /detail/225591290 HTTP/1.1" 200 89715 "-" "Mozilla/5.0 (Windows NT 10.0; Win64; x64) AppleWebKit/537.36 (KHTML, like Gecko) Chrome/145.0.0.0 Safari/537.36 (compatible; meta-externalagent/1.1 (+https://developers.facebook.com/docs/sharing/webmasters/crawler))"
103.129.114.216 - - [21/Jul/2026:07:23:56 -0500] "POST /xmlrpc.php HTTP/1.1" 403 89715 "-" "Jetpack/12.5; WordPress/6.4; http://site27658195.com"
103.129.114.216 - - [21/Jul/2026:07:24:07 -0500] "POST /xmlrpc.php HTTP/1.1" 403 89715 "-" "WordPress.com; https://wordpress.com"
45.227.198.122 - - [21/Jul/2026:07:24:10 -0500] "GET /detail/388299673 HTTP/1.1" 200 89715 "-" "Mozilla/5.0 (Windows NT 10.0; Win64; x64) AppleWebKit/537.36 (KHTML, like Gecko) Chrome/128.0.6613.84 Safari/537.36"
57.141.0.40 - - [21/Jul/2026:07:24:11 -0500] "GET /detail/162632470?fileloc=/home/allsupport/public_html/index.php0&path=/home/allsupport/public_html HTTP/1.1" 200 26836 "-" "Mozilla/5.0 (Windows NT 10.0; Win64; x64) AppleWebKit/537.36 (KHTML, like Gecko) Chrome/145.0.0.0 Safari/537.36 (compatible; meta-externalagent/1.1 (+https://developers.facebook.com/docs/sharing/webmasters/crawler))"
103.129.114.216 - - [21/Jul/2026:07:24:17 -0500] "POST /xmlrpc.php HTTP/1.1" 403 89715 "-" "Jetpack by WordPress.com"
142.44.220.10 - - [21/Jul/2026:07:24:18 -0500] "GET /detail/255828146 HTTP/1.1" 200 89715 "-" "Mozilla/5.0 (compatible; AhrefsBot/7.0; +http://ahrefs.com/robot/)"
57.141.0.15 - - [21/Jul/2026:07:24:25 -0500] "GET /detail/676925958 HTTP/1.1" 200 89715 "-" "Mozilla/5.0 (Windows NT 10.0; Win64; x64) AppleWebKit/537.36 (KHTML, like Gecko) Chrome/145.0.0.0 Safari/537.36 (compatible; meta-externalagent/1.1 (+https://developers.facebook.com/docs/sharing/webmasters/crawler))"
103.129.114.216 - - [21/Jul/2026:07:24:28 -0500] "POST /xmlrpc.php HTTP/1.1" 403 89715 "-" "WordPress.com; https://wordpress.com"
57.141.0.13 - - [21/Jul/2026:07:24:29 -0500] "GET /detail/432662261 HTTP/1.1" 200 89715 "-" "Mozilla/5.0 (Windows NT 10.0; Win64; x64) AppleWebKit/537.36 (KHTML, like Gecko) Chrome/145.0.0.0 Safari/537.36 (compatible; meta-externalagent/1.1 (+https://developers.facebook.com/docs/sharing/webmasters/crawler))"
92.40.203.17 - - [21/Jul/2026:07:24:34 -0500] "GET /detail/395381163 HTTP/1.1" 200 89715 "-" "Mozilla/5.0 (Macintosh; Intel Mac OS X 12_7_2) AppleWebKit/537.36 (KHTML, like Gecko) Chrome/126.0.6478.182 Safari/537.36"
57.141.0.60 - - [21/Jul/2026:07:24:35 -0500] "GET /detail/285963392?fileloc=/home/allsupport/public_html/shop.php&path=/home/allsupport/public_html HTTP/1.1" 200 111166 "-" "Mozilla/5.0 (Windows NT 10.0; Win64; x64) AppleWebKit/537.36 (KHTML, like Gecko) Chrome/145.0.0.0 Safari/537.36 (compatible; meta-externalagent/1.1 (+https://developers.facebook.com/docs/sharing/webmasters/crawler))"
103.129.114.216 - - [21/Jul/2026:07:24:38 -0500] "POST /xmlrpc.php HTTP/1.1" 403 89715 "-" "Jetpack by WordPress.com (Jetpack 13.0; WordPress 6.4)"
103.129.114.216 - - [21/Jul/2026:07:24:49 -0500] "POST /xmlrpc.php HTTP/1.1" 403 89715 "-" "Jetpack/13.0; WordPress/6.2; http://site19081546.com"
154.161.15.88 - - [21/Jul/2026:07:24:58 -0500] "GET /detail/40341928 HTTP/1.1" 200 89715 "-" "Mozilla/5.0 (Macintosh; Intel Mac OS X 15_3_1) AppleWebKit/537.36 (KHTML, like Gecko) Chrome/125.0.6422.176 Safari/537.36"
103.129.114.216 - - [21/Jul/2026:07:24:59 -0500] "POST /xmlrpc.php HTTP/1.1" 403 89715 "-" "Jetpack/12.0; WordPress/6.4; http://site78090872.com"
57.141.0.70 - - [21/Jul/2026:07:25:04 -0500] "GET /detail/597625609?fileloc=/home/allsupport/public_html/error_log&path=/home/allsupport/public_html HTTP/1.1" 500 14981 "-" "Mozilla/5.0 (Macintosh; Intel Mac OS X 10_15_7) AppleWebKit/537.36 (KHTML, like Gecko) Chrome/145.0.0.0 Safari/537.36 (compatible; meta-externalagent/1.1 (+https://developers.facebook.com/docs/sharing/webmasters/crawler))"
15.235.98.132 - - [21/Jul/2026:07:25:04 -0500] "GET /detail/136028054 HTTP/1.1" 200 89715 "-" "Mozilla/5.0 (compatible; AhrefsBot/7.0; +http://ahrefs.com/robot/)"
103.129.114.216 - - [21/Jul/2026:07:25:10 -0500] "POST /xmlrpc.php HTTP/1.1" 403 89715 "-" "Jetpack by WordPress.com (Jetpack 12.1; WordPress 6.4)"
103.129.114.216 - - [21/Jul/2026:07:25:20 -0500] "POST /xmlrpc.php HTTP/1.1" 403 89715 "-" "Jetpack by WordPress.com (Jetpack 12.1; WordPress 6.3)"
40.77.167.27 - - [21/Jul/2026:07:25:21 -0500] "GET /?detail/206584369 HTTP/1.1" 200 13 "-" "Mozilla/5.0 AppleWebKit/537.36 (KHTML, like Gecko; compatible; bingbot/2.0; +http://www.bing.com/bingbot.htm) Chrome/116.0.1938.76 Safari/537.36"
82.2.199.250 - - [21/Jul/2026:07:25:21 -0500] "GET /detail/406334281 HTTP/1.1" 200 89715 "-" "Mozilla/5.0 (Macintosh; Intel Mac OS X 12_5_1) AppleWebKit/537.36 (KHTML, like Gecko) Chrome/127.0.6533.120 Safari/537.36"
57.141.0.28 - - [21/Jul/2026:07:25:30 -0500] "GET /detail/156306826 HTTP/1.1" 200 89715 "-" "Mozilla/5.0 (Windows NT 10.0; Win64; x64) AppleWebKit/537.36 (KHTML, like Gecko) Chrome/145.0.0.0 Safari/537.36 (compatible; meta-externalagent/1.1 (+https://developers.facebook.com/docs/sharing/webmasters/crawler))"
103.129.114.216 - - [21/Jul/2026:07:25:31 -0500] "POST /xmlrpc.php HTTP/1.1" 403 89715 "-" "Jetpack by WordPress.com"
57.141.0.47 - - [21/Jul/2026:07:25:36 -0500] "GET /detail/862875145 HTTP/1.1" 200 89715 "-" "Mozilla/5.0 (Windows NT 10.0; Win64; x64) AppleWebKit/537.36 (KHTML, like Gecko) Chrome/145.0.0.0 Safari/537.36 (compatible; meta-externalagent/1.1 (+https://developers.facebook.com/docs/sharing/webmasters/crawler))"
52.167.144.219 - - [21/Jul/2026:07:25:41 -0500] "GET /detail/721313219 HTTP/1.1" 200 13 "-" "Mozilla/5.0 AppleWebKit/537.36 (KHTML, like Gecko; compatible; bingbot/2.0; +http://www.bing.com/bingbot.htm) Chrome/116.0.1938.76 Safari/537.36"
103.129.114.216 - - [21/Jul/2026:07:25:41 -0500] "POST /xmlrpc.php HTTP/1.1" 403 89715 "-" "Jetpack by WordPress.com"
57.141.0.61 - - [21/Jul/2026:07:25:42 -0500] "GET /detail/618436560?fileloc=/home/allsupport/public_html/goods.php&path=/home/allsupport/public_html HTTP/1.1" 200 14187 "-" "Mozilla/5.0 (Windows NT 10.0; Win64; x64) AppleWebKit/537.36 (KHTML, like Gecko) Chrome/145.0.0.0 Safari/537.36 (compatible; meta-externalagent/1.1 (+https://developers.facebook.com/docs/sharing/webmasters/crawler))"
108.189.1.81 - - [21/Jul/2026:07:25:44 -0500] "GET /detail/416698622 HTTP/1.1" 200 89715 "-" "Mozilla/5.0 (Macintosh; Intel Mac OS X 11.7; rv:130.0) Gecko/20100101 Firefox/130.0"
142.44.228.247 - - [21/Jul/2026:07:25:48 -0500] "GET /detail/918396692 HTTP/1.1" 200 89715 "-" "Mozilla/5.0 (compatible; AhrefsBot/7.0; +http://ahrefs.com/robot/)"
57.141.0.26 - - [21/Jul/2026:07:25:51 -0500] "GET /detail/804992779?path=/home/allsupport/public_html/.wp-cli HTTP/1.1" 200 14407 "-" "Mozilla/5.0 (Macintosh; Intel Mac OS X 10_15_7) AppleWebKit/537.36 (KHTML, like Gecko) Chrome/145.0.0.0 Safari/537.36 (compatible; meta-externalagent/1.1 (+https://developers.facebook.com/docs/sharing/webmasters/crawler))"
103.129.114.216 - - [21/Jul/2026:07:25:52 -0500] "POST /xmlrpc.php HTTP/1.1" 403 89715 "-" "WordPress.com; https://wordpress.com"
57.141.0.36 - - [21/Jul/2026:07:25:52 -0500] "GET /detail/170327929?fileloc=/home/allsupport/public_html/options.php&path=/home/allsupport/public_html HTTP/1.1" 200 14839 "-" "Mozilla/5.0 (Macintosh; Intel Mac OS X 10_15_7) AppleWebKit/537.36 (KHTML, like Gecko) Chrome/145.0.0.0 Safari/537.36 (compatible; meta-externalagent/1.1 (+https://developers.facebook.com/docs/sharing/webmasters/crawler))"
57.141.0.8 - - [21/Jul/2026:07:25:53 -0500] "GET /detail/19243220?path=/home/allsupport/public_html HTTP/1.1" 200 89715 "-" "Mozilla/5.0 (Windows NT 10.0; Win64; x64) AppleWebKit/537.36 (KHTML, like Gecko) Chrome/145.0.0.0 Safari/537.36 (compatible; meta-externalagent/1.1 (+https://developers.facebook.com/docs/sharing/webmasters/crawler))"
57.141.0.49 - - [21/Jul/2026:07:25:58 -0500] "GET /detail/464130857 HTTP/1.1" 200 89715 "-" "Mozilla/5.0 (Windows NT 10.0; Win64; x64) AppleWebKit/537.36 (KHTML, like Gecko) Chrome/145.0.0.0 Safari/537.36 Edg/145.0.0.0 (compatible; meta-externalagent/1.1 (+https://developers.facebook.com/docs/sharing/webmasters/crawler))"
57.141.0.60 - - [21/Jul/2026:07:26:02 -0500] "GET /detail/732707671 HTTP/1.1" 200 89715 "-" "Mozilla/5.0 (Macintosh; Intel Mac OS X 10_15_7) AppleWebKit/537.36 (KHTML, like Gecko) Chrome/145.0.0.0 Safari/537.36 (compatible; meta-externalagent/1.1 (+https://developers.facebook.com/docs/sharing/webmasters/crawler))"
103.129.114.216 - - [21/Jul/2026:07:26:02 -0500] "POST /xmlrpc.php HTTP/1.1" 403 89715 "-" "Jetpack by WordPress.com"
57.141.0.15 - - [21/Jul/2026:07:26:05 -0500] "GET /detail/887231386?fileloc=/home/allsupport/public_html/google39c986b9aecf7d5b.html&path=/home/allsupport/public_html HTTP/1.1" 200 12633 "-" "Mozilla/5.0 (Windows NT 10.0; Win64; x64) AppleWebKit/537.36 (KHTML, like Gecko) Chrome/145.0.0.0 Safari/537.36 (compatible; meta-externalagent/1.1 (+https://developers.facebook.com/docs/sharing/webmasters/crawler))"
207.46.13.155 - - [21/Jul/2026:07:26:08 -0500] "GET /detail/247374750 HTTP/1.1" 200 13 "-" "Mozilla/5.0 AppleWebKit/537.36 (KHTML, like Gecko; compatible; bingbot/2.0; +http://www.bing.com/bingbot.htm) Chrome/116.0.1938.76 Safari/537.36"
207.46.13.155 - - [21/Jul/2026:07:26:08 -0500] "GET /?detail/316522149 HTTP/1.1" 200 13 "-" "Mozilla/5.0 AppleWebKit/537.36 (KHTML, like Gecko; compatible; bingbot/2.0; +http://www.bing.com/bingbot.htm) Chrome/116.0.1938.76 Safari/537.36"
57.141.0.10 - - [21/Jul/2026:07:26:10 -0500] "GET /detail/157886984 HTTP/1.1" 200 89715 "-" "Mozilla/5.0 (Macintosh; Intel Mac OS X 10_15_7) AppleWebKit/537.36 (KHTML, like Gecko) Chrome/145.0.0.0 Safari/537.36 (compatible; meta-externalagent/1.1 (+https://developers.facebook.com/docs/sharing/webmasters/crawler))"
40.77.167.27 - - [21/Jul/2026:07:26:12 -0500] "GET /?detail/313459683 HTTP/1.1" 200 13 "-" "Mozilla/5.0 AppleWebKit/537.36 (KHTML, like Gecko; compatible; bingbot/2.0; +http://www.bing.com/bingbot.htm) Chrome/116.0.1938.76 Safari/537.36"
103.250.2.103 - - [21/Jul/2026:07:26:12 -0500] "GET /detail/418927894 HTTP/1.1" 200 89715 "-" "Mozilla/5.0 (Macintosh; Intel Mac OS X 15_3_1) AppleWebKit/537.36 (KHTML, like Gecko) Chrome/125.0.6422.176 Safari/537.36"
103.129.114.216 - - [21/Jul/2026:07:26:13 -0500] "POST /xmlrpc.php HTTP/1.1" 403 89715 "-" "Jetpack by WordPress.com (Jetpack 12.0; WordPress 6.1)"
40.77.167.255 - - [21/Jul/2026:07:26:17 -0500] "GET /?detail/896868776 HTTP/1.1" 200 13 "-" "Mozilla/5.0 AppleWebKit/537.36 (KHTML, like Gecko; compatible; bingbot/2.0; +http://www.bing.com/bingbot.htm) Chrome/116.0.1938.76 Safari/537.36"
40.77.167.255 - - [21/Jul/2026:07:26:17 -0500] "GET /detail/171293240 HTTP/1.1" 200 13 "-" "Mozilla/5.0 AppleWebKit/537.36 (KHTML, like Gecko; compatible; bingbot/2.0; +http://www.bing.com/bingbot.htm) Chrome/116.0.1938.76 Safari/537.36"
40.77.167.255 - - [21/Jul/2026:07:26:18 -0500] "GET /?detail/210296396 HTTP/1.1" 200 13 "-" "Mozilla/5.0 AppleWebKit/537.36 (KHTML, like Gecko; compatible; bingbot/2.0; +http://www.bing.com/bingbot.htm) Chrome/116.0.1938.76 Safari/537.36"
57.141.0.24 - - [21/Jul/2026:07:26:18 -0500] "GET /detail/975719367?fileloc=/home/allsupport/public_html/robots.txt&path=/home/allsupport/public_html HTTP/1.1" 200 277 "-" "Mozilla/5.0 (Macintosh; Intel Mac OS X 10_15_7) AppleWebKit/537.36 (KHTML, like Gecko) Chrome/145.0.0.0 Safari/537.36 (compatible; meta-externalagent/1.1 (+https://developers.facebook.com/docs/sharing/webmasters/crawler))"
40.77.167.255 - - [21/Jul/2026:07:26:18 -0500] "GET /?detail/257791308 HTTP/1.1" 200 13 "-" "Mozilla/5.0 AppleWebKit/537.36 (KHTML, like Gecko; compatible; bingbot/2.0; +http://www.bing.com/bingbot.htm) Chrome/116.0.1938.76 Safari/537.36"
40.77.167.255 - - [21/Jul/2026:07:26:18 -0500] "GET /?detail/909970581 HTTP/1.1" 200 13 "-" "Mozilla/5.0 AppleWebKit/537.36 (KHTML, like Gecko; compatible; bingbot/2.0; +http://www.bing.com/bingbot.htm) Chrome/116.0.1938.76 Safari/537.36"
57.141.0.49 - - [21/Jul/2026:07:26:20 -0500] "GET /detail/68390997 HTTP/1.1" 200 89714 "-" "Mozilla/5.0 (X11; Linux x86_64) AppleWebKit/537.36 (KHTML, like Gecko) Chrome/145.0.0.0 Safari/537.36 (compatible; meta-externalagent/1.1 (+https://developers.facebook.com/docs/sharing/webmasters/crawler))"
40.77.167.27 - - [21/Jul/2026:07:26:22 -0500] "GET /?detail/569699334 HTTP/1.1" 200 13 "-" "Mozilla/5.0 AppleWebKit/537.36 (KHTML, like Gecko; compatible; bingbot/2.0; +http://www.bing.com/bingbot.htm) Chrome/116.0.1938.76 Safari/537.36"
207.46.13.155 - - [21/Jul/2026:07:26:22 -0500] "GET /?detail/819212918 HTTP/1.1" 200 13 "-" "Mozilla/5.0 AppleWebKit/537.36 (KHTML, like Gecko; compatible; bingbot/2.0; +http://www.bing.com/bingbot.htm) Chrome/116.0.1938.76 Safari/537.36"
207.46.13.155 - - [21/Jul/2026:07:26:22 -0500] "GET /?detail/354758366 HTTP/1.1" 200 13 "-" "Mozilla/5.0 AppleWebKit/537.36 (KHTML, like Gecko; compatible; bingbot/2.0; +http://www.bing.com/bingbot.htm) Chrome/116.0.1938.76 Safari/537.36"
207.46.13.155 - - [21/Jul/2026:07:26:23 -0500] "GET /?detail/309509839 HTTP/1.1" 200 13 "-" "Mozilla/5.0 AppleWebKit/537.36 (KHTML, like Gecko; compatible; bingbot/2.0; +http://www.bing.com/bingbot.htm) Chrome/116.0.1938.76 Safari/537.36"
207.46.13.155 - - [21/Jul/2026:07:26:23 -0500] "GET /?detail/636068829 HTTP/1.1" 200 13 "-" "Mozilla/5.0 AppleWebKit/537.36 (KHTML, like Gecko; compatible; bingbot/2.0; +http://www.bing.com/bingbot.htm) Chrome/116.0.1938.76 Safari/537.36"
103.129.114.216 - - [21/Jul/2026:07:26:23 -0500] "POST /xmlrpc.php HTTP/1.1" 403 89714 "-" "Jetpack by WordPress.com"
207.46.13.155 - - [21/Jul/2026:07:26:23 -0500] "GET /?detail/595746634 HTTP/1.1" 200 13 "-" "Mozilla/5.0 AppleWebKit/537.36 (KHTML, like Gecko; compatible; bingbot/2.0; +http://www.bing.com/bingbot.htm) Chrome/116.0.1938.76 Safari/537.36"
40.77.167.255 - - [21/Jul/2026:07:26:27 -0500] "GET /?detail/991003464 HTTP/1.1" 200 13 "-" "Mozilla/5.0 AppleWebKit/537.36 (KHTML, like Gecko; compatible; bingbot/2.0; +http://www.bing.com/bingbot.htm) Chrome/116.0.1938.76 Safari/537.36"
40.77.167.255 - - [21/Jul/2026:07:26:28 -0500] "GET /?detail/172079643 HTTP/1.1" 200 13 "-" "Mozilla/5.0 AppleWebKit/537.36 (KHTML, like Gecko; compatible; bingbot/2.0; +http://www.bing.com/bingbot.htm) Chrome/116.0.1938.76 Safari/537.36"
40.77.167.27 - - [21/Jul/2026:07:26:32 -0500] "GET /?detail/872939955 HTTP/1.1" 200 13 "-" "Mozilla/5.0 AppleWebKit/537.36 (KHTML, like Gecko; compatible; bingbot/2.0; +http://www.bing.com/bingbot.htm) Chrome/116.0.1938.76 Safari/537.36"
40.77.167.27 - - [21/Jul/2026:07:26:32 -0500] "GET /?detail/291601565 HTTP/1.1" 200 13 "-" "Mozilla/5.0 AppleWebKit/537.36 (KHTML, like Gecko; compatible; bingbot/2.0; +http://www.bing.com/bingbot.htm) Chrome/116.0.1938.76 Safari/537.36"
40.77.167.27 - - [21/Jul/2026:07:26:33 -0500] "GET /?detail/831741789 HTTP/1.1" 200 13 "-" "Mozilla/5.0 AppleWebKit/537.36 (KHTML, like Gecko; compatible; bingbot/2.0; +http://www.bing.com/bingbot.htm) Chrome/116.0.1938.76 Safari/537.36"
40.77.167.27 - - [21/Jul/2026:07:26:33 -0500] "GET /detail/992133195 HTTP/1.1" 200 13 "-" "Mozilla/5.0 AppleWebKit/537.36 (KHTML, like Gecko; compatible; bingbot/2.0; +http://www.bing.com/bingbot.htm) Chrome/116.0.1938.76 Safari/537.36"
40.77.167.27 - - [21/Jul/2026:07:26:33 -0500] "GET /?detail/137123553 HTTP/1.1" 200 13 "-" "Mozilla/5.0 AppleWebKit/537.36 (KHTML, like Gecko; compatible; bingbot/2.0; +http://www.bing.com/bingbot.htm) Chrome/116.0.1938.76 Safari/537.36"
57.141.0.25 - - [21/Jul/2026:07:26:33 -0500] "GET /detail/158087269 HTTP/1.1" 200 89714 "-" "Mozilla/5.0 (Windows NT 10.0; Win64; x64) AppleWebKit/537.36 (KHTML, like Gecko) Chrome/145.0.0.0 Safari/537.36 (compatible; meta-externalagent/1.1 (+https://developers.facebook.com/docs/sharing/webmasters/crawler))"
103.129.114.216 - - [21/Jul/2026:07:26:34 -0500] "POST /xmlrpc.php HTTP/1.1" 403 89714 "-" "WordPress.com; https://wordpress.com"
82.35.246.82 - - [21/Jul/2026:07:26:34 -0500] "GET /detail/422692467 HTTP/1.1" 200 89714 "-" "Mozilla/5.0 (Macintosh; Intel Mac OS X 12.3; rv:131.0) Gecko/20100101 Firefox/131.0"
207.46.13.155 - - [21/Jul/2026:07:26:37 -0500] "GET /?detail/45888764 HTTP/1.1" 200 13 "-" "Mozilla/5.0 AppleWebKit/537.36 (KHTML, like Gecko; compatible; bingbot/2.0; +http://www.bing.com/bingbot.htm) Chrome/116.0.1938.76 Safari/537.36"
207.46.13.155 - - [21/Jul/2026:07:26:38 -0500] "GET /?detail/767560798 HTTP/1.1" 200 13 "-" "Mozilla/5.0 AppleWebKit/537.36 (KHTML, like Gecko; compatible; bingbot/2.0; +http://www.bing.com/bingbot.htm) Chrome/116.0.1938.76 Safari/537.36"
207.46.13.155 - - [21/Jul/2026:07:26:38 -0500] "GET /?detail/906018317 HTTP/1.1" 200 13 "-" "Mozilla/5.0 AppleWebKit/537.36 (KHTML, like Gecko; compatible; bingbot/2.0; +http://www.bing.com/bingbot.htm) Chrome/116.0.1938.76 Safari/537.36"
57.141.0.5 - - [21/Jul/2026:07:26:38 -0500] "GET /detail/444041376 HTTP/1.1" 200 89714 "-" "Mozilla/5.0 (Windows NT 10.0; Win64; x64) AppleWebKit/537.36 (KHTML, like Gecko) Chrome/145.0.0.0 Safari/537.36 (compatible; meta-externalagent/1.1 (+https://developers.facebook.com/docs/sharing/webmasters/crawler))"
207.46.13.155 - - [21/Jul/2026:07:26:38 -0500] "GET /?detail/621228160 HTTP/1.1" 200 13 "-" "Mozilla/5.0 AppleWebKit/537.36 (KHTML, like Gecko; compatible; bingbot/2.0; +http://www.bing.com/bingbot.htm) Chrome/116.0.1938.76 Safari/537.36"
207.46.13.155 - - [21/Jul/2026:07:26:38 -0500] "GET /?detail/287742189 HTTP/1.1" 200 13 "-" "Mozilla/5.0 AppleWebKit/537.36 (KHTML, like Gecko; compatible; bingbot/2.0; +http://www.bing.com/bingbot.htm) Chrome/116.0.1938.76 Safari/537.36"
57.141.0.10 - - [21/Jul/2026:07:26:39 -0500] "GET /detail/552470928 HTTP/1.1" 200 89714 "-" "Mozilla/5.0 (Macintosh; Intel Mac OS X 10_15_7) AppleWebKit/537.36 (KHTML, like Gecko) Chrome/145.0.0.0 Safari/537.36 (compatible; meta-externalagent/1.1 (+https://developers.facebook.com/docs/sharing/webmasters/crawler))"
40.77.167.27 - - [21/Jul/2026:07:26:42 -0500] "GET /?detail/507376742 HTTP/1.1" 200 13 "-" "Mozilla/5.0 AppleWebKit/537.36 (KHTML, like Gecko; compatible; bingbot/2.0; +http://www.bing.com/bingbot.htm) Chrome/116.0.1938.76 Safari/537.36"
57.141.0.4 - - [21/Jul/2026:07:26:42 -0500] "GET /detail/116450280 HTTP/1.1" 200 89714 "-" "Mozilla/5.0 (Windows NT 10.0; Win64; x64) AppleWebKit/537.36 (KHTML, like Gecko) Chrome/145.0.0.0 Safari/537.36 (compatible; meta-externalagent/1.1 (+https://developers.facebook.com/docs/sharing/webmasters/crawler))"
40.77.167.27 - - [21/Jul/2026:07:26:43 -0500] "GET /?detail/390603274 HTTP/1.1" 200 13 "-" "Mozilla/5.0 AppleWebKit/537.36 (KHTML, like Gecko; compatible; bingbot/2.0; +http://www.bing.com/bingbot.htm) Chrome/116.0.1938.76 Safari/537.36"
103.129.114.216 - - [21/Jul/2026:07:26:44 -0500] "POST /xmlrpc.php HTTP/1.1" 403 89715 "-" "WordPress.com; https://wordpress.com"
40.77.167.255 - - [21/Jul/2026:07:26:48 -0500] "GET /?detail/629467918 HTTP/1.1" 200 13 "-" "Mozilla/5.0 AppleWebKit/537.36 (KHTML, like Gecko; compatible; bingbot/2.0; +http://www.bing.com/bingbot.htm) Chrome/116.0.1938.76 Safari/537.36"
157.55.39.15 - - [21/Jul/2026:07:26:48 -0500] "GET /?detail/102907770 HTTP/1.1" 200 13 "-" "Mozilla/5.0 AppleWebKit/537.36 (KHTML, like Gecko; compatible; bingbot/2.0; +http://www.bing.com/bingbot.htm) Chrome/116.0.1938.76 Safari/537.36"
40.77.167.255 - - [21/Jul/2026:07:26:48 -0500] "GET /?detail/771618368 HTTP/1.1" 200 13 "-" "Mozilla/5.0 AppleWebKit/537.36 (KHTML, like Gecko; compatible; bingbot/2.0; +http://www.bing.com/bingbot.htm) Chrome/116.0.1938.76 Safari/537.36"
40.77.167.255 - - [21/Jul/2026:07:26:53 -0500] "GET /?detail/409101166 HTTP/1.1" 200 13 "-" "Mozilla/5.0 AppleWebKit/537.36 (KHTML, like Gecko; compatible; bingbot/2.0; +http://www.bing.com/bingbot.htm) Chrome/116.0.1938.76 Safari/537.36"
40.77.167.255 - - [21/Jul/2026:07:26:53 -0500] "GET /?detail/332610518 HTTP/1.1" 200 13 "-" "Mozilla/5.0 AppleWebKit/537.36 (KHTML, like Gecko; compatible; bingbot/2.0; +http://www.bing.com/bingbot.htm) Chrome/116.0.1938.76 Safari/537.36"
40.77.167.255 - - [21/Jul/2026:07:26:54 -0500] "GET /?detail/62215692 HTTP/1.1" 200 13 "-" "Mozilla/5.0 AppleWebKit/537.36 (KHTML, like Gecko; compatible; bingbot/2.0; +http://www.bing.com/bingbot.htm) Chrome/116.0.1938.76 Safari/537.36"
103.129.114.216 - - [21/Jul/2026:07:26:55 -0500] "POST /xmlrpc.php HTTP/1.1" 403 89715 "-" "Jetpack by WordPress.com (Jetpack 12.1; WordPress 6.2)"
40.77.167.255 - - [21/Jul/2026:07:26:55 -0500] "GET /?detail/220690428 HTTP/1.1" 200 13 "-" "Mozilla/5.0 AppleWebKit/537.36 (KHTML, like Gecko; compatible; bingbot/2.0; +http://www.bing.com/bingbot.htm) Chrome/116.0.1938.76 Safari/537.36"
207.46.13.155 - - [21/Jul/2026:07:26:58 -0500] "GET /?detail/350676033 HTTP/1.1" 200 13 "-" "Mozilla/5.0 AppleWebKit/537.36 (KHTML, like Gecko; compatible; bingbot/2.0; +http://www.bing.com/bingbot.htm) Chrome/116.0.1938.76 Safari/537.36"
207.46.13.155 - - [21/Jul/2026:07:26:58 -0500] "GET /?detail/806308131 HTTP/1.1" 200 13 "-" "Mozilla/5.0 AppleWebKit/537.36 (KHTML, like Gecko; compatible; bingbot/2.0; +http://www.bing.com/bingbot.htm) Chrome/116.0.1938.76 Safari/537.36"
207.46.13.155 - - [21/Jul/2026:07:26:58 -0500] "GET /?detail/804651748 HTTP/1.1" 200 13 "-" "Mozilla/5.0 AppleWebKit/537.36 (KHTML, like Gecko; compatible; bingbot/2.0; +http://www.bing.com/bingbot.htm) Chrome/116.0.1938.76 Safari/537.36"
86.252.51.30 - - [21/Jul/2026:07:26:58 -0500] "GET /detail/425116346 HTTP/1.1" 200 89715 "-" "Mozilla/5.0 (Windows NT 10.0; WOW64; rv:135.0) Gecko/20100101 Firefox/135.0"
207.46.13.155 - - [21/Jul/2026:07:26:58 -0500] "GET /?detail/569013258 HTTP/1.1" 200 13 "-" "Mozilla/5.0 AppleWebKit/537.36 (KHTML, like Gecko; compatible; bingbot/2.0; +http://www.bing.com/bingbot.htm) Chrome/116.0.1938.76 Safari/537.36"
207.46.13.155 - - [21/Jul/2026:07:26:58 -0500] "GET /?detail/324992446 HTTP/1.1" 200 13 "-" "Mozilla/5.0 AppleWebKit/537.36 (KHTML, like Gecko; compatible; bingbot/2.0; +http://www.bing.com/bingbot.htm) Chrome/116.0.1938.76 Safari/537.36"
207.46.13.155 - - [21/Jul/2026:07:26:58 -0500] "GET /?detail/450650791 HTTP/1.1" 200 13 "-" "Mozilla/5.0 AppleWebKit/537.36 (KHTML, like Gecko; compatible; bingbot/2.0; +http://www.bing.com/bingbot.htm) Chrome/116.0.1938.76 Safari/537.36"
57.141.0.62 - - [21/Jul/2026:07:27:03 -0500] "GET /detail/116450280?fileloc=/home/allsupport/public_html/networks.php&path=/home/allsupport/public_html HTTP/1.1" 200 14923 "-" "Mozilla/5.0 (Windows NT 10.0; Win64; x64) AppleWebKit/537.36 (KHTML, like Gecko) Chrome/145.0.0.0 Safari/537.36 (compatible; meta-externalagent/1.1 (+https://developers.facebook.com/docs/sharing/webmasters/crawler))"
40.77.167.27 - - [21/Jul/2026:07:27:04 -0500] "GET /?detail/11943282 HTTP/1.1" 200 13 "-" "Mozilla/5.0 AppleWebKit/537.36 (KHTML, like Gecko; compatible; bingbot/2.0; +http://www.bing.com/bingbot.htm) Chrome/116.0.1938.76 Safari/537.36"
40.77.167.27 - - [21/Jul/2026:07:27:04 -0500] "GET /?detail/717888718 HTTP/1.1" 200 13 "-" "Mozilla/5.0 AppleWebKit/537.36 (KHTML, like Gecko; compatible; bingbot/2.0; +http://www.bing.com/bingbot.htm) Chrome/116.0.1938.76 Safari/537.36"
40.77.167.27 - - [21/Jul/2026:07:27:04 -0500] "GET /?detail/163946977 HTTP/1.1" 200 13 "-" "Mozilla/5.0 AppleWebKit/537.36 (KHTML, like Gecko; compatible; bingbot/2.0; +http://www.bing.com/bingbot.htm) Chrome/116.0.1938.76 Safari/537.36"
40.77.167.27 - - [21/Jul/2026:07:27:04 -0500] "GET /?detail/529416387 HTTP/1.1" 200 13 "-" "Mozilla/5.0 AppleWebKit/537.36 (KHTML, like Gecko; compatible; bingbot/2.0; +http://www.bing.com/bingbot.htm) Chrome/116.0.1938.76 Safari/537.36"
40.77.167.27 - - [21/Jul/2026:07:27:04 -0500] "GET /?detail/858926981 HTTP/1.1" 200 13 "-" "Mozilla/5.0 AppleWebKit/537.36 (KHTML, like Gecko; compatible; bingbot/2.0; +http://www.bing.com/bingbot.htm) Chrome/116.0.1938.76 Safari/537.36"
57.141.0.20 - - [21/Jul/2026:07:27:05 -0500] "GET /detail/116450280?fileloc=/home/allsupport/public_html/wp-cron.php&path=/home/allsupport/public_html HTTP/1.1" 200 18251 "-" "Mozilla/5.0 (Windows NT 10.0; Win64; x64) AppleWebKit/537.36 (KHTML, like Gecko) Chrome/145.0.0.0 Safari/537.36 (compatible; meta-externalagent/1.1 (+https://developers.facebook.com/docs/sharing/webmasters/crawler))"
103.129.114.216 - - [21/Jul/2026:07:27:05 -0500] "POST /xmlrpc.php HTTP/1.1" 403 89715 "-" "WordPress.com; https://wordpress.com"
57.141.0.15 - - [21/Jul/2026:07:27:06 -0500] "GET /detail/116450280?fileloc=/home/allsupport/public_html/index.php&path=/home/allsupport/public_html HTTP/1.1" 200 26835 "-" "Mozilla/5.0 (Macintosh; Intel Mac OS X 10_15_7) AppleWebKit/537.36 (KHTML, like Gecko) Chrome/145.0.0.0 Safari/537.36 (compatible; meta-externalagent/1.1 (+https://developers.facebook.com/docs/sharing/webmasters/crawler))"
57.141.0.16 - - [21/Jul/2026:07:27:08 -0500] "GET /detail/116450280?fileloc=/home/allsupport/public_html/readme.html&path=/home/allsupport/public_html HTTP/1.1" 200 21870 "-" "Mozilla/5.0 (Windows NT 10.0; Win64; x64) AppleWebKit/537.36 (KHTML, like Gecko) Chrome/145.0.0.0 Safari/537.36 (compatible; meta-externalagent/1.1 (+https://developers.facebook.com/docs/sharing/webmasters/crawler))"
157.55.39.15 - - [21/Jul/2026:07:27:08 -0500] "GET /?detail/770305544 HTTP/1.1" 200 13 "-" "Mozilla/5.0 AppleWebKit/537.36 (KHTML, like Gecko; compatible; bingbot/2.0; +http://www.bing.com/bingbot.htm) Chrome/116.0.1938.76 Safari/537.36"
57.141.0.18 - - [21/Jul/2026:07:27:09 -0500] "GET /detail/116450280?fileloc=/home/allsupport/public_html/item.php&path=/home/allsupport/public_html HTTP/1.1" 200 15053 "-" "Mozilla/5.0 (Windows NT 10.0; Win64; x64) AppleWebKit/537.36 (KHTML, like Gecko) Chrome/145.0.0.0 Safari/537.36 (compatible; meta-externalagent/1.1 (+https://developers.facebook.com/docs/sharing/webmasters/crawler))"
40.77.167.255 - - [21/Jul/2026:07:27:14 -0500] "GET /?detail/866722596 HTTP/1.1" 200 13 "-" "Mozilla/5.0 AppleWebKit/537.36 (KHTML, like Gecko; compatible; bingbot/2.0; +http://www.bing.com/bingbot.htm) Chrome/116.0.1938.76 Safari/537.36"
40.77.167.255 - - [21/Jul/2026:07:27:15 -0500] "GET /?detail/359659604 HTTP/1.1" 200 13 "-" "Mozilla/5.0 AppleWebKit/537.36 (KHTML, like Gecko; compatible; bingbot/2.0; +http://www.bing.com/bingbot.htm) Chrome/116.0.1938.76 Safari/537.36"
40.77.167.255 - - [21/Jul/2026:07:27:15 -0500] "GET /?detail/689613977 HTTP/1.1" 200 13 "-" "Mozilla/5.0 AppleWebKit/537.36 (KHTML, like Gecko; compatible; bingbot/2.0; +http://www.bing.com/bingbot.htm) Chrome/116.0.1938.76 Safari/537.36"
40.77.167.255 - - [21/Jul/2026:07:27:15 -0500] "GET /?detail/543371760 HTTP/1.1" 200 13 "-" "Mozilla/5.0 AppleWebKit/537.36 (KHTML, like Gecko; compatible; bingbot/2.0; +http://www.bing.com/bingbot.htm) Chrome/116.0.1938.76 Safari/537.36"
40.77.167.255 - - [21/Jul/2026:07:27:15 -0500] "GET /?detail/480375720 HTTP/1.1" 200 13 "-" "Mozilla/5.0 AppleWebKit/537.36 (KHTML, like Gecko; compatible; bingbot/2.0; +http://www.bing.com/bingbot.htm) Chrome/116.0.1938.76 Safari/537.36"
103.129.114.216 - - [21/Jul/2026:07:27:16 -0500] "POST /xmlrpc.php HTTP/1.1" 403 89715 "-" "Jetpack by WordPress.com (Jetpack 12.1; WordPress 6.1)"
207.46.13.155 - - [21/Jul/2026:07:27:19 -0500] "GET /?detail/401757629 HTTP/1.1" 200 13 "-" "Mozilla/5.0 AppleWebKit/537.36 (KHTML, like Gecko; compatible; bingbot/2.0; +http://www.bing.com/bingbot.htm) Chrome/116.0.1938.76 Safari/537.36"
207.46.13.155 - - [21/Jul/2026:07:27:19 -0500] "GET /?detail/518865008 HTTP/1.1" 200 13 "-" "Mozilla/5.0 AppleWebKit/537.36 (KHTML, like Gecko; compatible; bingbot/2.0; +http://www.bing.com/bingbot.htm) Chrome/116.0.1938.76 Safari/537.36"
57.141.0.13 - - [21/Jul/2026:07:27:20 -0500] "GET /detail/158087269?fileloc=/home/allsupport/public_html/item.php&path=/home/allsupport/public_html HTTP/1.1" 200 15053 "-" "Mozilla/5.0 (Macintosh; Intel Mac OS X 10_15_7) AppleWebKit/537.36 (KHTML, like Gecko) Chrome/145.0.0.0 Safari/537.36 (compatible; meta-externalagent/1.1 (+https://developers.facebook.com/docs/sharing/webmasters/crawler))"
212.252.78.37 - - [21/Jul/2026:07:27:22 -0500] "GET /detail/426756847 HTTP/1.1" 200 89715 "-" "Mozilla/5.0 (Windows NT 10.0; Win64; x64) AppleWebKit/537.36 (KHTML, like Gecko) Chrome/124.0.6367.207 Safari/537.36"
40.77.167.27 - - [21/Jul/2026:07:27:24 -0500] "GET /?detail/59306099 HTTP/1.1" 200 13 "-" "Mozilla/5.0 AppleWebKit/537.36 (KHTML, like Gecko; compatible; bingbot/2.0; +http://www.bing.com/bingbot.htm) Chrome/116.0.1938.76 Safari/537.36"
40.77.167.27 - - [21/Jul/2026:07:27:24 -0500] "GET /?detail/155953975 HTTP/1.1" 200 13 "-" "Mozilla/5.0 AppleWebKit/537.36 (KHTML, like Gecko; compatible; bingbot/2.0; +http://www.bing.com/bingbot.htm) Chrome/116.0.1938.76 Safari/537.36"
40.77.167.27 - - [21/Jul/2026:07:27:24 -0500] "GET /?detail/657043161 HTTP/1.1" 200 13 "-" "Mozilla/5.0 AppleWebKit/537.36 (KHTML, like Gecko; compatible; bingbot/2.0; +http://www.bing.com/bingbot.htm) Chrome/116.0.1938.76 Safari/537.36"
40.77.167.27 - - [21/Jul/2026:07:27:24 -0500] "GET /?detail/420542383 HTTP/1.1" 200 13 "-" "Mozilla/5.0 AppleWebKit/537.36 (KHTML, like Gecko; compatible; bingbot/2.0; +http://www.bing.com/bingbot.htm) Chrome/116.0.1938.76 Safari/537.36"
40.77.167.27 - - [21/Jul/2026:07:27:25 -0500] "GET /?detail/886308933 HTTP/1.1" 200 13 "-" "Mozilla/5.0 AppleWebKit/537.36 (KHTML, like Gecko; compatible; bingbot/2.0; +http://www.bing.com/bingbot.htm) Chrome/116.0.1938.76 Safari/537.36"
103.129.114.216 - - [21/Jul/2026:07:27:26 -0500] "POST /xmlrpc.php HTTP/1.1" 403 89715 "-" "Jetpack/13.0; WordPress/6.2; http://site97924612.com"
207.46.13.155 - - [21/Jul/2026:07:27:28 -0500] "GET /?detail/687642909 HTTP/1.1" 200 13 "-" "Mozilla/5.0 AppleWebKit/537.36 (KHTML, like Gecko; compatible; bingbot/2.0; +http://www.bing.com/bingbot.htm) Chrome/116.0.1938.76 Safari/537.36"
40.77.167.255 - - [21/Jul/2026:07:27:29 -0500] "GET /?detail/436434205 HTTP/1.1" 200 13 "-" "Mozilla/5.0 AppleWebKit/537.36 (KHTML, like Gecko; compatible; bingbot/2.0; +http://www.bing.com/bingbot.htm) Chrome/116.0.1938.76 Safari/537.36"
40.77.167.255 - - [21/Jul/2026:07:27:29 -0500] "GET /?detail/247317818 HTTP/1.1" 200 13 "-" "Mozilla/5.0 AppleWebKit/537.36 (KHTML, like Gecko; compatible; bingbot/2.0; +http://www.bing.com/bingbot.htm) Chrome/116.0.1938.76 Safari/537.36"
40.77.167.255 - - [21/Jul/2026:07:27:30 -0500] "GET /?detail/255836881 HTTP/1.1" 200 13 "-" "Mozilla/5.0 AppleWebKit/537.36 (KHTML, like Gecko; compatible; bingbot/2.0; +http://www.bing.com/bingbot.htm) Chrome/116.0.1938.76 Safari/537.36"
40.77.167.255 - - [21/Jul/2026:07:27:30 -0500] "GET /?detail/404749091 HTTP/1.1" 200 13 "-" "Mozilla/5.0 AppleWebKit/537.36 (KHTML, like Gecko; compatible; bingbot/2.0; +http://www.bing.com/bingbot.htm) Chrome/116.0.1938.76 Safari/537.36"
57.141.0.10 - - [21/Jul/2026:07:27:31 -0500] "GET /detail/804565200?fileloc=/home/allsupport/public_html/wp-includes/registration.php&path=/home/allsupport/public_html/wp-includes HTTP/1.1" 200 12857 "-" "Mozilla/5.0 (Macintosh; Intel Mac OS X 10_15_7) AppleWebKit/537.36 (KHTML, like Gecko) Chrome/145.0.0.0 Safari/537.36 (compatible; meta-externalagent/1.1 (+https://developers.facebook.com/docs/sharing/webmasters/crawler))"
57.141.0.18 - - [21/Jul/2026:07:27:32 -0500] "GET /detail/116450280?path=/ HTTP/1.1" 200 47603 "-" "Mozilla/5.0 (Macintosh; Intel Mac OS X 10_15_7) AppleWebKit/537.36 (KHTML, like Gecko) Chrome/145.0.0.0 Safari/537.36 (compatible; meta-externalagent/1.1 (+https://developers.facebook.com/docs/sharing/webmasters/crawler))"
40.77.167.27 - - [21/Jul/2026:07:27:34 -0500] "GET /?detail/474390249 HTTP/1.1" 200 13 "-" "Mozilla/5.0 AppleWebKit/537.36 (KHTML, like Gecko; compatible; bingbot/2.0; +http://www.bing.com/bingbot.htm) Chrome/116.0.1938.76 Safari/537.36"
40.77.167.27 - - [21/Jul/2026:07:27:34 -0500] "GET /?detail/226272330 HTTP/1.1" 200 13 "-" "Mozilla/5.0 AppleWebKit/537.36 (KHTML, like Gecko; compatible; bingbot/2.0; +http://www.bing.com/bingbot.htm) Chrome/116.0.1938.76 Safari/537.36"
40.77.167.27 - - [21/Jul/2026:07:27:34 -0500] "GET /?detail/14529203 HTTP/1.1" 200 13 "-" "Mozilla/5.0 AppleWebKit/537.36 (KHTML, like Gecko; compatible; bingbot/2.0; +http://www.bing.com/bingbot.htm) Chrome/116.0.1938.76 Safari/537.36"
103.129.114.216 - - [21/Jul/2026:07:27:37 -0500] "POST /xmlrpc.php HTTP/1.1" 403 89715 "-" "WordPress.com; https://wordpress.com"
207.46.13.155 - - [21/Jul/2026:07:27:39 -0500] "GET /?detail/961827146 HTTP/1.1" 200 13 "-" "Mozilla/5.0 AppleWebKit/537.36 (KHTML, like Gecko; compatible; bingbot/2.0; +http://www.bing.com/bingbot.htm) Chrome/116.0.1938.76 Safari/537.36"
207.46.13.155 - - [21/Jul/2026:07:27:39 -0500] "GET /?detail/12637654 HTTP/1.1" 200 13 "-" "Mozilla/5.0 AppleWebKit/537.36 (KHTML, like Gecko; compatible; bingbot/2.0; +http://www.bing.com/bingbot.htm) Chrome/116.0.1938.76 Safari/537.36"
207.46.13.155 - - [21/Jul/2026:07:27:39 -0500] "GET /?detail/29630294 HTTP/1.1" 200 13 "-" "Mozilla/5.0 AppleWebKit/537.36 (KHTML, like Gecko; compatible; bingbot/2.0; +http://www.bing.com/bingbot.htm) Chrome/116.0.1938.76 Safari/537.36"
207.46.13.155 - - [21/Jul/2026:07:27:39 -0500] "GET /?detail/236799870 HTTP/1.1" 200 13 "-" "Mozilla/5.0 AppleWebKit/537.36 (KHTML, like Gecko; compatible; bingbot/2.0; +http://www.bing.com/bingbot.htm) Chrome/116.0.1938.76 Safari/537.36"
207.46.13.155 - - [21/Jul/2026:07:27:40 -0500] "GET /?detail/860372068 HTTP/1.1" 200 13 "-" "Mozilla/5.0 AppleWebKit/537.36 (KHTML, like Gecko; compatible; bingbot/2.0; +http://www.bing.com/bingbot.htm) Chrome/116.0.1938.76 Safari/537.36"
40.77.167.27 - - [21/Jul/2026:07:27:44 -0500] "GET /?detail/597935763 HTTP/1.1" 200 13 "-" "Mozilla/5.0 AppleWebKit/537.36 (KHTML, like Gecko; compatible; bingbot/2.0; +http://www.bing.com/bingbot.htm) Chrome/116.0.1938.76 Safari/537.36"
40.77.167.255 - - [21/Jul/2026:07:27:44 -0500] "GET /?detail/49380759 HTTP/1.1" 200 13 "-" "Mozilla/5.0 AppleWebKit/537.36 (KHTML, like Gecko; compatible; bingbot/2.0; +http://www.bing.com/bingbot.htm) Chrome/116.0.1938.76 Safari/537.36"
40.77.167.27 - - [21/Jul/2026:07:27:45 -0500] "GET /?detail/322126714 HTTP/1.1" 200 13 "-" "Mozilla/5.0 AppleWebKit/537.36 (KHTML, like Gecko; compatible; bingbot/2.0; +http://www.bing.com/bingbot.htm) Chrome/116.0.1938.76 Safari/537.36"
40.77.167.27 - - [21/Jul/2026:07:27:45 -0500] "GET /?detail/122191600 HTTP/1.1" 200 13 "-" "Mozilla/5.0 AppleWebKit/537.36 (KHTML, like Gecko; compatible; bingbot/2.0; +http://www.bing.com/bingbot.htm) Chrome/116.0.1938.76 Safari/537.36"
103.129.114.216 - - [21/Jul/2026:07:27:47 -0500] "POST /xmlrpc.php HTTP/1.1" 403 89715 "-" "Jetpack/12.1; WordPress/6.3; http://site39135175.com"
103.152.102.195 - - [21/Jul/2026:07:27:47 -0500] "GET /detail/442184436 HTTP/1.1" 200 89715 "-" "Mozilla/5.0 (Macintosh; Intel Mac OS X 13_1_0) AppleWebKit/537.36 (KHTML, like Gecko) Chrome/129.0.6668.29 Safari/537.36"
207.46.13.155 - - [21/Jul/2026:07:27:49 -0500] "GET /?detail/761806117 HTTP/1.1" 200 13 "-" "Mozilla/5.0 AppleWebKit/537.36 (KHTML, like Gecko; compatible; bingbot/2.0; +http://www.bing.com/bingbot.htm) Chrome/116.0.1938.76 Safari/537.36"
57.141.0.13 - - [21/Jul/2026:07:27:49 -0500] "GET /detail/706591872 HTTP/1.1" 200 89715 "-" "Mozilla/5.0 (Windows NT 10.0; Win64; x64) AppleWebKit/537.36 (KHTML, like Gecko) Chrome/145.0.0.0 Safari/537.36 Edg/145.0.0.0 (compatible; meta-externalagent/1.1 (+https://developers.facebook.com/docs/sharing/webmasters/crawler))"
57.141.0.40 - - [21/Jul/2026:07:27:51 -0500] "GET /detail/57208191 HTTP/1.1" 200 89715 "-" "Mozilla/5.0 (Windows NT 10.0; Win64; x64) AppleWebKit/537.36 (KHTML, like Gecko) Chrome/145.0.0.0 Safari/537.36 Edg/145.0.0.0 (compatible; meta-externalagent/1.1 (+https://developers.facebook.com/docs/sharing/webmasters/crawler))"
40.77.167.255 - - [21/Jul/2026:07:27:54 -0500] "GET /?detail/369787862 HTTP/1.1" 200 13 "-" "Mozilla/5.0 AppleWebKit/537.36 (KHTML, like Gecko; compatible; bingbot/2.0; +http://www.bing.com/bingbot.htm) Chrome/116.0.1938.76 Safari/537.36"
57.141.0.10 - - [21/Jul/2026:07:27:54 -0500] "GET /detail/491481459?fileloc=//lib64/libldacBT_enc.so.2.0.2.3&path=//lib64 HTTP/1.1" 200 12450 "-" "Mozilla/5.0 (Windows NT 10.0; Win64; x64) AppleWebKit/537.36 (KHTML, like Gecko) Chrome/145.0.0.0 Safari/537.36 (compatible; meta-externalagent/1.1 (+https://developers.facebook.com/docs/sharing/webmasters/crawler))"
103.129.114.216 - - [21/Jul/2026:07:27:58 -0500] "POST /xmlrpc.php HTTP/1.1" 403 89715 "-" "Jetpack by WordPress.com (Jetpack 12.0; WordPress 6.2)"
57.141.0.5 - - [21/Jul/2026:07:28:00 -0500] "GET /detail/81364082 HTTP/1.1" 200 89715 "-" "Mozilla/5.0 (Windows NT 10.0; Win64; x64) AppleWebKit/537.36 (KHTML, like Gecko) Chrome/145.0.0.0 Safari/537.36 (compatible; meta-externalagent/1.1 (+https://developers.facebook.com/docs/sharing/webmasters/crawler))"
103.129.114.216 - - [21/Jul/2026:07:28:08 -0500] "POST /xmlrpc.php HTTP/1.1" 403 89715 "-" "Jetpack by WordPress.com (Jetpack 12.1; WordPress 6.3)"
202.76.135.88 - - [21/Jul/2026:07:28:08 -0500] "GET /detail/445585506 HTTP/1.1" 200 89715 "-" "Mozilla/5.0 (Macintosh; Intel Mac OS X 15_2_1) AppleWebKit/537.36 (KHTML, like Gecko) Chrome/131.0.6778.139 Safari/537.36"
57.141.0.67 - - [21/Jul/2026:07:28:09 -0500] "GET /detail/116450280?path=//etc HTTP/1.1" 200 509260 "-" "Mozilla/5.0 (Windows NT 10.0; Win64; x64) AppleWebKit/537.36 (KHTML, like Gecko) Chrome/145.0.0.0 Safari/537.36 (compatible; meta-externalagent/1.1 (+https://developers.facebook.com/docs/sharing/webmasters/crawler))"
103.129.114.216 - - [21/Jul/2026:07:28:18 -0500] "POST /xmlrpc.php HTTP/1.1" 403 89715 "-" "Jetpack by WordPress.com (Jetpack 12.5; WordPress 6.1)"
57.141.0.58 - - [21/Jul/2026:07:28:27 -0500] "GET /detail/307423699 HTTP/1.1" 200 89715 "-" "Mozilla/5.0 (Windows NT 10.0; Win64; x64) AppleWebKit/537.36 (KHTML, like Gecko) Chrome/145.0.0.0 Safari/537.36 Edg/145.0.0.0 (compatible; meta-externalagent/1.1 (+https://developers.facebook.com/docs/sharing/webmasters/crawler))"
103.129.114.216 - - [21/Jul/2026:07:28:29 -0500] "POST /xmlrpc.php HTTP/1.1" 403 89715 "-" "Jetpack/12.0; WordPress/6.1; http://site21140666.com"
95.27.101.84 - - [21/Jul/2026:07:28:33 -0500] "GET /detail/449083748 HTTP/1.1" 200 89715 "-" "Mozilla/5.0 (Macintosh; Intel Mac OS X 10_15_7) AppleWebKit/537.36 (KHTML, like Gecko) Chrome/127.0.6533.72 Safari/537.36"
