57.141.0.28 - - [21/Jul/2026:09:21:24 -0500] "GET /detail/785415708 HTTP/1.1" 200 89715 "-" "Mozilla/5.0 (X11; Linux x86_64) AppleWebKit/537.36 (KHTML, like Gecko) Chrome/145.0.0.0 Safari/537.36 (compatible; meta-externalagent/1.1 (+https://developers.facebook.com/docs/sharing/webmasters/crawler))"
51.161.65.56 - - [21/Jul/2026:09:21:25 -0500] "GET /detail/260199076 HTTP/1.1" 200 89715 "-" "Mozilla/5.0 (compatible; AhrefsBot/7.0; +http://ahrefs.com/robot/)"
52.167.144.158 - - [21/Jul/2026:09:21:26 -0500] "GET /?detail/249042579 HTTP/1.1" 200 13 "-" "Mozilla/5.0 AppleWebKit/537.36 (KHTML, like Gecko; compatible; bingbot/2.0; +http://www.bing.com/bingbot.htm) Chrome/116.0.1938.76 Safari/537.36"
52.167.144.158 - - [21/Jul/2026:09:21:26 -0500] "GET /?detail/278604105 HTTP/1.1" 200 13 "-" "Mozilla/5.0 AppleWebKit/537.36 (KHTML, like Gecko; compatible; bingbot/2.0; +http://www.bing.com/bingbot.htm) Chrome/116.0.1938.76 Safari/537.36"
52.167.144.158 - - [21/Jul/2026:09:21:26 -0500] "GET /?detail/848652015 HTTP/1.1" 200 13 "-" "Mozilla/5.0 AppleWebKit/537.36 (KHTML, like Gecko; compatible; bingbot/2.0; +http://www.bing.com/bingbot.htm) Chrome/116.0.1938.76 Safari/537.36"
52.167.144.158 - - [21/Jul/2026:09:21:27 -0500] "GET /?detail/507245573 HTTP/1.1" 200 13 "-" "Mozilla/5.0 AppleWebKit/537.36 (KHTML, like Gecko; compatible; bingbot/2.0; +http://www.bing.com/bingbot.htm) Chrome/116.0.1938.76 Safari/537.36"
83.37.91.28 - - [21/Jul/2026:09:21:27 -0500] "GET /detail/62295554 HTTP/1.1" 200 89715 "-" "Mozilla/5.0 (Macintosh; Intel Mac OS X 12_7_2) AppleWebKit/537.36 (KHTML, like Gecko) Chrome/126.0.6478.182 Safari/537.36"
52.167.144.158 - - [21/Jul/2026:09:21:27 -0500] "GET /?detail/847400039 HTTP/1.1" 200 13 "-" "Mozilla/5.0 AppleWebKit/537.36 (KHTML, like Gecko; compatible; bingbot/2.0; +http://www.bing.com/bingbot.htm) Chrome/116.0.1938.76 Safari/537.36"
57.141.0.28 - - [21/Jul/2026:09:21:27 -0500] "GET /detail/705610931?fileloc=//bin/verify_blkparse&path=//bin HTTP/1.1" 200 12435 "-" "Mozilla/5.0 (Macintosh; Intel Mac OS X 10_15_7) AppleWebKit/537.36 (KHTML, like Gecko) Chrome/145.0.0.0 Safari/537.36 (compatible; meta-externalagent/1.1 (+https://developers.facebook.com/docs/sharing/webmasters/crawler))"
57.141.0.59 - - [21/Jul/2026:09:21:27 -0500] "GET /detail/162119664 HTTP/1.1" 200 89715 "-" "Mozilla/5.0 (Macintosh; Intel Mac OS X 10_15_7) AppleWebKit/537.36 (KHTML, like Gecko) Chrome/145.0.0.0 Safari/537.36 (compatible; meta-externalagent/1.1 (+https://developers.facebook.com/docs/sharing/webmasters/crawler))"
57.141.0.37 - - [21/Jul/2026:09:21:28 -0500] "GET /detail/705610931?fileloc=//bin/pphs&path=//bin HTTP/1.1" 200 12902 "-" "Mozilla/5.0 (Windows NT 10.0; Win64; x64) AppleWebKit/537.36 (KHTML, like Gecko) Chrome/145.0.0.0 Safari/537.36 (compatible; meta-externalagent/1.1 (+https://developers.facebook.com/docs/sharing/webmasters/crawler))"
57.141.0.18 - - [21/Jul/2026:09:21:29 -0500] "GET /detail/705610931?fileloc=//bin/chown&path=//bin HTTP/1.1" 200 12425 "-" "Mozilla/5.0 (X11; Linux x86_64) AppleWebKit/537.36 (KHTML, like Gecko) Chrome/145.0.0.0 Safari/537.36 (compatible; meta-externalagent/1.1 (+https://developers.facebook.com/docs/sharing/webmasters/crawler))"
40.77.167.49 - - [21/Jul/2026:09:21:30 -0500] "GET /?detail/729449574 HTTP/1.1" 200 13 "-" "Mozilla/5.0 AppleWebKit/537.36 (KHTML, like Gecko; compatible; bingbot/2.0; +http://www.bing.com/bingbot.htm) Chrome/116.0.1938.76 Safari/537.36"
157.55.39.15 - - [21/Jul/2026:09:21:31 -0500] "GET /?detail/783867990 HTTP/1.1" 200 13 "-" "Mozilla/5.0 AppleWebKit/537.36 (KHTML, like Gecko; compatible; bingbot/2.0; +http://www.bing.com/bingbot.htm) Chrome/116.0.1938.76 Safari/537.36"
157.55.39.15 - - [21/Jul/2026:09:21:31 -0500] "GET /?detail/882109744 HTTP/1.1" 200 13 "-" "Mozilla/5.0 AppleWebKit/537.36 (KHTML, like Gecko; compatible; bingbot/2.0; +http://www.bing.com/bingbot.htm) Chrome/116.0.1938.76 Safari/537.36"
157.55.39.15 - - [21/Jul/2026:09:21:31 -0500] "GET /?detail/266230940 HTTP/1.1" 200 13 "-" "Mozilla/5.0 AppleWebKit/537.36 (KHTML, like Gecko; compatible; bingbot/2.0; +http://www.bing.com/bingbot.htm) Chrome/116.0.1938.76 Safari/537.36"
157.55.39.15 - - [21/Jul/2026:09:21:31 -0500] "GET /?detail/704283677 HTTP/1.1" 200 13 "-" "Mozilla/5.0 AppleWebKit/537.36 (KHTML, like Gecko; compatible; bingbot/2.0; +http://www.bing.com/bingbot.htm) Chrome/116.0.1938.76 Safari/537.36"
157.55.39.15 - - [21/Jul/2026:09:21:32 -0500] "GET /?detail/351231732 HTTP/1.1" 200 13 "-" "Mozilla/5.0 AppleWebKit/537.36 (KHTML, like Gecko; compatible; bingbot/2.0; +http://www.bing.com/bingbot.htm) Chrome/116.0.1938.76 Safari/537.36"
57.141.0.40 - - [21/Jul/2026:09:21:32 -0500] "GET /detail/626754170?fileloc=/home/allsupport/public_html/wp-config.php&path=/home/allsupport/public_html HTTP/1.1" 200 16303 "-" "Mozilla/5.0 (Windows NT 10.0; Win64; x64) AppleWebKit/537.36 (KHTML, like Gecko) Chrome/145.0.0.0 Safari/537.36 (compatible; meta-externalagent/1.1 (+https://developers.facebook.com/docs/sharing/webmasters/crawler))"
89.136.88.168 - - [21/Jul/2026:09:21:28 -0500] "POST /xmlrpc.php HTTP/1.1" 403 89715 "-" "Jetpack/12.0; WordPress/6.4; http://site19604416.com"
114.119.139.220 - - [21/Jul/2026:09:21:33 -0500] "GET /detail/615584909?fileloc=/home/allsupport/public_html/wp-config.php&path=/home/allsupport/public_html HTTP/1.1" 200 16303 "https://karenhowellthebaker.com/detail/615584909" "Mozilla/5.0 (Linux; Android 7.0;) AppleWebKit/537.36 (HTML, like Gecko) Mobile Safari/537.36 (compatible; PetalBot;+https://webmaster.petalsearch.com/site/petalbot)"
204.12.208.18 - - [21/Jul/2026:09:21:14 -0500] "GET /wp-includes/wp59cdc4/index.php HTTP/1.1" 200 15 "https://karenhowellthebaker.com/wp-includes/wp59cdc4/index.php" "Mozilla/4.0 (compatible; MSIE 7.0; Windows NT 5.1)"
52.167.144.158 - - [21/Jul/2026:09:21:36 -0500] "GET /?detail/777290042 HTTP/1.1" 200 13 "-" "Mozilla/5.0 AppleWebKit/537.36 (KHTML, like Gecko; compatible; bingbot/2.0; +http://www.bing.com/bingbot.htm) Chrome/116.0.1938.76 Safari/537.36"
52.167.144.158 - - [21/Jul/2026:09:21:36 -0500] "GET /?detail/39999295 HTTP/1.1" 200 13 "-" "Mozilla/5.0 AppleWebKit/537.36 (KHTML, like Gecko; compatible; bingbot/2.0; +http://www.bing.com/bingbot.htm) Chrome/116.0.1938.76 Safari/537.36"
52.167.144.158 - - [21/Jul/2026:09:21:36 -0500] "GET /?detail/67156283 HTTP/1.1" 200 13 "-" "Mozilla/5.0 AppleWebKit/537.36 (KHTML, like Gecko; compatible; bingbot/2.0; +http://www.bing.com/bingbot.htm) Chrome/116.0.1938.76 Safari/537.36"
52.167.144.158 - - [21/Jul/2026:09:21:36 -0500] "GET /?detail/822134507 HTTP/1.1" 200 13 "-" "Mozilla/5.0 AppleWebKit/537.36 (KHTML, like Gecko; compatible; bingbot/2.0; +http://www.bing.com/bingbot.htm) Chrome/116.0.1938.76 Safari/537.36"
52.167.144.158 - - [21/Jul/2026:09:21:36 -0500] "GET /?detail/333655947 HTTP/1.1" 200 13 "-" "Mozilla/5.0 AppleWebKit/537.36 (KHTML, like Gecko; compatible; bingbot/2.0; +http://www.bing.com/bingbot.htm) Chrome/116.0.1938.76 Safari/537.36"
89.136.88.168 - - [21/Jul/2026:09:21:38 -0500] "POST /xmlrpc.php HTTP/1.1" 403 89715 "-" "WordPress.com; https://wordpress.com"
57.141.0.46 - - [21/Jul/2026:09:21:39 -0500] "GET /detail/916986678?path=/home HTTP/1.1" 200 12844 "-" "Mozilla/5.0 (Windows NT 10.0; Win64; x64) AppleWebKit/537.36 (KHTML, like Gecko) Chrome/145.0.0.0 Safari/537.36 Edg/145.0.0.0 (compatible; meta-externalagent/1.1 (+https://developers.facebook.com/docs/sharing/webmasters/crawler))"
57.141.0.16 - - [21/Jul/2026:09:21:39 -0500] "GET /detail/916986678?fileloc=/home/allsupport/public_html/wp-includes/class-wp-block-metadata-registry.php&path=/home/allsupport/public_html/wp-includes HTTP/1.1" 200 24591 "-" "Mozilla/5.0 (Windows NT 10.0; Win64; x64) AppleWebKit/537.36 (KHTML, like Gecko) Chrome/145.0.0.0 Safari/537.36 (compatible; meta-externalagent/1.1 (+https://developers.facebook.com/docs/sharing/webmasters/crawler))"
207.46.13.155 - - [21/Jul/2026:09:21:41 -0500] "GET /?detail/565373023 HTTP/1.1" 200 13 "-" "Mozilla/5.0 AppleWebKit/537.36 (KHTML, like Gecko; compatible; bingbot/2.0; +http://www.bing.com/bingbot.htm) Chrome/116.0.1938.76 Safari/537.36"
207.46.13.155 - - [21/Jul/2026:09:21:41 -0500] "GET /?detail/516125198 HTTP/1.1" 200 13 "-" "Mozilla/5.0 AppleWebKit/537.36 (KHTML, like Gecko; compatible; bingbot/2.0; +http://www.bing.com/bingbot.htm) Chrome/116.0.1938.76 Safari/537.36"
207.46.13.155 - - [21/Jul/2026:09:21:41 -0500] "GET /?detail/417498928 HTTP/1.1" 200 13 "-" "Mozilla/5.0 AppleWebKit/537.36 (KHTML, like Gecko; compatible; bingbot/2.0; +http://www.bing.com/bingbot.htm) Chrome/116.0.1938.76 Safari/537.36"
207.46.13.155 - - [21/Jul/2026:09:21:42 -0500] "GET /?detail/740439133 HTTP/1.1" 200 13 "-" "Mozilla/5.0 AppleWebKit/537.36 (KHTML, like Gecko; compatible; bingbot/2.0; +http://www.bing.com/bingbot.htm) Chrome/116.0.1938.76 Safari/537.36"
207.46.13.155 - - [21/Jul/2026:09:21:42 -0500] "GET /?detail/494949154 HTTP/1.1" 200 13 "-" "Mozilla/5.0 AppleWebKit/537.36 (KHTML, like Gecko; compatible; bingbot/2.0; +http://www.bing.com/bingbot.htm) Chrome/116.0.1938.76 Safari/537.36"
89.136.88.168 - - [21/Jul/2026:09:21:49 -0500] "POST /xmlrpc.php HTTP/1.1" 403 89715 "-" "Jetpack/12.1; WordPress/6.2; http://site40639826.com"
40.77.167.49 - - [21/Jul/2026:09:21:50 -0500] "GET /?detail/741827551 HTTP/1.1" 200 13 "-" "Mozilla/5.0 AppleWebKit/537.36 (KHTML, like Gecko; compatible; bingbot/2.0; +http://www.bing.com/bingbot.htm) Chrome/116.0.1938.76 Safari/537.36"
40.77.167.49 - - [21/Jul/2026:09:21:50 -0500] "GET /?detail/885651222 HTTP/1.1" 200 13 "-" "Mozilla/5.0 AppleWebKit/537.36 (KHTML, like Gecko; compatible; bingbot/2.0; +http://www.bing.com/bingbot.htm) Chrome/116.0.1938.76 Safari/537.36"
40.77.167.49 - - [21/Jul/2026:09:21:50 -0500] "GET /detail/442579706 HTTP/1.1" 200 13 "-" "Mozilla/5.0 AppleWebKit/537.36 (KHTML, like Gecko; compatible; bingbot/2.0; +http://www.bing.com/bingbot.htm) Chrome/116.0.1938.76 Safari/537.36"
40.77.167.49 - - [21/Jul/2026:09:21:51 -0500] "GET /?detail/779640852 HTTP/1.1" 200 13 "-" "Mozilla/5.0 AppleWebKit/537.36 (KHTML, like Gecko; compatible; bingbot/2.0; +http://www.bing.com/bingbot.htm) Chrome/116.0.1938.76 Safari/537.36"
86.153.34.188 - - [21/Jul/2026:09:21:52 -0500] "GET /detail/626738765 HTTP/1.1" 200 89712 "-" "Mozilla/5.0 (Macintosh; Intel Mac OS X 11_7_0) AppleWebKit/537.36 (KHTML, like Gecko) Chrome/134.0.6998.88 Safari/537.36"
57.141.0.32 - - [21/Jul/2026:09:21:55 -0500] "GET /detail/981251217 HTTP/1.1" 200 89712 "-" "Mozilla/5.0 (Macintosh; Intel Mac OS X 10_15_7) AppleWebKit/537.36 (KHTML, like Gecko) Chrome/145.0.0.0 Safari/537.36 (compatible; meta-externalagent/1.1 (+https://developers.facebook.com/docs/sharing/webmasters/crawler))"
52.167.144.158 - - [21/Jul/2026:09:21:56 -0500] "GET /?detail/62516496 HTTP/1.1" 200 13 "-" "Mozilla/5.0 AppleWebKit/537.36 (KHTML, like Gecko; compatible; bingbot/2.0; +http://www.bing.com/bingbot.htm) Chrome/116.0.1938.76 Safari/537.36"
52.167.144.158 - - [21/Jul/2026:09:21:57 -0500] "GET /detail/634140625 HTTP/1.1" 200 13 "-" "Mozilla/5.0 AppleWebKit/537.36 (KHTML, like Gecko; compatible; bingbot/2.0; +http://www.bing.com/bingbot.htm) Chrome/116.0.1938.76 Safari/537.36"
52.167.144.158 - - [21/Jul/2026:09:21:57 -0500] "GET /?detail/873172721 HTTP/1.1" 200 13 "-" "Mozilla/5.0 AppleWebKit/537.36 (KHTML, like Gecko; compatible; bingbot/2.0; +http://www.bing.com/bingbot.htm) Chrome/116.0.1938.76 Safari/537.36"
52.167.144.158 - - [21/Jul/2026:09:21:57 -0500] "GET /?detail/283268738 HTTP/1.1" 200 13 "-" "Mozilla/5.0 AppleWebKit/537.36 (KHTML, like Gecko; compatible; bingbot/2.0; +http://www.bing.com/bingbot.htm) Chrome/116.0.1938.76 Safari/537.36"
57.141.0.9 - - [21/Jul/2026:09:21:59 -0500] "GET /detail/141598202?fileloc=//lib64/libtotem-plparser.so.18&path=//lib64 HTTP/1.1" 200 12449 "-" "Mozilla/5.0 (Windows NT 10.0; Win64; x64) AppleWebKit/537.36 (KHTML, like Gecko) Chrome/145.0.0.0 Safari/537.36 (compatible; meta-externalagent/1.1 (+https://developers.facebook.com/docs/sharing/webmasters/crawler))"
89.136.88.168 - - [21/Jul/2026:09:21:59 -0500] "POST /xmlrpc.php HTTP/1.1" 403 89712 "-" "Jetpack by WordPress.com"
57.141.0.8 - - [21/Jul/2026:09:22:00 -0500] "GET /detail/880979424 HTTP/1.1" 200 89712 "-" "Mozilla/5.0 (Windows NT 10.0; Win64; x64) AppleWebKit/537.36 (KHTML, like Gecko) Chrome/145.0.0.0 Safari/537.36 (compatible; meta-externalagent/1.1 (+https://developers.facebook.com/docs/sharing/webmasters/crawler))"
57.141.0.49 - - [21/Jul/2026:09:22:02 -0500] "GET /detail/708499244 HTTP/1.1" 200 89712 "-" "Mozilla/5.0 (X11; Linux x86_64) AppleWebKit/537.36 (KHTML, like Gecko) Chrome/145.0.0.0 Safari/537.36 (compatible; meta-externalagent/1.1 (+https://developers.facebook.com/docs/sharing/webmasters/crawler))"
57.141.0.20 - - [21/Jul/2026:09:22:03 -0500] "GET /detail/847217099?fileloc=/home/allsupport/public_html/wp-config.php&path=/home/allsupport/public_html HTTP/1.1" 200 16303 "-" "Mozilla/5.0 (Macintosh; Intel Mac OS X 10_15_7) AppleWebKit/537.36 (KHTML, like Gecko) Chrome/145.0.0.0 Safari/537.36 (compatible; meta-externalagent/1.1 (+https://developers.facebook.com/docs/sharing/webmasters/crawler))"
57.141.0.13 - - [21/Jul/2026:09:22:03 -0500] "GET /detail/574595376?path=/home/allsupport/public_html/wp-includes HTTP/1.1" 200 465711 "-" "Mozilla/5.0 (X11; Linux x86_64) AppleWebKit/537.36 (KHTML, like Gecko) Chrome/145.0.0.0 Safari/537.36 (compatible; meta-externalagent/1.1 (+https://developers.facebook.com/docs/sharing/webmasters/crawler))"
57.141.0.13 - - [21/Jul/2026:09:22:05 -0500] "GET /detail/98923457?fileloc=/home/allsupport/public_html/shop.php&path=/home/allsupport/public_html HTTP/1.1" 200 111166 "-" "Mozilla/5.0 (Windows NT 10.0; Win64; x64) AppleWebKit/537.36 (KHTML, like Gecko) Chrome/145.0.0.0 Safari/537.36 (compatible; meta-externalagent/1.1 (+https://developers.facebook.com/docs/sharing/webmasters/crawler))"
57.141.0.8 - - [21/Jul/2026:09:22:06 -0500] "GET /detail/511023972?fileloc=/home/allsupport/public_html/wp-config.php&path=/home/allsupport/public_html HTTP/1.1" 200 16303 "-" "Mozilla/5.0 (Macintosh; Intel Mac OS X 10_15_7) AppleWebKit/537.36 (KHTML, like Gecko) Chrome/145.0.0.0 Safari/537.36 (compatible; meta-externalagent/1.1 (+https://developers.facebook.com/docs/sharing/webmasters/crawler))"
89.136.88.168 - - [21/Jul/2026:09:22:10 -0500] "POST /xmlrpc.php HTTP/1.1" 403 89712 "-" "Jetpack/12.0; WordPress/6.2; http://site65041081.com"
37.0.109.192 - - [21/Jul/2026:09:22:16 -0500] "GET /detail/63118365 HTTP/1.1" 200 89715 "-" "Mozilla/5.0 (Macintosh; U; Intel Mac OS X 10_5_5; it-it) AppleWebKit/525.18 (KHTML, like Gecko)"
57.141.0.53 - - [21/Jul/2026:09:22:17 -0500] "GET /detail/847217099?path=/home/allsupport/public_html HTTP/1.1" 200 89715 "-" "Mozilla/5.0 (Windows NT 10.0; Win64; x64) AppleWebKit/537.36 (KHTML, like Gecko) Chrome/145.0.0.0 Safari/537.36 (compatible; meta-externalagent/1.1 (+https://developers.facebook.com/docs/sharing/webmasters/crawler))"
40.77.167.49 - - [21/Jul/2026:09:22:20 -0500] "GET /detail/715101207 HTTP/1.1" 200 13 "-" "Mozilla/5.0 AppleWebKit/537.36 (KHTML, like Gecko; compatible; bingbot/2.0; +http://www.bing.com/bingbot.htm) Chrome/116.0.1938.76 Safari/537.36"
57.141.0.53 - - [21/Jul/2026:09:22:21 -0500] "GET /detail/116968466 HTTP/1.1" 200 89715 "-" "Mozilla/5.0 (Windows NT 10.0; Win64; x64) AppleWebKit/537.36 (KHTML, like Gecko) Chrome/145.0.0.0 Safari/537.36 (compatible; meta-externalagent/1.1 (+https://developers.facebook.com/docs/sharing/webmasters/crawler))"
89.136.88.168 - - [21/Jul/2026:09:22:21 -0500] "POST /xmlrpc.php HTTP/1.1" 403 89715 "-" "Jetpack by WordPress.com (Jetpack 12.1; WordPress 6.2)"
57.141.0.31 - - [21/Jul/2026:09:22:24 -0500] "GET /detail/420822766?path=/home HTTP/1.1" 200 12844 "-" "Mozilla/5.0 (Macintosh; Intel Mac OS X 10_15_7) AppleWebKit/537.36 (KHTML, like Gecko) Chrome/145.0.0.0 Safari/537.36 (compatible; meta-externalagent/1.1 (+https://developers.facebook.com/docs/sharing/webmasters/crawler))"
52.167.144.158 - - [21/Jul/2026:09:22:26 -0500] "GET /?detail/713520152 HTTP/1.1" 200 13 "-" "Mozilla/5.0 AppleWebKit/537.36 (KHTML, like Gecko; compatible; bingbot/2.0; +http://www.bing.com/bingbot.htm) Chrome/116.0.1938.76 Safari/537.36"
52.167.144.158 - - [21/Jul/2026:09:22:26 -0500] "GET /detail/719146023 HTTP/1.1" 200 13 "-" "Mozilla/5.0 AppleWebKit/537.36 (KHTML, like Gecko; compatible; bingbot/2.0; +http://www.bing.com/bingbot.htm) Chrome/116.0.1938.76 Safari/537.36"
52.167.144.158 - - [21/Jul/2026:09:22:27 -0500] "GET /?detail/952777099 HTTP/1.1" 200 13 "-" "Mozilla/5.0 AppleWebKit/537.36 (KHTML, like Gecko; compatible; bingbot/2.0; +http://www.bing.com/bingbot.htm) Chrome/116.0.1938.76 Safari/537.36"
57.141.0.59 - - [21/Jul/2026:09:22:27 -0500] "GET /detail/705864810?fileloc=/home/allsupport/public_html/.htaccess.bak-20260623&path=/home/allsupport/public_html HTTP/1.1" 200 13130 "-" "Mozilla/5.0 (Macintosh; Intel Mac OS X 10_15_7) AppleWebKit/537.36 (KHTML, like Gecko) Chrome/145.0.0.0 Safari/537.36 (compatible; meta-externalagent/1.1 (+https://developers.facebook.com/docs/sharing/webmasters/crawler))"
52.167.144.158 - - [21/Jul/2026:09:22:28 -0500] "GET /?detail/216919062 HTTP/1.1" 200 13 "-" "Mozilla/5.0 AppleWebKit/537.36 (KHTML, like Gecko; compatible; bingbot/2.0; +http://www.bing.com/bingbot.htm) Chrome/116.0.1938.76 Safari/537.36"
57.141.0.27 - - [21/Jul/2026:09:22:28 -0500] "GET /detail/481831866 HTTP/1.1" 200 89715 "-" "Mozilla/5.0 (Windows NT 10.0; Win64; x64) AppleWebKit/537.36 (KHTML, like Gecko) Chrome/145.0.0.0 Safari/537.36 (compatible; meta-externalagent/1.1 (+https://developers.facebook.com/docs/sharing/webmasters/crawler))"
40.77.167.49 - - [21/Jul/2026:09:22:31 -0500] "GET /?detail/270657269 HTTP/1.1" 200 13 "-" "Mozilla/5.0 AppleWebKit/537.36 (KHTML, like Gecko; compatible; bingbot/2.0; +http://www.bing.com/bingbot.htm) Chrome/116.0.1938.76 Safari/537.36"
207.46.13.155 - - [21/Jul/2026:09:22:31 -0500] "GET /?detail/987002362 HTTP/1.1" 200 13 "-" "Mozilla/5.0 AppleWebKit/537.36 (KHTML, like Gecko; compatible; bingbot/2.0; +http://www.bing.com/bingbot.htm) Chrome/116.0.1938.76 Safari/537.36"
207.46.13.155 - - [21/Jul/2026:09:22:31 -0500] "GET /?detail/243951645 HTTP/1.1" 200 13 "-" "Mozilla/5.0 AppleWebKit/537.36 (KHTML, like Gecko; compatible; bingbot/2.0; +http://www.bing.com/bingbot.htm) Chrome/116.0.1938.76 Safari/537.36"
89.136.88.168 - - [21/Jul/2026:09:22:31 -0500] "POST /xmlrpc.php HTTP/1.1" 403 89715 "-" "Jetpack/12.5; WordPress/6.2; http://site88391260.com"
207.46.13.155 - - [21/Jul/2026:09:22:32 -0500] "GET /?detail/465863813 HTTP/1.1" 200 13 "-" "Mozilla/5.0 AppleWebKit/537.36 (KHTML, like Gecko; compatible; bingbot/2.0; +http://www.bing.com/bingbot.htm) Chrome/116.0.1938.76 Safari/537.36"
207.46.13.155 - - [21/Jul/2026:09:22:32 -0500] "GET /?detail/436149548 HTTP/1.1" 200 13 "-" "Mozilla/5.0 AppleWebKit/537.36 (KHTML, like Gecko; compatible; bingbot/2.0; +http://www.bing.com/bingbot.htm) Chrome/116.0.1938.76 Safari/537.36"
57.141.0.6 - - [21/Jul/2026:09:22:35 -0500] "GET /detail/317540883?fileloc=/home/allsupport/public_html/wp-trackback.php&path=/home/allsupport/public_html HTTP/1.1" 200 18074 "-" "Mozilla/5.0 (Windows NT 10.0; Win64; x64) AppleWebKit/537.36 (KHTML, like Gecko) Chrome/145.0.0.0 Safari/537.36 (compatible; meta-externalagent/1.1 (+https://developers.facebook.com/docs/sharing/webmasters/crawler))"
40.77.167.49 - - [21/Jul/2026:09:22:40 -0500] "GET /?detail/937792737 HTTP/1.1" 200 13 "-" "Mozilla/5.0 AppleWebKit/537.36 (KHTML, like Gecko; compatible; bingbot/2.0; +http://www.bing.com/bingbot.htm) Chrome/116.0.1938.76 Safari/537.36"
40.77.167.49 - - [21/Jul/2026:09:22:40 -0500] "GET /?detail/801597614 HTTP/1.1" 200 13 "-" "Mozilla/5.0 AppleWebKit/537.36 (KHTML, like Gecko; compatible; bingbot/2.0; +http://www.bing.com/bingbot.htm) Chrome/116.0.1938.76 Safari/537.36"
40.77.167.49 - - [21/Jul/2026:09:22:41 -0500] "GET /detail/924592543 HTTP/1.1" 200 13 "-" "Mozilla/5.0 AppleWebKit/537.36 (KHTML, like Gecko; compatible; bingbot/2.0; +http://www.bing.com/bingbot.htm) Chrome/116.0.1938.76 Safari/537.36"
89.136.88.168 - - [21/Jul/2026:09:22:42 -0500] "POST /xmlrpc.php HTTP/1.1" 403 89715 "-" "WordPress.com; https://wordpress.com"
40.77.167.49 - - [21/Jul/2026:09:22:42 -0500] "GET /?detail/416409553 HTTP/1.1" 200 13 "-" "Mozilla/5.0 AppleWebKit/537.36 (KHTML, like Gecko; compatible; bingbot/2.0; +http://www.bing.com/bingbot.htm) Chrome/116.0.1938.76 Safari/537.36"
57.141.0.49 - - [21/Jul/2026:09:22:42 -0500] "GET /detail/116968466?fileloc=/home/allsupport/public_html/networks.php&path=/home/allsupport/public_html HTTP/1.1" 200 14923 "-" "Mozilla/5.0 (Windows NT 10.0; Win64; x64) AppleWebKit/537.36 (KHTML, like Gecko) Chrome/145.0.0.0 Safari/537.36 (compatible; meta-externalagent/1.1 (+https://developers.facebook.com/docs/sharing/webmasters/crawler))"
40.77.167.49 - - [21/Jul/2026:09:22:42 -0500] "GET /?detail/241639197 HTTP/1.1" 200 13 "-" "Mozilla/5.0 AppleWebKit/537.36 (KHTML, like Gecko; compatible; bingbot/2.0; +http://www.bing.com/bingbot.htm) Chrome/116.0.1938.76 Safari/537.36"
57.141.0.6 - - [21/Jul/2026:09:22:43 -0500] "GET /detail/116968466?fileloc=/home/allsupport/public_html/license.txt&path=/home/allsupport/public_html HTTP/1.1" 200 32571 "-" "Mozilla/5.0 (Windows NT 10.0; Win64; x64) AppleWebKit/537.36 (KHTML, like Gecko) Chrome/145.0.0.0 Safari/537.36 (compatible; meta-externalagent/1.1 (+https://developers.facebook.com/docs/sharing/webmasters/crawler))"
57.141.0.28 - - [21/Jul/2026:09:22:43 -0500] "GET /detail/116968466?fileloc=/home/allsupport/public_html/wp-load.php&path=/home/allsupport/public_html HTTP/1.1" 200 16674 "-" "Mozilla/5.0 (Windows NT 10.0; Win64; x64) AppleWebKit/537.36 (KHTML, like Gecko) Chrome/145.0.0.0 Safari/537.36 (compatible; meta-externalagent/1.1 (+https://developers.facebook.com/docs/sharing/webmasters/crawler))"
102.67.223.160 - - [21/Jul/2026:09:22:43 -0500] "GET /detail/631695012 HTTP/1.1" 200 89715 "-" "Mozilla/5.0 (Macintosh; Intel Mac OS X 14.5; rv:127.0) Gecko/20100101 Firefox/127.0"
57.141.0.37 - - [21/Jul/2026:09:22:45 -0500] "GET /detail/116968466?fileloc=/home/allsupport/public_html/wp-slgnup.gz&path=/home/allsupport/public_html HTTP/1.1" 200 12565 "-" "Mozilla/5.0 (Windows NT 10.0; Win64; x64) AppleWebKit/537.36 (KHTML, like Gecko) Chrome/145.0.0.0 Safari/537.36 Edg/145.0.0.0 (compatible; meta-externalagent/1.1 (+https://developers.facebook.com/docs/sharing/webmasters/crawler))"
52.167.144.158 - - [21/Jul/2026:09:22:46 -0500] "GET /?detail/561808092 HTTP/1.1" 200 13 "-" "Mozilla/5.0 AppleWebKit/537.36 (KHTML, like Gecko; compatible; bingbot/2.0; +http://www.bing.com/bingbot.htm) Chrome/116.0.1938.76 Safari/537.36"
52.167.144.158 - - [21/Jul/2026:09:22:46 -0500] "GET /?detail/845360565 HTTP/1.1" 200 13 "-" "Mozilla/5.0 AppleWebKit/537.36 (KHTML, like Gecko; compatible; bingbot/2.0; +http://www.bing.com/bingbot.htm) Chrome/116.0.1938.76 Safari/537.36"
57.141.0.6 - - [21/Jul/2026:09:22:47 -0500] "GET /detail/116968466?path=/ HTTP/1.1" 200 47603 "-" "Mozilla/5.0 (Windows NT 10.0; Win64; x64) AppleWebKit/537.36 (KHTML, like Gecko) Chrome/145.0.0.0 Safari/537.36 (compatible; meta-externalagent/1.1 (+https://developers.facebook.com/docs/sharing/webmasters/crawler))"
57.141.0.37 - - [21/Jul/2026:09:22:47 -0500] "GET /detail/116968466?fileloc=/home/allsupport/public_html/readme.html&path=/home/allsupport/public_html HTTP/1.1" 200 21870 "-" "Mozilla/5.0 (Windows NT 10.0; Win64; x64) AppleWebKit/537.36 (KHTML, like Gecko) Chrome/145.0.0.0 Safari/537.36 (compatible; meta-externalagent/1.1 (+https://developers.facebook.com/docs/sharing/webmasters/crawler))"
52.167.144.158 - - [21/Jul/2026:09:22:47 -0500] "GET /detail/971210611 HTTP/1.1" 200 13 "-" "Mozilla/5.0 AppleWebKit/537.36 (KHTML, like Gecko; compatible; bingbot/2.0; +http://www.bing.com/bingbot.htm) Chrome/116.0.1938.76 Safari/537.36"
52.167.144.158 - - [21/Jul/2026:09:22:47 -0500] "GET /?detail/656094575 HTTP/1.1" 200 13 "-" "Mozilla/5.0 AppleWebKit/537.36 (KHTML, like Gecko; compatible; bingbot/2.0; +http://www.bing.com/bingbot.htm) Chrome/116.0.1938.76 Safari/537.36"
57.141.0.7 - - [21/Jul/2026:09:22:47 -0500] "GET /detail/481831866?path=/home/allsupport/public_html/.tmb HTTP/1.1" 200 13012 "-" "Mozilla/5.0 (Windows NT 10.0; Win64; x64) AppleWebKit/537.36 (KHTML, like Gecko) Chrome/145.0.0.0 Safari/537.36 Edg/145.0.0.0 (compatible; meta-externalagent/1.1 (+https://developers.facebook.com/docs/sharing/webmasters/crawler))"
57.141.0.37 - - [21/Jul/2026:09:22:48 -0500] "GET /detail/116968466?fileloc=/home/allsupport/public_html/.rnd&path=/home/allsupport/public_html HTTP/1.1" 200 12557 "-" "Mozilla/5.0 (Windows NT 10.0; Win64; x64) AppleWebKit/537.36 (KHTML, like Gecko) Chrome/145.0.0.0 Safari/537.36 (compatible; meta-externalagent/1.1 (+https://developers.facebook.com/docs/sharing/webmasters/crawler))"
157.55.39.15 - - [21/Jul/2026:09:22:51 -0500] "GET /?detail/923887846 HTTP/1.1" 200 13 "-" "Mozilla/5.0 AppleWebKit/537.36 (KHTML, like Gecko; compatible; bingbot/2.0; +http://www.bing.com/bingbot.htm) Chrome/116.0.1938.76 Safari/537.36"
157.55.39.15 - - [21/Jul/2026:09:22:51 -0500] "GET /detail/881718108 HTTP/1.1" 200 13 "-" "Mozilla/5.0 AppleWebKit/537.36 (KHTML, like Gecko; compatible; bingbot/2.0; +http://www.bing.com/bingbot.htm) Chrome/116.0.1938.76 Safari/537.36"
157.55.39.15 - - [21/Jul/2026:09:22:51 -0500] "GET /?detail/113327745 HTTP/1.1" 200 13 "-" "Mozilla/5.0 AppleWebKit/537.36 (KHTML, like Gecko; compatible; bingbot/2.0; +http://www.bing.com/bingbot.htm) Chrome/116.0.1938.76 Safari/537.36"
57.141.0.46 - - [21/Jul/2026:09:22:52 -0500] "GET /detail/481831866?fileloc=/home/allsupport/public_html/options.php&path=/home/allsupport/public_html HTTP/1.1" 200 14839 "-" "Mozilla/5.0 (Windows NT 10.0; Win64; x64) AppleWebKit/537.36 (KHTML, like Gecko) Chrome/143.0.0.0 Safari/537.36 Edg/143.0.0.0 (compatible; meta-externalagent/1.1 (+https://developers.facebook.com/docs/sharing/webmasters/crawler))"
157.55.39.15 - - [21/Jul/2026:09:22:52 -0500] "GET /?detail/530729865 HTTP/1.1" 200 13 "-" "Mozilla/5.0 AppleWebKit/537.36 (KHTML, like Gecko; compatible; bingbot/2.0; +http://www.bing.com/bingbot.htm) Chrome/116.0.1938.76 Safari/537.36"
57.141.0.10 - - [21/Jul/2026:09:22:52 -0500] "GET /detail/116968466?fileloc=/home/allsupport/public_html/pages.php&path=/home/allsupport/public_html HTTP/1.1" 200 19733 "-" "Mozilla/5.0 (Windows NT 10.0; Win64; x64) AppleWebKit/537.36 (KHTML, like Gecko) Chrome/145.0.0.0 Safari/537.36 (compatible; meta-externalagent/1.1 (+https://developers.facebook.com/docs/sharing/webmasters/crawler))"
89.136.88.168 - - [21/Jul/2026:09:22:53 -0500] "POST /xmlrpc.php HTTP/1.1" 403 89715 "-" "Jetpack/12.0; WordPress/6.2; http://site23604715.com"
57.141.0.25 - - [21/Jul/2026:09:22:55 -0500] "GET /detail/481831866?fileloc=/home/allsupport/public_html/license.txt&path=/home/allsupport/public_html HTTP/1.1" 200 32571 "-" "Mozilla/5.0 (Windows NT 10.0; Win64; x64) AppleWebKit/537.36 (KHTML, like Gecko) Chrome/145.0.0.0 Safari/537.36 (compatible; meta-externalagent/1.1 (+https://developers.facebook.com/docs/sharing/webmasters/crawler))"
52.167.144.158 - - [21/Jul/2026:09:22:56 -0500] "GET /?detail/187980755 HTTP/1.1" 200 13 "-" "Mozilla/5.0 AppleWebKit/537.36 (KHTML, like Gecko; compatible; bingbot/2.0; +http://www.bing.com/bingbot.htm) Chrome/116.0.1938.76 Safari/537.36"
52.167.144.158 - - [21/Jul/2026:09:22:57 -0500] "GET /?detail/510449933 HTTP/1.1" 200 13 "-" "Mozilla/5.0 AppleWebKit/537.36 (KHTML, like Gecko; compatible; bingbot/2.0; +http://www.bing.com/bingbot.htm) Chrome/116.0.1938.76 Safari/537.36"
52.167.144.158 - - [21/Jul/2026:09:22:57 -0500] "GET /?detail/17705159 HTTP/1.1" 200 13 "-" "Mozilla/5.0 AppleWebKit/537.36 (KHTML, like Gecko; compatible; bingbot/2.0; +http://www.bing.com/bingbot.htm) Chrome/116.0.1938.76 Safari/537.36"
52.167.144.158 - - [21/Jul/2026:09:22:57 -0500] "GET /?detail/891248557 HTTP/1.1" 200 13 "-" "Mozilla/5.0 AppleWebKit/537.36 (KHTML, like Gecko; compatible; bingbot/2.0; +http://www.bing.com/bingbot.htm) Chrome/116.0.1938.76 Safari/537.36"
57.141.0.16 - - [21/Jul/2026:09:23:00 -0500] "GET /detail/481831866?fileloc=/home/allsupport/public_html/mah.php&path=/home/allsupport/public_html HTTP/1.1" 200 14616 "-" "Mozilla/5.0 (Windows NT 10.0; Win64; x64) AppleWebKit/537.36 (KHTML, like Gecko) Chrome/145.0.0.0 Safari/537.36 (compatible; meta-externalagent/1.1 (+https://developers.facebook.com/docs/sharing/webmasters/crawler))"
52.167.144.18 - - [21/Jul/2026:09:23:00 -0500] "GET /?detail/851335874 HTTP/1.1" 200 13 "-" "Mozilla/5.0 AppleWebKit/537.36 (KHTML, like Gecko; compatible; bingbot/2.0; +http://www.bing.com/bingbot.htm) Chrome/116.0.1938.76 Safari/537.36"
52.167.144.18 - - [21/Jul/2026:09:23:01 -0500] "GET /?detail/629270342 HTTP/1.1" 200 13 "-" "Mozilla/5.0 AppleWebKit/537.36 (KHTML, like Gecko; compatible; bingbot/2.0; +http://www.bing.com/bingbot.htm) Chrome/116.0.1938.76 Safari/537.36"
114.119.138.185 - - [21/Jul/2026:09:23:03 -0500] "GET /detail/609363937?fileloc=/home/allsupport/public_html/.rnd&path=/home/allsupport/public_html HTTP/1.1" 200 12557 "https://karenhowellthebaker.com/detail/609363937" "Mozilla/5.0 (Linux; Android 7.0;) AppleWebKit/537.36 (HTML, like Gecko) Mobile Safari/537.36 (compatible; PetalBot;+https://webmaster.petalsearch.com/site/petalbot)"
57.141.0.47 - - [21/Jul/2026:09:23:03 -0500] "GET /detail/601459666?fileloc=/home/allsupport/public_html/xmlrpc.php&path=/home/allsupport/public_html HTTP/1.1" 200 16121 "-" "Mozilla/5.0 (X11; Linux x86_64) AppleWebKit/537.36 (KHTML, like Gecko) Chrome/145.0.0.0 Safari/537.36 (compatible; meta-externalagent/1.1 (+https://developers.facebook.com/docs/sharing/webmasters/crawler))"
57.141.0.11 - - [21/Jul/2026:09:23:03 -0500] "GET /detail/454967966?fileloc=/home/allsupport/public_html/wp-cron.php&path=/home/allsupport/public_html HTTP/1.1" 200 18251 "-" "Mozilla/5.0 (X11; Linux x86_64) AppleWebKit/537.36 (KHTML, like Gecko) Chrome/145.0.0.0 Safari/537.36 (compatible; meta-externalagent/1.1 (+https://developers.facebook.com/docs/sharing/webmasters/crawler))"
83.58.95.12 - - [21/Jul/2026:09:23:06 -0500] "GET /detail/634575615 HTTP/1.1" 200 89715 "-" "Mozilla/5.0 (Macintosh; U; PPC Mac OS X; de-de) AppleWebKit/412.7 (KHTML, like Gecko) Safari/412.5_Adobe"
52.167.144.158 - - [21/Jul/2026:09:23:06 -0500] "GET /?detail/973999843 HTTP/1.1" 200 13 "-" "Mozilla/5.0 AppleWebKit/537.36 (KHTML, like Gecko; compatible; bingbot/2.0; +http://www.bing.com/bingbot.htm) Chrome/116.0.1938.76 Safari/537.36"
52.167.144.158 - - [21/Jul/2026:09:23:07 -0500] "GET /?detail/958855436 HTTP/1.1" 200 13 "-" "Mozilla/5.0 AppleWebKit/537.36 (KHTML, like Gecko; compatible; bingbot/2.0; +http://www.bing.com/bingbot.htm) Chrome/116.0.1938.76 Safari/537.36"
52.167.144.158 - - [21/Jul/2026:09:23:07 -0500] "GET /?detail/972134633 HTTP/1.1" 200 13 "-" "Mozilla/5.0 AppleWebKit/537.36 (KHTML, like Gecko; compatible; bingbot/2.0; +http://www.bing.com/bingbot.htm) Chrome/116.0.1938.76 Safari/537.36"
89.136.88.168 - - [21/Jul/2026:09:23:03 -0500] "POST /xmlrpc.php HTTP/1.1" 403 89715 "-" "Jetpack/12.5; WordPress/6.3; http://site96578469.com"
57.141.0.39 - - [21/Jul/2026:09:23:09 -0500] "GET /detail/567099454 HTTP/1.1" 200 89715 "-" "Mozilla/5.0 (Windows NT 10.0; Win64; x64) AppleWebKit/537.36 (KHTML, like Gecko) Chrome/145.0.0.0 Safari/537.36 (compatible; meta-externalagent/1.1 (+https://developers.facebook.com/docs/sharing/webmasters/crawler))"
57.141.0.11 - - [21/Jul/2026:09:23:10 -0500] "GET /detail/116968466?path=//srv HTTP/1.1" 200 12843 "-" "Mozilla/5.0 (Windows NT 10.0; Win64; x64) AppleWebKit/537.36 (KHTML, like Gecko) Chrome/145.0.0.0 Safari/537.36 (compatible; meta-externalagent/1.1 (+https://developers.facebook.com/docs/sharing/webmasters/crawler))"
52.167.144.18 - - [21/Jul/2026:09:23:11 -0500] "GET /?detail/261738179 HTTP/1.1" 200 13 "-" "Mozilla/5.0 AppleWebKit/537.36 (KHTML, like Gecko; compatible; bingbot/2.0; +http://www.bing.com/bingbot.htm) Chrome/116.0.1938.76 Safari/537.36"
52.167.144.18 - - [21/Jul/2026:09:23:11 -0500] "GET /?detail/203041544 HTTP/1.1" 200 13 "-" "Mozilla/5.0 AppleWebKit/537.36 (KHTML, like Gecko; compatible; bingbot/2.0; +http://www.bing.com/bingbot.htm) Chrome/116.0.1938.76 Safari/537.36"
207.46.13.155 - - [21/Jul/2026:09:23:12 -0500] "GET /?detail/893015859 HTTP/1.1" 200 13 "-" "Mozilla/5.0 AppleWebKit/537.36 (KHTML, like Gecko; compatible; bingbot/2.0; +http://www.bing.com/bingbot.htm) Chrome/116.0.1938.76 Safari/537.36"
52.167.144.18 - - [21/Jul/2026:09:23:12 -0500] "GET /?detail/69534047 HTTP/1.1" 200 13 "-" "Mozilla/5.0 AppleWebKit/537.36 (KHTML, like Gecko; compatible; bingbot/2.0; +http://www.bing.com/bingbot.htm) Chrome/116.0.1938.76 Safari/537.36"
89.136.88.168 - - [21/Jul/2026:09:23:14 -0500] "POST /xmlrpc.php HTTP/1.1" 403 89715 "-" "Jetpack/12.5; WordPress/6.1; http://site46801092.com"
57.141.0.10 - - [21/Jul/2026:09:23:18 -0500] "GET /detail/153600670?path=/home/allsupport/public_html HTTP/1.1" 200 89715 "-" "Mozilla/5.0 (Windows NT 10.0; Win64; x64) AppleWebKit/537.36 (KHTML, like Gecko) Chrome/145.0.0.0 Safari/537.36 (compatible; meta-externalagent/1.1 (+https://developers.facebook.com/docs/sharing/webmasters/crawler))"
57.141.0.70 - - [21/Jul/2026:09:23:19 -0500] "GET /detail/454967966?path=/home/allsupport/public_html HTTP/1.1" 200 89715 "-" "Mozilla/5.0 (Windows NT 10.0; Win64; x64) AppleWebKit/537.36 (KHTML, like Gecko) Chrome/145.0.0.0 Safari/537.36 Edg/145.0.0.0 (compatible; meta-externalagent/1.1 (+https://developers.facebook.com/docs/sharing/webmasters/crawler))"
207.46.13.155 - - [21/Jul/2026:09:23:22 -0500] "GET /detail/196125315 HTTP/1.1" 200 13 "-" "Mozilla/5.0 AppleWebKit/537.36 (KHTML, like Gecko; compatible; bingbot/2.0; +http://www.bing.com/bingbot.htm) Chrome/116.0.1938.76 Safari/537.36"
207.46.13.155 - - [21/Jul/2026:09:23:22 -0500] "GET /?detail/218338719 HTTP/1.1" 200 13 "-" "Mozilla/5.0 AppleWebKit/537.36 (KHTML, like Gecko; compatible; bingbot/2.0; +http://www.bing.com/bingbot.htm) Chrome/116.0.1938.76 Safari/537.36"
207.46.13.155 - - [21/Jul/2026:09:23:22 -0500] "GET /?detail/166980142 HTTP/1.1" 200 13 "-" "Mozilla/5.0 AppleWebKit/537.36 (KHTML, like Gecko; compatible; bingbot/2.0; +http://www.bing.com/bingbot.htm) Chrome/116.0.1938.76 Safari/537.36"
207.46.13.155 - - [21/Jul/2026:09:23:22 -0500] "GET /?detail/428206335 HTTP/1.1" 200 13 "-" "Mozilla/5.0 AppleWebKit/537.36 (KHTML, like Gecko; compatible; bingbot/2.0; +http://www.bing.com/bingbot.htm) Chrome/116.0.1938.76 Safari/537.36"
207.46.13.155 - - [21/Jul/2026:09:23:23 -0500] "GET /detail/933547647 HTTP/1.1" 200 13 "-" "Mozilla/5.0 AppleWebKit/537.36 (KHTML, like Gecko; compatible; bingbot/2.0; +http://www.bing.com/bingbot.htm) Chrome/116.0.1938.76 Safari/537.36"
57.141.0.6 - - [21/Jul/2026:09:23:23 -0500] "GET /detail/892353475?fileloc=/home/allsupport/public_html/wp-includes/class-wp-simplepie-file.php&path=/home/allsupport/public_html/wp-includes HTTP/1.1" 200 16310 "-" "Mozilla/5.0 (Macintosh; Intel Mac OS X 10_15_7) AppleWebKit/537.36 (KHTML, like Gecko) Chrome/145.0.0.0 Safari/537.36 (compatible; meta-externalagent/1.1 (+https://developers.facebook.com/docs/sharing/webmasters/crawler))"
57.141.0.48 - - [21/Jul/2026:09:23:24 -0500] "GET /detail/420822766?path=/ HTTP/1.1" 200 47603 "-" "Mozilla/5.0 (Macintosh; Intel Mac OS X 10_15_7) AppleWebKit/537.36 (KHTML, like Gecko) Chrome/145.0.0.0 Safari/537.36 (compatible; meta-externalagent/1.1 (+https://developers.facebook.com/docs/sharing/webmasters/crawler))"
40.77.167.25 - - [21/Jul/2026:09:23:27 -0500] "GET /detail/747018120 HTTP/1.1" 200 13 "-" "Mozilla/5.0 AppleWebKit/537.36 (KHTML, like Gecko; compatible; bingbot/2.0; +http://www.bing.com/bingbot.htm) Chrome/116.0.1938.76 Safari/537.36"
52.167.144.158 - - [21/Jul/2026:09:23:27 -0500] "GET /?detail/634227424 HTTP/1.1" 200 13 "-" "Mozilla/5.0 AppleWebKit/537.36 (KHTML, like Gecko; compatible; bingbot/2.0; +http://www.bing.com/bingbot.htm) Chrome/116.0.1938.76 Safari/537.36"
52.167.144.158 - - [21/Jul/2026:09:23:27 -0500] "GET /?detail/725153173 HTTP/1.1" 200 13 "-" "Mozilla/5.0 AppleWebKit/537.36 (KHTML, like Gecko; compatible; bingbot/2.0; +http://www.bing.com/bingbot.htm) Chrome/116.0.1938.76 Safari/537.36"
52.167.144.158 - - [21/Jul/2026:09:23:27 -0500] "GET /?detail/680224886 HTTP/1.1" 200 13 "-" "Mozilla/5.0 AppleWebKit/537.36 (KHTML, like Gecko; compatible; bingbot/2.0; +http://www.bing.com/bingbot.htm) Chrome/116.0.1938.76 Safari/537.36"
52.167.144.158 - - [21/Jul/2026:09:23:28 -0500] "GET /?detail/878761434 HTTP/1.1" 200 13 "-" "Mozilla/5.0 AppleWebKit/537.36 (KHTML, like Gecko; compatible; bingbot/2.0; +http://www.bing.com/bingbot.htm) Chrome/116.0.1938.76 Safari/537.36"
52.167.144.158 - - [21/Jul/2026:09:23:28 -0500] "GET /?detail/478243348 HTTP/1.1" 200 13 "-" "Mozilla/5.0 AppleWebKit/537.36 (KHTML, like Gecko; compatible; bingbot/2.0; +http://www.bing.com/bingbot.htm) Chrome/116.0.1938.76 Safari/537.36"
57.141.0.71 - - [21/Jul/2026:09:23:30 -0500] "GET /detail/311622521?fileloc=/home/allsupport/public_html/wp-includes/class-wp-embed.php&path=/home/allsupport/public_html/wp-includes HTTP/1.1" 200 28934 "-" "Mozilla/5.0 (X11; Linux x86_64) AppleWebKit/537.36 (KHTML, like Gecko) Chrome/145.0.0.0 Safari/537.36 (compatible; meta-externalagent/1.1 (+https://developers.facebook.com/docs/sharing/webmasters/crawler))"
89.136.88.168 - - [21/Jul/2026:09:23:25 -0500] "POST /xmlrpc.php HTTP/1.1" 403 89715 "-" "Jetpack/12.0; WordPress/6.4; http://site19169340.com"
57.141.0.44 - - [21/Jul/2026:09:23:31 -0500] "GET /detail/43766745?fileloc=/home/allsupport/public_html/inputs.php&path=/home/allsupport/public_html HTTP/1.1" 200 19734 "-" "Mozilla/5.0 (Windows NT 10.0; Win64; x64) AppleWebKit/537.36 (KHTML, like Gecko) Chrome/145.0.0.0 Safari/537.36 (compatible; meta-externalagent/1.1 (+https://developers.facebook.com/docs/sharing/webmasters/crawler))"
94.249.1.207 - - [21/Jul/2026:09:23:31 -0500] "GET /detail/634679445 HTTP/1.1" 200 89715 "-" "Mozilla/5.0 (Macintosh; Intel Mac OS X 14_4_0) AppleWebKit/537.36 (KHTML, like Gecko) Chrome/134.0.6998.45"
52.167.144.18 - - [21/Jul/2026:09:23:32 -0500] "GET /?detail/292066956 HTTP/1.1" 200 13 "-" "Mozilla/5.0 AppleWebKit/537.36 (KHTML, like Gecko; compatible; bingbot/2.0; +http://www.bing.com/bingbot.htm) Chrome/116.0.1938.76 Safari/537.36"
57.141.0.11 - - [21/Jul/2026:09:23:32 -0500] "GET /detail/492528865?path=/home/allsupport/public_html/.well-known HTTP/1.1" 200 14463 "-" "Mozilla/5.0 (Macintosh; Intel Mac OS X 10_15_7) AppleWebKit/537.36 (KHTML, like Gecko) Chrome/145.0.0.0 Safari/537.36 (compatible; meta-externalagent/1.1 (+https://developers.facebook.com/docs/sharing/webmasters/crawler))"
52.167.144.140 - - [21/Jul/2026:09:23:32 -0500] "GET /detail/391838129 HTTP/1.1" 200 13 "-" "Mozilla/5.0 AppleWebKit/537.36 (KHTML, like Gecko; compatible; bingbot/2.0; +http://www.bing.com/bingbot.htm) Chrome/116.0.1938.76 Safari/537.36"
57.141.0.69 - - [21/Jul/2026:09:23:33 -0500] "GET /detail/589673515?path=/home/allsupport/public_html/about-us HTTP/1.1" 200 14544 "-" "Mozilla/5.0 (Windows NT 10.0; Win64; x64) AppleWebKit/537.36 (KHTML, like Gecko) Chrome/145.0.0.0 Safari/537.36 (compatible; meta-externalagent/1.1 (+https://developers.facebook.com/docs/sharing/webmasters/crawler))"
57.141.0.44 - - [21/Jul/2026:09:23:34 -0500] "GET /detail/399541589?fileloc=/home/allsupport/public_html/readme.html&path=/home/allsupport/public_html HTTP/1.1" 200 21870 "-" "Mozilla/5.0 (Windows NT 10.0; Win64; x64) AppleWebKit/537.36 (KHTML, like Gecko) Chrome/145.0.0.0 Safari/537.36 (compatible; meta-externalagent/1.1 (+https://developers.facebook.com/docs/sharing/webmasters/crawler))"
52.167.144.158 - - [21/Jul/2026:09:23:36 -0500] "GET /?detail/367895270 HTTP/1.1" 200 13 "-" "Mozilla/5.0 AppleWebKit/537.36 (KHTML, like Gecko; compatible; bingbot/2.0; +http://www.bing.com/bingbot.htm) Chrome/116.0.1938.76 Safari/537.36"
157.55.39.15 - - [21/Jul/2026:09:23:37 -0500] "GET /?detail/117548042 HTTP/1.1" 200 13 "-" "Mozilla/5.0 AppleWebKit/537.36 (KHTML, like Gecko; compatible; bingbot/2.0; +http://www.bing.com/bingbot.htm) Chrome/116.0.1938.76 Safari/537.36"
157.55.39.10 - - [21/Jul/2026:09:23:37 -0500] "GET /detail/55078690 HTTP/1.1" 200 13 "-" "Mozilla/5.0 AppleWebKit/537.36 (KHTML, like Gecko; compatible; bingbot/2.0; +http://www.bing.com/bingbot.htm) Chrome/116.0.1938.76 Safari/537.36"
157.55.39.15 - - [21/Jul/2026:09:23:37 -0500] "GET /?detail/138674184 HTTP/1.1" 200 13 "-" "Mozilla/5.0 AppleWebKit/537.36 (KHTML, like Gecko; compatible; bingbot/2.0; +http://www.bing.com/bingbot.htm) Chrome/116.0.1938.76 Safari/537.36"
157.55.39.10 - - [21/Jul/2026:09:23:37 -0500] "GET /detail/14259221 HTTP/1.1" 200 13 "-" "Mozilla/5.0 AppleWebKit/537.36 (KHTML, like Gecko; compatible; bingbot/2.0; +http://www.bing.com/bingbot.htm) Chrome/116.0.1938.76 Safari/537.36"
157.55.39.15 - - [21/Jul/2026:09:23:37 -0500] "GET /?detail/920106012 HTTP/1.1" 200 13 "-" "Mozilla/5.0 AppleWebKit/537.36 (KHTML, like Gecko; compatible; bingbot/2.0; +http://www.bing.com/bingbot.htm) Chrome/116.0.1938.76 Safari/537.36"
157.55.39.15 - - [21/Jul/2026:09:23:38 -0500] "GET /?detail/305328800 HTTP/1.1" 200 13 "-" "Mozilla/5.0 AppleWebKit/537.36 (KHTML, like Gecko; compatible; bingbot/2.0; +http://www.bing.com/bingbot.htm) Chrome/116.0.1938.76 Safari/537.36"
157.55.39.15 - - [21/Jul/2026:09:23:38 -0500] "GET /?detail/239918306 HTTP/1.1" 200 13 "-" "Mozilla/5.0 AppleWebKit/537.36 (KHTML, like Gecko; compatible; bingbot/2.0; +http://www.bing.com/bingbot.htm) Chrome/116.0.1938.76 Safari/537.36"
57.141.0.27 - - [21/Jul/2026:09:23:38 -0500] "GET /detail/69686355?fileloc=/home/allsupport/public_html/wp-signup.php&path=/home/allsupport/public_html HTTP/1.1" 200 50689 "-" "Mozilla/5.0 (Windows NT 10.0; Win64; x64) AppleWebKit/537.36 (KHTML, like Gecko) Chrome/145.0.0.0 Safari/537.36 (compatible; meta-externalagent/1.1 (+https://developers.facebook.com/docs/sharing/webmasters/crawler))"
89.136.88.168 - - [21/Jul/2026:09:23:35 -0500] "POST /xmlrpc.php HTTP/1.1" 403 89715 "-" "Jetpack by WordPress.com (Jetpack 12.5; WordPress 6.3)"
52.167.144.18 - - [21/Jul/2026:09:23:41 -0500] "GET /detail/75337494 HTTP/1.1" 200 13 "-" "Mozilla/5.0 AppleWebKit/537.36 (KHTML, like Gecko; compatible; bingbot/2.0; +http://www.bing.com/bingbot.htm) Chrome/116.0.1938.76 Safari/537.36"
157.55.39.15 - - [21/Jul/2026:09:23:42 -0500] "GET /?detail/724203605 HTTP/1.1" 200 13 "-" "Mozilla/5.0 AppleWebKit/537.36 (KHTML, like Gecko; compatible; bingbot/2.0; +http://www.bing.com/bingbot.htm) Chrome/116.0.1938.76 Safari/537.36"
157.55.39.15 - - [21/Jul/2026:09:23:42 -0500] "GET /?detail/772551172 HTTP/1.1" 200 13 "-" "Mozilla/5.0 AppleWebKit/537.36 (KHTML, like Gecko; compatible; bingbot/2.0; +http://www.bing.com/bingbot.htm) Chrome/116.0.1938.76 Safari/537.36"
157.55.39.15 - - [21/Jul/2026:09:23:42 -0500] "GET /?detail/322443269 HTTP/1.1" 200 13 "-" "Mozilla/5.0 AppleWebKit/537.36 (KHTML, like Gecko; compatible; bingbot/2.0; +http://www.bing.com/bingbot.htm) Chrome/116.0.1938.76 Safari/537.36"
157.55.39.15 - - [21/Jul/2026:09:23:43 -0500] "GET /?detail/453193557 HTTP/1.1" 200 13 "-" "Mozilla/5.0 AppleWebKit/537.36 (KHTML, like Gecko; compatible; bingbot/2.0; +http://www.bing.com/bingbot.htm) Chrome/116.0.1938.76 Safari/537.36"
157.55.39.15 - - [21/Jul/2026:09:23:43 -0500] "GET /?detail/481072672 HTTP/1.1" 200 13 "-" "Mozilla/5.0 AppleWebKit/537.36 (KHTML, like Gecko; compatible; bingbot/2.0; +http://www.bing.com/bingbot.htm) Chrome/116.0.1938.76 Safari/537.36"
52.167.144.158 - - [21/Jul/2026:09:23:46 -0500] "GET /?detail/448919148 HTTP/1.1" 200 13 "-" "Mozilla/5.0 AppleWebKit/537.36 (KHTML, like Gecko; compatible; bingbot/2.0; +http://www.bing.com/bingbot.htm) Chrome/116.0.1938.76 Safari/537.36"
52.167.144.158 - - [21/Jul/2026:09:23:46 -0500] "GET /?detail/574057961 HTTP/1.1" 200 13 "-" "Mozilla/5.0 AppleWebKit/537.36 (KHTML, like Gecko; compatible; bingbot/2.0; +http://www.bing.com/bingbot.htm) Chrome/116.0.1938.76 Safari/537.36"
52.167.144.158 - - [21/Jul/2026:09:23:46 -0500] "GET /?detail/232295010 HTTP/1.1" 200 13 "-" "Mozilla/5.0 AppleWebKit/537.36 (KHTML, like Gecko; compatible; bingbot/2.0; +http://www.bing.com/bingbot.htm) Chrome/116.0.1938.76 Safari/537.36"
57.141.0.25 - - [21/Jul/2026:09:23:47 -0500] "GET /detail/300849917?fileloc=/home/allsupport/public_html/wp-content/ad85cb87/e97&path=/home/allsupport/public_html/wp-content/ad85cb87 HTTP/1.1" 200 37588 "-" "Mozilla/5.0 (Macintosh; Intel Mac OS X 10_15_7) AppleWebKit/537.36 (KHTML, like Gecko) Chrome/145.0.0.0 Safari/537.36 (compatible; meta-externalagent/1.1 (+https://developers.facebook.com/docs/sharing/webmasters/crawler))"
89.136.88.168 - - [21/Jul/2026:09:23:46 -0500] "POST /xmlrpc.php HTTP/1.1" 403 89715 "-" "WordPress.com; https://wordpress.com"
52.167.144.18 - - [21/Jul/2026:09:23:51 -0500] "GET /?detail/315388655 HTTP/1.1" 200 13 "-" "Mozilla/5.0 AppleWebKit/537.36 (KHTML, like Gecko; compatible; bingbot/2.0; +http://www.bing.com/bingbot.htm) Chrome/116.0.1938.76 Safari/537.36"
57.141.0.34 - - [21/Jul/2026:09:23:54 -0500] "GET /detail/43766745?path=/home HTTP/1.1" 200 12844 "-" "Mozilla/5.0 (Windows NT 10.0; Win64; x64) AppleWebKit/537.36 (KHTML, like Gecko) Chrome/145.0.0.0 Safari/537.36 (compatible; meta-externalagent/1.1 (+https://developers.facebook.com/docs/sharing/webmasters/crawler))"
202.76.191.23 - - [21/Jul/2026:09:23:56 -0500] "GET /detail/640746638 HTTP/1.1" 200 89715 "-" "Mozilla/5.0 (Macintosh; U; PPC Mac OS X; da-dk) AppleWebKit/522+ (KHTML, like Gecko) Safari/419.3"
89.136.88.168 - - [21/Jul/2026:09:23:56 -0500] "POST /xmlrpc.php HTTP/1.1" 403 89715 "-" "Jetpack/13.0; WordPress/6.4; http://site67804714.com"
57.141.0.40 - - [21/Jul/2026:09:23:56 -0500] "GET /detail/841748285?path=/home/allsupport/public_html/.wp-cli HTTP/1.1" 200 14407 "-" "Mozilla/5.0 (Macintosh; Intel Mac OS X 10_15_7) AppleWebKit/537.36 (KHTML, like Gecko) Chrome/145.0.0.0 Safari/537.36 (compatible; meta-externalagent/1.1 (+https://developers.facebook.com/docs/sharing/webmasters/crawler))"
57.141.0.6 - - [21/Jul/2026:09:24:00 -0500] "GET /detail/373194438 HTTP/1.1" 200 89715 "-" "Mozilla/5.0 (Macintosh; Intel Mac OS X 10_15_7) AppleWebKit/537.36 (KHTML, like Gecko) Chrome/145.0.0.0 Safari/537.36 (compatible; meta-externalagent/1.1 (+https://developers.facebook.com/docs/sharing/webmasters/crawler))"
207.46.13.155 - - [21/Jul/2026:09:24:02 -0500] "GET /?detail/371396943 HTTP/1.1" 200 13 "-" "Mozilla/5.0 AppleWebKit/537.36 (KHTML, like Gecko; compatible; bingbot/2.0; +http://www.bing.com/bingbot.htm) Chrome/116.0.1938.76 Safari/537.36"
57.141.0.17 - - [21/Jul/2026:09:24:03 -0500] "GET /detail/397992335 HTTP/1.1" 200 89715 "-" "Mozilla/5.0 (Windows NT 10.0; Win64; x64) AppleWebKit/537.36 (KHTML, like Gecko) Chrome/145.0.0.0 Safari/537.36 (compatible; meta-externalagent/1.1 (+https://developers.facebook.com/docs/sharing/webmasters/crawler))"
89.136.88.168 - - [21/Jul/2026:09:24:07 -0500] "POST /xmlrpc.php HTTP/1.1" 403 89715 "-" "Jetpack by WordPress.com"
57.141.0.62 - - [21/Jul/2026:09:24:14 -0500] "GET /detail/26978916 HTTP/1.1" 200 89715 "-" "Mozilla/5.0 (Windows NT 10.0; Win64; x64) AppleWebKit/537.36 (KHTML, like Gecko) Chrome/145.0.0.0 Safari/537.36 (compatible; meta-externalagent/1.1 (+https://developers.facebook.com/docs/sharing/webmasters/crawler))"
57.141.0.24 - - [21/Jul/2026:09:24:17 -0500] "GET /detail/373194438?fileloc=/home/allsupport/public_html/click.php&path=/home/allsupport/public_html HTTP/1.1" 200 14618 "-" "Mozilla/5.0 (Macintosh; Intel Mac OS X 10_15_7) AppleWebKit/537.36 (KHTML, like Gecko) Chrome/145.0.0.0 Safari/537.36 (compatible; meta-externalagent/1.1 (+https://developers.facebook.com/docs/sharing/webmasters/crawler))"
57.141.0.27 - - [21/Jul/2026:09:24:17 -0500] "GET /detail/373194438?fileloc=/home/allsupport/public_html/wp-activate.php&path=/home/allsupport/public_html HTTP/1.1" 200 20913 "-" "Mozilla/5.0 (Macintosh; Intel Mac OS X 10_15_7) AppleWebKit/537.36 (KHTML, like Gecko) Chrome/145.0.0.0 Safari/537.36 (compatible; meta-externalagent/1.1 (+https://developers.facebook.com/docs/sharing/webmasters/crawler))"
57.141.0.27 - - [21/Jul/2026:09:24:18 -0500] "GET /detail/373194438?fileloc=/home/allsupport/public_html/wp-trackback.php&path=/home/allsupport/public_html HTTP/1.1" 200 18074 "-" "Mozilla/5.0 (Macintosh; Intel Mac OS X 10_15_7) AppleWebKit/537.36 (KHTML, like Gecko) Chrome/145.0.0.0 Safari/537.36 (compatible; meta-externalagent/1.1 (+https://developers.facebook.com/docs/sharing/webmasters/crawler))"
57.141.0.34 - - [21/Jul/2026:09:24:19 -0500] "GET /detail/373194438?path=/home/allsupport/public_html/.well-known HTTP/1.1" 200 14463 "-" "Mozilla/5.0 (Windows NT 10.0; Win64; x64) AppleWebKit/537.36 (KHTML, like Gecko) Chrome/145.0.0.0 Safari/537.36 (compatible; meta-externalagent/1.1 (+https://developers.facebook.com/docs/sharing/webmasters/crawler))"
57.141.0.27 - - [21/Jul/2026:09:24:20 -0500] "GET /detail/373194438?fileloc=/home/allsupport/public_html/wp-blog-header.php&path=/home/allsupport/public_html HTTP/1.1" 200 12925 "-" "Mozilla/5.0 (X11; Linux x86_64) AppleWebKit/537.36 (KHTML, like Gecko) Chrome/145.0.0.0 Safari/537.36 (compatible; meta-externalagent/1.1 (+https://developers.facebook.com/docs/sharing/webmasters/crawler))"
45.161.144.25 - - [21/Jul/2026:09:24:21 -0500] "GET /detail/644670087 HTTP/1.1" 200 89715 "-" "Mozilla/5.0 (Macintosh; U; PPC Mac OS X; en) AppleWebKit/312.8 (KHTML, like Gecko) Safari/312.6"
114.119.155.55 - - [21/Jul/2026:09:24:22 -0500] "GET /detail/571166050 HTTP/1.1" 200 89715 "https://karenhowellthebaker.com/sitemap.xml" "Mozilla/5.0 (Linux; Android 7.0;) AppleWebKit/537.36 (HTML, like Gecko) Mobile Safari/537.36 (compatible; PetalBot;+https://webmaster.petalsearch.com/site/petalbot)"
