216.73.216.40 - - [21/Jul/2026:08:25:28 -0500] "GET /?path=%2F%2Fafs HTTP/1.1" 200 12843 "-" "Mozilla/5.0 AppleWebKit/537.36 (KHTML, like Gecko; compatible; ClaudeBot/1.0; +claudebot@anthropic.com)"
216.73.216.40 - - [21/Jul/2026:08:25:28 -0500] "GET /?path=%2F%2Fmnt HTTP/1.1" 200 14127 "-" "Mozilla/5.0 AppleWebKit/537.36 (KHTML, like Gecko; compatible; ClaudeBot/1.0; +claudebot@anthropic.com)"
216.73.216.40 - - [21/Jul/2026:08:25:28 -0500] "GET /?path=%2Fhome%2Fallsupport%2Fpublic_html%2Fwp-admin%2Fcss HTTP/1.1" 200 174853 "-" "Mozilla/5.0 AppleWebKit/537.36 (KHTML, like Gecko; compatible; ClaudeBot/1.0; +claudebot@anthropic.com)"
216.73.216.40 - - [21/Jul/2026:08:25:28 -0500] "GET /?path=%2F%2Flib HTTP/1.1" 200 61135 "-" "Mozilla/5.0 AppleWebKit/537.36 (KHTML, like Gecko; compatible; ClaudeBot/1.0; +claudebot@anthropic.com)"
216.73.216.40 - - [21/Jul/2026:08:25:28 -0500] "GET /?path=%2Fhome%2Fallsupport%2Fpublic_html%2Fwp-includes%2Finteractivity-api HTTP/1.1" 200 19849 "-" "Mozilla/5.0 AppleWebKit/537.36 (KHTML, like Gecko; compatible; ClaudeBot/1.0; +claudebot@anthropic.com)"
176.145.188.47 - - [21/Jul/2026:08:25:29 -0500] "GET /detail/409080988 HTTP/1.1" 200 89715 "-" "Mozilla/5.0 (Macintosh; Intel Mac OS X 15.2; rv:127.0) Gecko/20100101 Firefox/127.0"
103.110.48.145 - - [21/Jul/2026:08:25:29 -0500] "POST /xmlrpc.php HTTP/1.1" 403 89715 "-" "Jetpack/12.1; WordPress/6.4; http://site39376889.com"
179.180.221.234 - - [21/Jul/2026:08:25:31 -0500] "POST /xmlrpc.php HTTP/1.1" 403 89715 "-" "Jetpack by WordPress.com (Jetpack 12.5; WordPress 6.1)"
216.73.216.40 - - [21/Jul/2026:08:25:38 -0500] "GET /?path=%2Fhome%2Fallsupport%2Fpublic_html%2Fwp-includes%2Fblock-bindings HTTP/1.1" 200 21185 "-" "Mozilla/5.0 AppleWebKit/537.36 (KHTML, like Gecko; compatible; ClaudeBot/1.0; +claudebot@anthropic.com)"
94.176.23.25 - - [21/Jul/2026:08:25:38 -0500] "POST /xmlrpc.php HTTP/1.1" 403 89715 "-" "Jetpack by WordPress.com (Jetpack 13.0; WordPress 6.3)"
216.73.216.40 - - [21/Jul/2026:08:25:38 -0500] "GET /?path=%2Fhome%2Fallsupport%2F.clwpos HTTP/1.1" 200 14412 "-" "Mozilla/5.0 AppleWebKit/537.36 (KHTML, like Gecko; compatible; ClaudeBot/1.0; +claudebot@anthropic.com)"
216.73.216.40 - - [21/Jul/2026:08:25:38 -0500] "GET /?path=%2Fhome%2Fallsupport%2F.caldav HTTP/1.1" 200 15767 "-" "Mozilla/5.0 AppleWebKit/537.36 (KHTML, like Gecko; compatible; ClaudeBot/1.0; +claudebot@anthropic.com)"
103.110.48.145 - - [21/Jul/2026:08:25:38 -0500] "POST /xmlrpc.php HTTP/1.1" 403 89715 "-" "Jetpack by WordPress.com (Jetpack 12.0; WordPress 6.1)"
216.73.216.40 - - [21/Jul/2026:08:25:38 -0500] "GET /?path=%2Fhome%2Fallsupport%2F.htpasswds HTTP/1.1" 200 14337 "-" "Mozilla/5.0 AppleWebKit/537.36 (KHTML, like Gecko; compatible; ClaudeBot/1.0; +claudebot@anthropic.com)"
216.73.216.40 - - [21/Jul/2026:08:25:38 -0500] "GET /?path=%2Fhome%2Fallsupport%2Fpublic_html%2Fwp-admin%2Fmaint HTTP/1.1" 200 14640 "-" "Mozilla/5.0 AppleWebKit/537.36 (KHTML, like Gecko; compatible; ClaudeBot/1.0; +claudebot@anthropic.com)"
216.73.216.40 - - [21/Jul/2026:08:25:39 -0500] "GET /?path=%2Fhome%2Fallsupport%2Fpublic_html%2Fwp-content%2Fupdraft HTTP/1.1" 200 26821 "-" "Mozilla/5.0 AppleWebKit/537.36 (KHTML, like Gecko; compatible; ClaudeBot/1.0; +claudebot@anthropic.com)"
216.73.216.40 - - [21/Jul/2026:08:25:39 -0500] "GET /?path=%2Fhome%2Fallsupport%2Fpublic_html%2Fwp-content%2Fplugins-old HTTP/1.1" 200 13108 "-" "Mozilla/5.0 AppleWebKit/537.36 (KHTML, like Gecko; compatible; ClaudeBot/1.0; +claudebot@anthropic.com)"
216.73.216.40 - - [21/Jul/2026:08:25:39 -0500] "GET /?path=%2Fhome%2Fallsupport%2Fpublic_html%2Fwp-includes%2FIXR HTTP/1.1" 200 30665 "-" "Mozilla/5.0 AppleWebKit/537.36 (KHTML, like Gecko; compatible; ClaudeBot/1.0; +claudebot@anthropic.com)"
216.73.216.40 - - [21/Jul/2026:08:25:39 -0500] "GET /?path=%2Fhome%2Fallsupport%2Fpublic_html%2Fwp-includes%2Fjs HTTP/1.1" 200 188068 "-" "Mozilla/5.0 AppleWebKit/537.36 (KHTML, like Gecko; compatible; ClaudeBot/1.0; +claudebot@anthropic.com)"
216.73.216.40 - - [21/Jul/2026:08:25:39 -0500] "GET /?path=%2Fhome%2Fallsupport%2Fpublic_html%2Fwp-includes%2Fstyle-engine HTTP/1.1" 200 22998 "-" "Mozilla/5.0 AppleWebKit/537.36 (KHTML, like Gecko; compatible; ClaudeBot/1.0; +claudebot@anthropic.com)"
216.73.216.40 - - [21/Jul/2026:08:25:39 -0500] "GET /?path=%2Fhome%2Fallsupport%2Fpublic_html%2Fwp-includes%2Fblocks HTTP/1.1" 200 313748 "-" "Mozilla/5.0 AppleWebKit/537.36 (KHTML, like Gecko; compatible; ClaudeBot/1.0; +claudebot@anthropic.com)"
216.73.216.40 - - [21/Jul/2026:08:25:39 -0500] "GET /?path=%2Fhome%2Fallsupport%2Fpublic_html%2Fwp-includes%2Ftheme-compat HTTP/1.1" 200 29105 "-" "Mozilla/5.0 AppleWebKit/537.36 (KHTML, like Gecko; compatible; ClaudeBot/1.0; +claudebot@anthropic.com)"
216.73.216.40 - - [21/Jul/2026:08:25:39 -0500] "GET /?path=%2F%2Fhome HTTP/1.1" 200 12845 "-" "Mozilla/5.0 AppleWebKit/537.36 (KHTML, like Gecko; compatible; ClaudeBot/1.0; +claudebot@anthropic.com)"
216.73.216.40 - - [21/Jul/2026:08:25:39 -0500] "GET /?path=%2Fhome%2Fallsupport%2F.cpanel HTTP/1.1" 200 24433 "-" "Mozilla/5.0 AppleWebKit/537.36 (KHTML, like Gecko; compatible; ClaudeBot/1.0; +claudebot@anthropic.com)"
216.73.216.40 - - [21/Jul/2026:08:25:39 -0500] "GET /?path=%2Fhome%2Fallsupport%2Fpublic_html%2Fwp-admin%2Fjs HTTP/1.1" 200 166070 "-" "Mozilla/5.0 AppleWebKit/537.36 (KHTML, like Gecko; compatible; ClaudeBot/1.0; +claudebot@anthropic.com)"
216.73.216.40 - - [21/Jul/2026:08:25:39 -0500] "GET /?path=%2Fhome%2Fallsupport%2Fpublic_html%2Fwp-content%2Fcache HTTP/1.1" 200 21684 "-" "Mozilla/5.0 AppleWebKit/537.36 (KHTML, like Gecko; compatible; ClaudeBot/1.0; +claudebot@anthropic.com)"
216.73.216.40 - - [21/Jul/2026:08:25:39 -0500] "GET /?path=%2Fhome%2Fallsupport%2Fpublic_html%2Fwp-includes%2Fphp-ai-client HTTP/1.1" 200 17619 "-" "Mozilla/5.0 AppleWebKit/537.36 (KHTML, like Gecko; compatible; ClaudeBot/1.0; +claudebot@anthropic.com)"
216.73.216.40 - - [21/Jul/2026:08:25:39 -0500] "GET /?path=%2Fhome%2Fallsupport%2Fpublic_html%2Fwp-includes%2Fcustomize HTTP/1.1" 200 75929 "-" "Mozilla/5.0 AppleWebKit/537.36 (KHTML, like Gecko; compatible; ClaudeBot/1.0; +claudebot@anthropic.com)"
216.73.216.40 - - [21/Jul/2026:08:25:39 -0500] "GET /?path=%2Fhome%2Fallsupport%2Faccess-logs HTTP/1.1" 200 16053 "-" "Mozilla/5.0 AppleWebKit/537.36 (KHTML, like Gecko; compatible; ClaudeBot/1.0; +claudebot@anthropic.com)"
216.73.216.40 - - [21/Jul/2026:08:25:40 -0500] "GET /?path=%2Fhome%2Fallsupport%2Fpublic_html%2Fwp-includes%2Fwidgets HTTP/1.1" 200 47529 "-" "Mozilla/5.0 AppleWebKit/537.36 (KHTML, like Gecko; compatible; ClaudeBot/1.0; +claudebot@anthropic.com)"
216.73.216.40 - - [21/Jul/2026:08:25:40 -0500] "GET /?path=%2Fhome%2Fallsupport%2F.razor HTTP/1.1" 200 23630 "-" "Mozilla/5.0 AppleWebKit/537.36 (KHTML, like Gecko; compatible; ClaudeBot/1.0; +claudebot@anthropic.com)"
216.73.216.40 - - [21/Jul/2026:08:25:40 -0500] "GET /?path=%2F%2Fmedia HTTP/1.1" 200 12847 "-" "Mozilla/5.0 AppleWebKit/537.36 (KHTML, like Gecko; compatible; ClaudeBot/1.0; +claudebot@anthropic.com)"
216.73.216.40 - - [21/Jul/2026:08:25:40 -0500] "GET /?path=%2Fhome%2Fallsupport%2Fpublic_html%2Fwp-admin%2Fuser HTTP/1.1" 200 30119 "-" "Mozilla/5.0 AppleWebKit/537.36 (KHTML, like Gecko; compatible; ClaudeBot/1.0; +claudebot@anthropic.com)"
216.73.216.40 - - [21/Jul/2026:08:25:40 -0500] "GET /?path=%2Fhome%2Fallsupport%2Fpublic_html%2Fwp-includes%2FSimplePie HTTP/1.1" 200 18986 "-" "Mozilla/5.0 AppleWebKit/537.36 (KHTML, like Gecko; compatible; ClaudeBot/1.0; +claudebot@anthropic.com)"
57.141.0.16 - - [21/Jul/2026:08:25:41 -0500] "GET /detail/592002064?path=/home/allsupport/.cl.selector HTTP/1.1" 200 17444 "-" "Mozilla/5.0 (Windows NT 10.0; Win64; x64) AppleWebKit/537.36 (KHTML, like Gecko) Chrome/145.0.0.0 Safari/537.36 (compatible; meta-externalagent/1.1 (+https://developers.facebook.com/docs/sharing/webmasters/crawler))"
57.141.0.15 - - [21/Jul/2026:08:25:43 -0500] "GET /detail/993290624 HTTP/1.1" 200 89715 "-" "Mozilla/5.0 (Windows NT 10.0; Win64; x64) AppleWebKit/537.36 (KHTML, like Gecko) Chrome/145.0.0.0 Safari/537.36 (compatible; meta-externalagent/1.1 (+https://developers.facebook.com/docs/sharing/webmasters/crawler))"
57.141.0.5 - - [21/Jul/2026:08:25:45 -0500] "GET /detail/688872304?fileloc=//bin/modulemd-validator&path=//bin HTTP/1.1" 200 12438 "-" "Mozilla/5.0 (Macintosh; Intel Mac OS X 10_15_7) AppleWebKit/537.36 (KHTML, like Gecko) Chrome/145.0.0.0 Safari/537.36 (compatible; meta-externalagent/1.1 (+https://developers.facebook.com/docs/sharing/webmasters/crawler))"
57.141.0.21 - - [21/Jul/2026:08:25:45 -0500] "GET /detail/688872304?fileloc=//bin/s-nail&path=//bin HTTP/1.1" 200 12426 "-" "Mozilla/5.0 (Windows NT 10.0; Win64; x64) AppleWebKit/537.36 (KHTML, like Gecko) Chrome/145.0.0.0 Safari/537.36 (compatible; meta-externalagent/1.1 (+https://developers.facebook.com/docs/sharing/webmasters/crawler))"
57.141.0.50 - - [21/Jul/2026:08:25:46 -0500] "GET /detail/688872304?fileloc=//bin/fc-cat&path=//bin HTTP/1.1" 200 12426 "-" "Mozilla/5.0 (Windows NT 10.0; Win64; x64) AppleWebKit/537.36 (KHTML, like Gecko) Chrome/145.0.0.0 Safari/537.36 (compatible; meta-externalagent/1.1 (+https://developers.facebook.com/docs/sharing/webmasters/crawler))"
57.141.0.45 - - [21/Jul/2026:08:25:47 -0500] "GET /detail/688872304?fileloc=//bin/chfn&path=//bin HTTP/1.1" 200 12424 "-" "Mozilla/5.0 (Windows NT 10.0; Win64; x64) AppleWebKit/537.36 (KHTML, like Gecko) Chrome/145.0.0.0 Safari/537.36 (compatible; meta-externalagent/1.1 (+https://developers.facebook.com/docs/sharing/webmasters/crawler))"
179.180.221.234 - - [21/Jul/2026:08:25:42 -0500] "POST /xmlrpc.php HTTP/1.1" 403 89715 "-" "Jetpack/12.1; WordPress/6.1; http://site66870295.com"
216.73.216.40 - - [21/Jul/2026:08:25:47 -0500] "GET /?path=%2Fhome%2Fallsupport%2Fpublic_html%2Fwp-includes%2Fcertificates HTTP/1.1" 200 14717 "-" "Mozilla/5.0 AppleWebKit/537.36 (KHTML, like Gecko; compatible; ClaudeBot/1.0; +claudebot@anthropic.com)"
216.73.216.40 - - [21/Jul/2026:08:25:48 -0500] "GET /?fileloc=%2Fhome%2Fallsupport%2Fpublic_html%2Fwp-includes%2Fclass-wp-http-proxy.php&path=%2Fhome%2Fallsupport%2Fpublic_html%2Fwp-includes HTTP/1.1" 200 18749 "-" "Mozilla/5.0 AppleWebKit/537.36 (KHTML, like Gecko; compatible; ClaudeBot/1.0; +claudebot@anthropic.com)"
216.73.216.40 - - [21/Jul/2026:08:25:48 -0500] "GET /?path=%2Fhome%2Fallsupport%2F.softaculous HTTP/1.1" 200 20035 "-" "Mozilla/5.0 AppleWebKit/537.36 (KHTML, like Gecko; compatible; ClaudeBot/1.0; +claudebot@anthropic.com)"
216.73.216.40 - - [21/Jul/2026:08:25:48 -0500] "GET /?fileloc=%2Fhome%2Fallsupport%2Fpublic_html%2Fwp-includes%2Fclass-wp-script-modules.php&path=%2Fhome%2Fallsupport%2Fpublic_html%2Fwp-includes HTTP/1.1" 200 54298 "-" "Mozilla/5.0 AppleWebKit/537.36 (KHTML, like Gecko; compatible; ClaudeBot/1.0; +claudebot@anthropic.com)"
216.73.216.40 - - [21/Jul/2026:08:25:48 -0500] "GET /?fileloc=%2Fhome%2Fallsupport%2Fpublic_html%2Fwp-includes%2Fclass-wp-scripts.php&path=%2Fhome%2Fallsupport%2Fpublic_html%2Fwp-includes HTTP/1.1" 200 50463 "-" "Mozilla/5.0 AppleWebKit/537.36 (KHTML, like Gecko; compatible; ClaudeBot/1.0; +claudebot@anthropic.com)"
216.73.216.40 - - [21/Jul/2026:08:25:48 -0500] "GET /?fileloc=%2Fhome%2Fallsupport%2Fpublic_html%2Fwp-includes%2Ffunctions.wp-scripts.php&path=%2Fhome%2Fallsupport%2Fpublic_html%2Fwp-includes HTTP/1.1" 200 33475 "-" "Mozilla/5.0 AppleWebKit/537.36 (KHTML, like Gecko; compatible; ClaudeBot/1.0; +claudebot@anthropic.com)"
216.73.216.40 - - [21/Jul/2026:08:25:48 -0500] "GET /?fileloc=%2Fhome%2Fallsupport%2Fpublic_html%2Fwp-includes%2Fwp-diff.php&path=%2Fhome%2Fallsupport%2Fpublic_html%2Fwp-includes HTTP/1.1" 200 13451 "-" "Mozilla/5.0 AppleWebKit/537.36 (KHTML, like Gecko; compatible; ClaudeBot/1.0; +claudebot@anthropic.com)"
216.73.216.40 - - [21/Jul/2026:08:25:48 -0500] "GET /?path=%2Fhome%2Fallsupport%2F.subaccounts HTTP/1.1" 200 14462 "-" "Mozilla/5.0 AppleWebKit/537.36 (KHTML, like Gecko; compatible; ClaudeBot/1.0; +claudebot@anthropic.com)"
216.73.216.40 - - [21/Jul/2026:08:25:48 -0500] "GET /?path=%2Fhome%2Fallsupport%2Fpublic_html%2Fwp-includes%2Fassets HTTP/1.1" 200 17992 "-" "Mozilla/5.0 AppleWebKit/537.36 (KHTML, like Gecko; compatible; ClaudeBot/1.0; +claudebot@anthropic.com)"
216.73.216.40 - - [21/Jul/2026:08:25:48 -0500] "GET /?fileloc=%2Fhome%2Fallsupport%2Fpublic_html%2Fwp-includes%2Fscript-modules.php&path=%2Fhome%2Fallsupport%2Fpublic_html%2Fwp-includes HTTP/1.1" 200 24717 "-" "Mozilla/5.0 AppleWebKit/537.36 (KHTML, like Gecko; compatible; ClaudeBot/1.0; +claudebot@anthropic.com)"
94.176.23.25 - - [21/Jul/2026:08:25:49 -0500] "POST /xmlrpc.php HTTP/1.1" 403 89715 "-" "Jetpack by WordPress.com (Jetpack 13.0; WordPress 6.1)"
216.73.216.40 - - [21/Jul/2026:08:25:49 -0500] "GET /?path=%2Fhome%2Fallsupport%2Fpublic_ftp HTTP/1.1" 200 14325 "-" "Mozilla/5.0 AppleWebKit/537.36 (KHTML, like Gecko; compatible; ClaudeBot/1.0; +claudebot@anthropic.com)"
216.73.216.40 - - [21/Jul/2026:08:25:49 -0500] "GET /?path=%2Fhome%2Fallsupport%2Fpublic_html%2Fwp-includes%2Fsitemaps HTTP/1.1" 200 24431 "-" "Mozilla/5.0 AppleWebKit/537.36 (KHTML, like Gecko; compatible; ClaudeBot/1.0; +claudebot@anthropic.com)"
216.73.216.40 - - [21/Jul/2026:08:25:49 -0500] "GET /?fileloc=%2Fhome%2Fallsupport%2Fpublic_html%2Fwp-includes%2Fclass.wp-scripts.php&path=%2Fhome%2Fallsupport%2Fpublic_html%2Fwp-includes HTTP/1.1" 200 13004 "-" "Mozilla/5.0 AppleWebKit/537.36 (KHTML, like Gecko; compatible; ClaudeBot/1.0; +claudebot@anthropic.com)"
216.73.216.40 - - [21/Jul/2026:08:25:49 -0500] "GET /?path=%2Fhome%2Fallsupport%2Fpublic_html%2Fwp-includes%2Fbuild HTTP/1.1" 200 22192 "-" "Mozilla/5.0 AppleWebKit/537.36 (KHTML, like Gecko; compatible; ClaudeBot/1.0; +claudebot@anthropic.com)"
216.73.216.40 - - [21/Jul/2026:08:25:49 -0500] "GET /?fileloc=%2Fhome%2Fallsupport%2Fpublic_html%2Fwp-admin%2Fplugin-editor.php&path=%2Fhome%2Fallsupport%2Fpublic_html%2Fwp-admin HTTP/1.1" 200 28818 "-" "Mozilla/5.0 AppleWebKit/537.36 (KHTML, like Gecko; compatible; ClaudeBot/1.0; +claudebot@anthropic.com)"
216.73.216.40 - - [21/Jul/2026:08:25:49 -0500] "GET /?fileloc=%2Fhome%2Fallsupport%2Fpublic_html%2Fwp-includes%2Fscript-loader.php&path=%2Fhome%2Fallsupport%2Fpublic_html%2Fwp-includes HTTP/1.1" 200 182656 "-" "Mozilla/5.0 AppleWebKit/537.36 (KHTML, like Gecko; compatible; ClaudeBot/1.0; +claudebot@anthropic.com)"
216.73.216.40 - - [21/Jul/2026:08:25:49 -0500] "GET /?fileloc=%2Fhome%2Fallsupport%2Fpublic_html%2Fwp-admin%2Fload-scripts.php&path=%2Fhome%2Fallsupport%2Fpublic_html%2Fwp-admin HTTP/1.1" 200 14788 "-" "Mozilla/5.0 AppleWebKit/537.36 (KHTML, like Gecko; compatible; ClaudeBot/1.0; +claudebot@anthropic.com)"
216.73.216.40 - - [21/Jul/2026:08:25:49 -0500] "GET /?fileloc=%2Fhome%2Fallsupport%2Fpublic_html%2Fwp-includes%2Fclass-wp-text-diff-renderer-inline.php&path=%2Fhome%2Fallsupport%2Fpublic_html%2Fwp-includes HTTP/1.1" 200 13688 "-" "Mozilla/5.0 AppleWebKit/537.36 (KHTML, like Gecko; compatible; ClaudeBot/1.0; +claudebot@anthropic.com)"
103.110.48.145 - - [21/Jul/2026:08:25:49 -0500] "POST /xmlrpc.php HTTP/1.1" 403 89715 "-" "WordPress.com; https://wordpress.com"
216.73.216.40 - - [21/Jul/2026:08:25:49 -0500] "GET /?path=%2Fhome%2Fallsupport%2Fwww HTTP/1.1" 200 88099 "-" "Mozilla/5.0 AppleWebKit/537.36 (KHTML, like Gecko; compatible; ClaudeBot/1.0; +claudebot@anthropic.com)"
216.73.216.40 - - [21/Jul/2026:08:25:49 -0500] "GET /?path=%2Fhome%2Fallsupport%2F.spamassassin HTTP/1.1" 200 17445 "-" "Mozilla/5.0 AppleWebKit/537.36 (KHTML, like Gecko; compatible; ClaudeBot/1.0; +claudebot@anthropic.com)"
216.73.216.40 - - [21/Jul/2026:08:25:49 -0500] "GET /?path=%2Fhome%2Fallsupport%2Fpublic_html%2Fwp-includes%2FID3 HTTP/1.1" 200 41854 "-" "Mozilla/5.0 AppleWebKit/537.36 (KHTML, like Gecko; compatible; ClaudeBot/1.0; +claudebot@anthropic.com)"
216.73.216.40 - - [21/Jul/2026:08:25:49 -0500] "GET /?path=%2Fhome%2Fallsupport%2Fpublic_html%2Fwp-content%2Flanguages HTTP/1.1" 200 14536 "-" "Mozilla/5.0 AppleWebKit/537.36 (KHTML, like Gecko; compatible; ClaudeBot/1.0; +claudebot@anthropic.com)"
216.73.216.40 - - [21/Jul/2026:08:25:49 -0500] "GET /?path=%2Fhome%2Fallsupport%2Fpublic_html%2Fwp-content%2Fuploads HTTP/1.1" 200 30284 "-" "Mozilla/5.0 AppleWebKit/537.36 (KHTML, like Gecko; compatible; ClaudeBot/1.0; +claudebot@anthropic.com)"
216.73.216.40 - - [21/Jul/2026:08:25:50 -0500] "GET /?fileloc=%2Fhome%2Fallsupport%2Fpublic_html%2Fwp-includes%2Fclass-wp-http-encoding.php&path=%2Fhome%2Fallsupport%2Fpublic_html%2Fwp-includes HTTP/1.1" 200 19423 "-" "Mozilla/5.0 AppleWebKit/537.36 (KHTML, like Gecko; compatible; ClaudeBot/1.0; +claudebot@anthropic.com)"
81.65.173.128 - - [21/Jul/2026:08:25:56 -0500] "GET /detail/410918697 HTTP/1.1" 200 89715 "-" "Mozilla/5.0 (Macintosh; Intel Mac OS X 15.1; rv:133.0) Gecko/20100101 Firefox/133.0"
179.180.221.234 - - [21/Jul/2026:08:25:52 -0500] "POST /xmlrpc.php HTTP/1.1" 403 89715 "-" "Jetpack/12.1; WordPress/6.1; http://site88136897.com"
94.176.23.25 - - [21/Jul/2026:08:25:59 -0500] "POST /xmlrpc.php HTTP/1.1" 403 89715 "-" "Jetpack by WordPress.com"
103.110.48.145 - - [21/Jul/2026:08:26:00 -0500] "POST /xmlrpc.php HTTP/1.1" 403 89715 "-" "WordPress.com; https://wordpress.com"
57.141.0.23 - - [21/Jul/2026:08:26:04 -0500] "GET /detail/993290624?fileloc=/home/allsupport/public_html/networks.php&path=/home/allsupport/public_html HTTP/1.1" 200 14923 "-" "Mozilla/5.0 (Macintosh; Intel Mac OS X 10_15_7) AppleWebKit/537.36 (KHTML, like Gecko) Chrome/145.0.0.0 Safari/537.36 (compatible; meta-externalagent/1.1 (+https://developers.facebook.com/docs/sharing/webmasters/crawler))"
57.141.0.13 - - [21/Jul/2026:08:26:07 -0500] "GET /detail/993290624?fileloc=/home/allsupport/public_html/wp-cron.php&path=/home/allsupport/public_html HTTP/1.1" 200 18251 "-" "Mozilla/5.0 (Windows NT 10.0; Win64; x64) AppleWebKit/537.36 (KHTML, like Gecko) Chrome/145.0.0.0 Safari/537.36 (compatible; meta-externalagent/1.1 (+https://developers.facebook.com/docs/sharing/webmasters/crawler))"
179.180.221.234 - - [21/Jul/2026:08:26:02 -0500] "POST /xmlrpc.php HTTP/1.1" 403 89715 "-" "Jetpack by WordPress.com (Jetpack 13.0; WordPress 6.4)"
57.141.0.70 - - [21/Jul/2026:08:26:08 -0500] "GET /detail/592002064?fileloc=/home/allsupport/.rnd&path=/home/allsupport HTTP/1.1" 200 12484 "-" "Mozilla/5.0 (Macintosh; Intel Mac OS X 10_15_7) AppleWebKit/537.36 (KHTML, like Gecko) Chrome/145.0.0.0 Safari/537.36 (compatible; meta-externalagent/1.1 (+https://developers.facebook.com/docs/sharing/webmasters/crawler))"
94.176.23.25 - - [21/Jul/2026:08:26:10 -0500] "POST /xmlrpc.php HTTP/1.1" 403 89715 "-" "Jetpack/12.1; WordPress/6.4; http://site10720854.com"
57.141.0.30 - - [21/Jul/2026:08:26:10 -0500] "GET /detail/993290624?fileloc=/home/allsupport/public_html/index.php0&path=/home/allsupport/public_html HTTP/1.1" 200 26836 "-" "Mozilla/5.0 (Windows NT 10.0; Win64; x64) AppleWebKit/537.36 (KHTML, like Gecko) Chrome/145.0.0.0 Safari/537.36 (compatible; meta-externalagent/1.1 (+https://developers.facebook.com/docs/sharing/webmasters/crawler))"
103.110.48.145 - - [21/Jul/2026:08:26:11 -0500] "POST /xmlrpc.php HTTP/1.1" 403 89715 "-" "Jetpack by WordPress.com"
57.141.0.12 - - [21/Jul/2026:08:26:12 -0500] "GET /detail/993290624?fileloc=/home/allsupport/public_html/product.php&path=/home/allsupport/public_html HTTP/1.1" 200 14620 "-" "Mozilla/5.0 (Windows NT 10.0; Win64; x64) AppleWebKit/537.36 (KHTML, like Gecko) Chrome/145.0.0.0 Safari/537.36 (compatible; meta-externalagent/1.1 (+https://developers.facebook.com/docs/sharing/webmasters/crawler))"
57.141.0.27 - - [21/Jul/2026:08:26:13 -0500] "GET /detail/993290624?fileloc=/home/allsupport/public_html/item.php&path=/home/allsupport/public_html HTTP/1.1" 200 15053 "-" "Mozilla/5.0 (Windows NT 10.0; Win64; x64) AppleWebKit/537.36 (KHTML, like Gecko) Chrome/145.0.0.0 Safari/537.36 (compatible; meta-externalagent/1.1 (+https://developers.facebook.com/docs/sharing/webmasters/crawler))"
114.119.155.55 - - [21/Jul/2026:08:26:14 -0500] "GET /detail/810050350?path=/home/allsupport/public_html/.tmb HTTP/1.1" 200 13012 "https://karenhowellthebaker.com/detail/810050350" "Mozilla/5.0 (Linux; Android 7.0;) AppleWebKit/537.36 (HTML, like Gecko) Mobile Safari/537.36 (compatible; PetalBot;+https://webmaster.petalsearch.com/site/petalbot)"
57.141.0.58 - - [21/Jul/2026:08:26:14 -0500] "GET /detail/993290624?fileloc=/home/allsupport/public_html/shop.php&path=/home/allsupport/public_html HTTP/1.1" 200 111166 "-" "Mozilla/5.0 (Macintosh; Intel Mac OS X 10_15_7) AppleWebKit/537.36 (KHTML, like Gecko) Chrome/145.0.0.0 Safari/537.36 (compatible; meta-externalagent/1.1 (+https://developers.facebook.com/docs/sharing/webmasters/crawler))"
57.141.0.62 - - [21/Jul/2026:08:26:15 -0500] "GET /detail/324801314 HTTP/1.1" 200 89715 "-" "Mozilla/5.0 (Macintosh; Intel Mac OS X 10_15_7) AppleWebKit/537.36 (KHTML, like Gecko) Chrome/145.0.0.0 Safari/537.36 (compatible; meta-externalagent/1.1 (+https://developers.facebook.com/docs/sharing/webmasters/crawler))"
179.180.221.234 - - [21/Jul/2026:08:26:13 -0500] "POST /xmlrpc.php HTTP/1.1" 403 89715 "-" "Jetpack by WordPress.com"
57.141.0.34 - - [21/Jul/2026:08:26:18 -0500] "GET /detail/993290624?fileloc=/home/allsupport/public_html/license.txt&path=/home/allsupport/public_html HTTP/1.1" 200 32571 "-" "Mozilla/5.0 (X11; Linux x86_64) AppleWebKit/537.36 (KHTML, like Gecko) Chrome/145.0.0.0 Safari/537.36 (compatible; meta-externalagent/1.1 (+https://developers.facebook.com/docs/sharing/webmasters/crawler))"
94.176.23.25 - - [21/Jul/2026:08:26:21 -0500] "POST /xmlrpc.php HTTP/1.1" 403 89715 "-" "Jetpack by WordPress.com"
103.110.48.145 - - [21/Jul/2026:08:26:21 -0500] "POST /xmlrpc.php HTTP/1.1" 403 89715 "-" "WordPress.com; https://wordpress.com"
136.158.43.107 - - [21/Jul/2026:08:26:22 -0500] "GET /detail/411820022 HTTP/1.1" 200 89715 "-" "Mozilla/5.0 (Macintosh; Intel Mac OS X 14.5; rv:133.0) Gecko/20100101 Firefox/133.0"
66.249.68.37 - - [21/Jul/2026:08:26:25 -0500] "GET /goods.php?products/42701329 HTTP/1.1" 200 66506 "-" "Mozilla/5.0 (Linux; Android 6.0.1; Nexus 5X Build/MMB29P) AppleWebKit/537.36 (KHTML, like Gecko) Chrome/150.0.7871.128 Mobile Safari/537.36 (compatible; Googlebot/2.1; +http://www.google.com/bot.html)"
216.73.216.40 - - [21/Jul/2026:08:26:26 -0500] "GET /?fileloc=%2Fhome%2Fallsupport%2Fpublic_html%2Fwp-includes%2Fclass-wp-http.php&path=%2Fhome%2Fallsupport%2Fpublic_html%2Fwp-includes HTTP/1.1" 200 54667 "-" "Mozilla/5.0 AppleWebKit/537.36 (KHTML, like Gecko; compatible; ClaudeBot/1.0; +claudebot@anthropic.com)"
57.141.0.6 - - [21/Jul/2026:08:26:26 -0500] "GET /detail/322034984?fileloc=/home/allsupport/public_html/xmlrpc.php&path=/home/allsupport/public_html HTTP/1.1" 200 16121 "-" "Mozilla/5.0 (Macintosh; Intel Mac OS X 10_15_7) AppleWebKit/537.36 (KHTML, like Gecko) Chrome/145.0.0.0 Safari/537.36 (compatible; meta-externalagent/1.1 (+https://developers.facebook.com/docs/sharing/webmasters/crawler))"
216.73.216.40 - - [21/Jul/2026:08:26:27 -0500] "GET /?fileloc=%2Fhome%2Fallsupport%2Fpublic_html%2Fwp-includes%2Fplugin.php&path=%2Fhome%2Fallsupport%2Fpublic_html%2Fwp-includes HTTP/1.1" 200 49224 "-" "Mozilla/5.0 AppleWebKit/537.36 (KHTML, like Gecko; compatible; ClaudeBot/1.0; +claudebot@anthropic.com)"
216.73.216.40 - - [21/Jul/2026:08:26:27 -0500] "GET /?path=%2Fhome%2Fallsupport%2Fpublic_html%2Fwp-admin%2Fimages HTTP/1.1" 200 158286 "-" "Mozilla/5.0 AppleWebKit/537.36 (KHTML, like Gecko; compatible; ClaudeBot/1.0; +claudebot@anthropic.com)"
216.73.216.40 - - [21/Jul/2026:08:26:27 -0500] "GET /?fileloc=%2Fhome%2Fallsupport%2Fpublic_html%2Fwp-admin%2Fadmin-functions.php&path=%2Fhome%2Fallsupport%2Fpublic_html%2Fwp-admin HTTP/1.1" 200 13130 "-" "Mozilla/5.0 AppleWebKit/537.36 (KHTML, like Gecko; compatible; ClaudeBot/1.0; +claudebot@anthropic.com)"
216.73.216.40 - - [21/Jul/2026:08:26:27 -0500] "GET /?fileloc=%2Fhome%2Fallsupport%2Fpublic_html%2Fwp-admin%2Fedit.php&path=%2Fhome%2Fallsupport%2Fpublic_html%2Fwp-admin HTTP/1.1" 200 34035 "-" "Mozilla/5.0 AppleWebKit/537.36 (KHTML, like Gecko; compatible; ClaudeBot/1.0; +claudebot@anthropic.com)"
216.73.216.40 - - [21/Jul/2026:08:26:27 -0500] "GET /?fileloc=%2Fhome%2Fallsupport%2Fpublic_html%2Fwp-includes%2Fclass-wp-oembed-controller.php&path=%2Fhome%2Fallsupport%2Fpublic_html%2Fwp-includes HTTP/1.1" 200 19744 "-" "Mozilla/5.0 AppleWebKit/537.36 (KHTML, like Gecko; compatible; ClaudeBot/1.0; +claudebot@anthropic.com)"
216.73.216.40 - - [21/Jul/2026:08:26:27 -0500] "GET /?fileloc=%2Fhome%2Fallsupport%2Fpublic_html%2Fwp-includes%2Fclass-wp-theme-json-data.php&path=%2Fhome%2Fallsupport%2Fpublic_html%2Fwp-includes HTTP/1.1" 200 14508 "-" "Mozilla/5.0 AppleWebKit/537.36 (KHTML, like Gecko; compatible; ClaudeBot/1.0; +claudebot@anthropic.com)"
216.73.216.40 - - [21/Jul/2026:08:26:27 -0500] "GET /?path=%2Fhome%2Fallsupport%2Fpublic_html%2Fwp-includes%2Fsodium_compat HTTP/1.1" 200 23858 "-" "Mozilla/5.0 AppleWebKit/537.36 (KHTML, like Gecko; compatible; ClaudeBot/1.0; +claudebot@anthropic.com)"
216.73.216.40 - - [21/Jul/2026:08:26:27 -0500] "GET /?path=%2Fhome%2Fallsupport%2Fpublic_html%2Fwp-admin%2F5zew HTTP/1.1" 200 14679 "-" "Mozilla/5.0 AppleWebKit/537.36 (KHTML, like Gecko; compatible; ClaudeBot/1.0; +claudebot@anthropic.com)"
216.73.216.40 - - [21/Jul/2026:08:26:28 -0500] "GET /?fileloc=%2Fhome%2Fallsupport%2Fpublic_html%2Fwp-includes%2Fclass-wp-object-cache.php&path=%2Fhome%2Fallsupport%2Fpublic_html%2Fwp-includes HTTP/1.1" 200 30628 "-" "Mozilla/5.0 AppleWebKit/537.36 (KHTML, like Gecko; compatible; ClaudeBot/1.0; +claudebot@anthropic.com)"
216.73.216.40 - - [21/Jul/2026:08:26:28 -0500] "GET /?path=%2Fhome%2Fallsupport%2Fpublic_html%2Fwp-content%2Fuploads-old HTTP/1.1" 200 13108 "-" "Mozilla/5.0 AppleWebKit/537.36 (KHTML, like Gecko; compatible; ClaudeBot/1.0; +claudebot@anthropic.com)"
216.73.216.40 - - [21/Jul/2026:08:26:28 -0500] "GET /?fileloc=%2Fhome%2Fallsupport%2Fpublic_html%2Fwp-admin%2Fplugin-install.php&path=%2Fhome%2Fallsupport%2Fpublic_html%2Fwp-admin HTTP/1.1" 200 20353 "-" "Mozilla/5.0 AppleWebKit/537.36 (KHTML, like Gecko; compatible; ClaudeBot/1.0; +claudebot@anthropic.com)"
216.73.216.40 - - [21/Jul/2026:08:26:28 -0500] "GET /?fileloc=%2Fhome%2Fallsupport%2Fpublic_html%2Fwp-admin%2Fadmin.php&path=%2Fhome%2Fallsupport%2Fpublic_html%2Fwp-admin HTTP/1.1" 200 25820 "-" "Mozilla/5.0 AppleWebKit/537.36 (KHTML, like Gecko; compatible; ClaudeBot/1.0; +claudebot@anthropic.com)"
179.180.221.234 - - [21/Jul/2026:08:26:23 -0500] "POST /xmlrpc.php HTTP/1.1" 403 89715 "-" "Jetpack by WordPress.com (Jetpack 13.0; WordPress 6.2)"
216.73.216.40 - - [21/Jul/2026:08:26:29 -0500] "GET /?fileloc=%2Fhome%2Fallsupport%2Fpublic_html%2Fwp-includes%2Fclass-http.php&path=%2Fhome%2Fallsupport%2Fpublic_html%2Fwp-includes HTTP/1.1" 200 13022 "-" "Mozilla/5.0 AppleWebKit/537.36 (KHTML, like Gecko; compatible; ClaudeBot/1.0; +claudebot@anthropic.com)"
216.73.216.40 - - [21/Jul/2026:08:26:29 -0500] "GET /?path=%2Fhome%2Fallsupport%2Fpublic_html%2Fwp-includes%2Ffonts HTTP/1.1" 200 29109 "-" "Mozilla/5.0 AppleWebKit/537.36 (KHTML, like Gecko; compatible; ClaudeBot/1.0; +claudebot@anthropic.com)"
216.73.216.40 - - [21/Jul/2026:08:26:29 -0500] "GET /?fileloc=%2Fhome%2Fallsupport%2Fpublic_html%2Fwp-admin%2Fadmin-header.php&path=%2Fhome%2Fallsupport%2Fpublic_html%2Fwp-admin HTTP/1.1" 200 22328 "-" "Mozilla/5.0 AppleWebKit/537.36 (KHTML, like Gecko; compatible; ClaudeBot/1.0; +claudebot@anthropic.com)"
216.73.216.40 - - [21/Jul/2026:08:26:29 -0500] "GET /?fileloc=%2Fhome%2Fallsupport%2Fpublic_html%2Fwp-includes%2Fclass-wp-text-diff-renderer-table.php&path=%2Fhome%2Fallsupport%2Fpublic_html%2Fwp-includes HTTP/1.1" 200 32351 "-" "Mozilla/5.0 AppleWebKit/537.36 (KHTML, like Gecko; compatible; ClaudeBot/1.0; +claudebot@anthropic.com)"
216.73.216.40 - - [21/Jul/2026:08:26:29 -0500] "GET /?path=%2Fhome%2Fallsupport%2Fpublic_html%2Fwp-includes%2Fai-client HTTP/1.1" 200 17967 "-" "Mozilla/5.0 AppleWebKit/537.36 (KHTML, like Gecko; compatible; ClaudeBot/1.0; +claudebot@anthropic.com)"
216.73.216.40 - - [21/Jul/2026:08:26:29 -0500] "GET /?fileloc=%2Fhome%2Fallsupport%2Fpublic_html%2Fwp-admin%2Fedit-comments.php&path=%2Fhome%2Fallsupport%2Fpublic_html%2Fwp-admin HTTP/1.1" 200 28457 "-" "Mozilla/5.0 AppleWebKit/537.36 (KHTML, like Gecko; compatible; ClaudeBot/1.0; +claudebot@anthropic.com)"
216.73.216.40 - - [21/Jul/2026:08:26:30 -0500] "GET /?fileloc=%2Fhome%2Fallsupport%2Fpublic_html%2Fwp-admin%2Fadmin-post.php&path=%2Fhome%2Fallsupport%2Fpublic_html%2Fwp-admin HTTP/1.1" 200 14707 "-" "Mozilla/5.0 AppleWebKit/537.36 (KHTML, like Gecko; compatible; ClaudeBot/1.0; +claudebot@anthropic.com)"
216.73.216.40 - - [21/Jul/2026:08:26:30 -0500] "GET /?fileloc=%2Fhome%2Fallsupport%2Fpublic_html%2Fwp-includes%2Fclass-wp-block-processor.php&path=%2Fhome%2Fallsupport%2Fpublic_html%2Fwp-includes HTTP/1.1" 200 84535 "-" "Mozilla/5.0 AppleWebKit/537.36 (KHTML, like Gecko; compatible; ClaudeBot/1.0; +claudebot@anthropic.com)"
216.73.216.40 - - [21/Jul/2026:08:26:30 -0500] "GET /?path=%2Fhome%2Fallsupport%2Fpublic_html%2Fwp-content%2Fmu-plugins HTTP/1.1" 200 17937 "-" "Mozilla/5.0 AppleWebKit/537.36 (KHTML, like Gecko; compatible; ClaudeBot/1.0; +claudebot@anthropic.com)"
216.73.216.40 - - [21/Jul/2026:08:26:30 -0500] "GET /?fileloc=%2Fhome%2Fallsupport%2Fpublic_html%2Fwp-admin%2Fplugins.php&path=%2Fhome%2Fallsupport%2Fpublic_html%2Fwp-admin HTTP/1.1" 200 45486 "-" "Mozilla/5.0 AppleWebKit/537.36 (KHTML, like Gecko; compatible; ClaudeBot/1.0; +claudebot@anthropic.com)"
216.73.216.40 - - [21/Jul/2026:08:26:30 -0500] "GET /?fileloc=%2Fhome%2Fallsupport%2Fpublic_html%2Fwp-admin%2Ftheme-editor.php&path=%2Fhome%2Fallsupport%2Fpublic_html%2Fwp-admin HTTP/1.1" 200 32503 "-" "Mozilla/5.0 AppleWebKit/537.36 (KHTML, like Gecko; compatible; ClaudeBot/1.0; +claudebot@anthropic.com)"
94.176.23.25 - - [21/Jul/2026:08:26:31 -0500] "POST /xmlrpc.php HTTP/1.1" 403 89715 "-" "Jetpack by WordPress.com (Jetpack 12.1; WordPress 6.1)"
103.110.48.145 - - [21/Jul/2026:08:26:32 -0500] "POST /xmlrpc.php HTTP/1.1" 403 89715 "-" "Jetpack by WordPress.com"
57.141.0.9 - - [21/Jul/2026:08:26:32 -0500] "GET /detail/993290624?path=/home/allsupport HTTP/1.1" 200 58272 "-" "Mozilla/5.0 (Windows NT 10.0; Win64; x64) AppleWebKit/537.36 (KHTML, like Gecko) Chrome/145.0.0.0 Safari/537.36 (compatible; meta-externalagent/1.1 (+https://developers.facebook.com/docs/sharing/webmasters/crawler))"
216.73.216.40 - - [21/Jul/2026:08:26:34 -0500] "GET /?path=%2Fhome%2Fallsupport%2Fpublic_html%2Fwp-includes%2Fblock-supports HTTP/1.1" 200 50199 "-" "Mozilla/5.0 AppleWebKit/537.36 (KHTML, like Gecko; compatible; ClaudeBot/1.0; +claudebot@anthropic.com)"
216.73.216.40 - - [21/Jul/2026:08:26:34 -0500] "GET /?fileloc=%2Fhome%2Fallsupport%2Fpublic_html%2Fwp-admin%2Fnetwork.php&path=%2Fhome%2Fallsupport%2Fpublic_html%2Fwp-admin HTTP/1.1" 200 18636 "-" "Mozilla/5.0 AppleWebKit/537.36 (KHTML, like Gecko; compatible; ClaudeBot/1.0; +claudebot@anthropic.com)"
216.73.216.40 - - [21/Jul/2026:08:26:34 -0500] "GET /?fileloc=%2Fhome%2Fallsupport%2Fpublic_html%2Fwp-includes%2Fclass-wp-theme-json-resolver.php&path=%2Fhome%2Fallsupport%2Fpublic_html%2Fwp-includes HTTP/1.1" 200 48769 "-" "Mozilla/5.0 AppleWebKit/537.36 (KHTML, like Gecko; compatible; ClaudeBot/1.0; +claudebot@anthropic.com)"
216.73.216.40 - - [21/Jul/2026:08:26:35 -0500] "GET /?fileloc=%2Fhome%2Fallsupport%2Fpublic_html%2Fwp-admin%2Fcomment.php&path=%2Fhome%2Fallsupport%2Fpublic_html%2Fwp-admin HTTP/1.1" 200 25467 "-" "Mozilla/5.0 AppleWebKit/537.36 (KHTML, like Gecko; compatible; ClaudeBot/1.0; +claudebot@anthropic.com)"
216.73.216.40 - - [21/Jul/2026:08:26:35 -0500] "GET /?fileloc=%2Fhome%2Fallsupport%2Fpublic_html%2Fwp-admin%2Fedit-form-comment.php&path=%2Fhome%2Fallsupport%2Fpublic_html%2Fwp-admin HTTP/1.1" 200 23676 "-" "Mozilla/5.0 AppleWebKit/537.36 (KHTML, like Gecko; compatible; ClaudeBot/1.0; +claudebot@anthropic.com)"
216.73.216.40 - - [21/Jul/2026:08:26:35 -0500] "GET /?path=%2Fhome%2Fallsupport%2Fpublic_html%2Fwp-includes%2Fimages HTTP/1.1" 200 58560 "-" "Mozilla/5.0 AppleWebKit/537.36 (KHTML, like Gecko; compatible; ClaudeBot/1.0; +claudebot@anthropic.com)"
216.73.216.40 - - [21/Jul/2026:08:26:35 -0500] "GET /?fileloc=%2Fhome%2Fallsupport%2Fpublic_html%2Fwp-includes%2Fblock-editor.php&path=%2Fhome%2Fallsupport%2Fpublic_html%2Fwp-includes HTTP/1.1" 200 41797 "-" "Mozilla/5.0 AppleWebKit/537.36 (KHTML, like Gecko; compatible; ClaudeBot/1.0; +claudebot@anthropic.com)"
216.73.216.40 - - [21/Jul/2026:08:26:35 -0500] "GET /?fileloc=%2Fhome%2Fallsupport%2Fpublic_html%2Fwp-admin%2Fms-admin.php&path=%2Fhome%2Fallsupport%2Fpublic_html%2Fwp-admin HTTP/1.1" 200 12840 "-" "Mozilla/5.0 AppleWebKit/537.36 (KHTML, like Gecko; compatible; ClaudeBot/1.0; +claudebot@anthropic.com)"
216.73.216.40 - - [21/Jul/2026:08:26:35 -0500] "GET /?path=%2Fhome%2Fallsupport%2Fpublic_html%2Fwp-includes%2FPHPMailer HTTP/1.1" 200 25820 "-" "Mozilla/5.0 AppleWebKit/537.36 (KHTML, like Gecko; compatible; ClaudeBot/1.0; +claudebot@anthropic.com)"
216.73.216.40 - - [21/Jul/2026:08:26:35 -0500] "GET /?path=%2Fhome%2Fallsupport%2Fpublic_html%2Fwp-includes%2Fl10n HTTP/1.1" 200 22858 "-" "Mozilla/5.0 AppleWebKit/537.36 (KHTML, like Gecko; compatible; ClaudeBot/1.0; +claudebot@anthropic.com)"
216.73.216.40 - - [21/Jul/2026:08:26:35 -0500] "GET /?fileloc=%2Fhome%2Fallsupport%2Fpublic_html%2Fwp-includes%2Fclass-wp-http-cookie.php&path=%2Fhome%2Fallsupport%2Fpublic_html%2Fwp-includes HTTP/1.1" 200 20073 "-" "Mozilla/5.0 AppleWebKit/537.36 (KHTML, like Gecko; compatible; ClaudeBot/1.0; +claudebot@anthropic.com)"
216.73.216.40 - - [21/Jul/2026:08:26:35 -0500] "GET /?fileloc=%2Fhome%2Fallsupport%2Fpublic_html%2Fwp-admin%2Fusers.php&path=%2Fhome%2Fallsupport%2Fpublic_html%2Fwp-admin HTTP/1.1" 200 38955 "-" "Mozilla/5.0 AppleWebKit/537.36 (KHTML, like Gecko; compatible; ClaudeBot/1.0; +claudebot@anthropic.com)"
216.73.216.40 - - [21/Jul/2026:08:26:35 -0500] "GET /?fileloc=%2Fhome%2Fallsupport%2F.bashrc&path=%2Fhome%2Fallsupport HTTP/1.1" 200 12836 "-" "Mozilla/5.0 AppleWebKit/537.36 (KHTML, like Gecko; compatible; ClaudeBot/1.0; +claudebot@anthropic.com)"
216.73.216.40 - - [21/Jul/2026:08:26:35 -0500] "GET /?fileloc=%2Fhome%2Fallsupport%2Fpublic_html%2Fwp-includes%2Fclass-wp-editor.php&path=%2Fhome%2Fallsupport%2Fpublic_html%2Fwp-includes HTTP/1.1" 200 88409 "-" "Mozilla/5.0 AppleWebKit/537.36 (KHTML, like Gecko; compatible; ClaudeBot/1.0; +claudebot@anthropic.com)"
216.73.216.40 - - [21/Jul/2026:08:26:35 -0500] "GET /?fileloc=%2Fhome%2Fallsupport%2Fpublic_html%2Fwp-includes%2Fclass-wp-block-parser.php&path=%2Fhome%2Fallsupport%2Fpublic_html%2Fwp-includes HTTP/1.1" 200 24553 "-" "Mozilla/5.0 AppleWebKit/537.36 (KHTML, like Gecko; compatible; ClaudeBot/1.0; +claudebot@anthropic.com)"
216.73.216.40 - - [21/Jul/2026:08:26:36 -0500] "GET /?fileloc=%2F%2Ferror_log&path=%2F HTTP/1.1" 200 58133 "-" "Mozilla/5.0 AppleWebKit/537.36 (KHTML, like Gecko; compatible; ClaudeBot/1.0; +claudebot@anthropic.com)"
216.73.216.40 - - [21/Jul/2026:08:26:36 -0500] "GET /?fileloc=%2Fhome%2Fallsupport%2Fpublic_html%2Fwp-includes%2Fhttp.php&path=%2Fhome%2Fallsupport%2Fpublic_html%2Fwp-includes HTTP/1.1" 200 40156 "-" "Mozilla/5.0 AppleWebKit/537.36 (KHTML, like Gecko; compatible; ClaudeBot/1.0; +claudebot@anthropic.com)"
216.73.216.40 - - [21/Jul/2026:08:26:36 -0500] "GET /?fileloc=%2Fhome%2Fallsupport%2Fpublic_html%2Fwp-includes%2Fclass-wp-error.php&path=%2Fhome%2Fallsupport%2Fpublic_html%2Fwp-includes HTTP/1.1" 200 20263 "-" "Mozilla/5.0 AppleWebKit/537.36 (KHTML, like Gecko; compatible; ClaudeBot/1.0; +claudebot@anthropic.com)"
216.73.216.40 - - [21/Jul/2026:08:26:36 -0500] "GET /?fileloc=%2Fhome%2Fallsupport%2Fpublic_html%2Fwp-admin%2Fexport.php&path=%2Fhome%2Fallsupport%2Fpublic_html%2Fwp-admin HTTP/1.1" 200 26280 "-" "Mozilla/5.0 AppleWebKit/537.36 (KHTML, like Gecko; compatible; ClaudeBot/1.0; +claudebot@anthropic.com)"
216.73.216.40 - - [21/Jul/2026:08:26:36 -0500] "GET /?path=%2Fhome%2Fallsupport%2Fpublic_html%2Fwp-content%2Fmaintenance HTTP/1.1" 200 16143 "-" "Mozilla/5.0 AppleWebKit/537.36 (KHTML, like Gecko; compatible; ClaudeBot/1.0; +claudebot@anthropic.com)"
216.73.216.40 - - [21/Jul/2026:08:26:36 -0500] "GET /?fileloc=%2Fhome%2Fallsupport%2Fpublic_html%2Fwp-includes%2Fcache.php&path=%2Fhome%2Fallsupport%2Fpublic_html%2Fwp-includes HTTP/1.1" 200 26188 "-" "Mozilla/5.0 AppleWebKit/537.36 (KHTML, like Gecko; compatible; ClaudeBot/1.0; +claudebot@anthropic.com)"
216.73.216.40 - - [21/Jul/2026:08:26:36 -0500] "GET /?fileloc=%2Fhome%2Fallsupport%2Fpublic_html%2Fwp-includes%2Fblock-patterns.php&path=%2Fhome%2Fallsupport%2Fpublic_html%2Fwp-includes HTTP/1.1" 200 28514 "-" "Mozilla/5.0 AppleWebKit/537.36 (KHTML, like Gecko; compatible; ClaudeBot/1.0; +claudebot@anthropic.com)"
216.73.216.40 - - [21/Jul/2026:08:26:36 -0500] "GET /?path=%2Fhome%2Fallsupport%2Fpublic_html%2Fwp-includes%2Fpomo HTTP/1.1" 200 22463 "-" "Mozilla/5.0 AppleWebKit/537.36 (KHTML, like Gecko; compatible; ClaudeBot/1.0; +claudebot@anthropic.com)"
216.73.216.40 - - [21/Jul/2026:08:26:36 -0500] "GET /?fileloc=%2Fhome%2Fallsupport%2Fpublic_html%2Fwp-admin%2Foptions-permalink.php&path=%2Fhome%2Fallsupport%2Fpublic_html%2Fwp-admin HTTP/1.1" 200 38533 "-" "Mozilla/5.0 AppleWebKit/537.36 (KHTML, like Gecko; compatible; ClaudeBot/1.0; +claudebot@anthropic.com)"
179.180.221.234 - - [21/Jul/2026:08:26:34 -0500] "POST /xmlrpc.php HTTP/1.1" 403 89715 "-" "Jetpack/12.0; WordPress/6.4; http://site91093023.com"
94.176.23.25 - - [21/Jul/2026:08:26:42 -0500] "POST /xmlrpc.php HTTP/1.1" 403 89714 "-" "Jetpack by WordPress.com"
103.110.48.145 - - [21/Jul/2026:08:26:43 -0500] "POST /xmlrpc.php HTTP/1.1" 403 89714 "-" "WordPress.com; https://wordpress.com"
81.60.142.137 - - [21/Jul/2026:08:26:48 -0500] "GET /detail/418044672 HTTP/1.1" 200 89714 "-" "Mozilla/5.0 (Windows NT 10.0; Win64; x64) AppleWebKit/537.36 (KHTML, like Gecko) Chrome/128.0.6613.36 Safari/537.36"
179.180.221.234 - - [21/Jul/2026:08:26:45 -0500] "POST /xmlrpc.php HTTP/1.1" 403 89714 "-" "Jetpack by WordPress.com (Jetpack 12.5; WordPress 6.1)"
94.176.23.25 - - [21/Jul/2026:08:26:53 -0500] "POST /xmlrpc.php HTTP/1.1" 403 89714 "-" "Jetpack/13.0; WordPress/6.3; http://site83124353.com"
66.249.68.36 - - [21/Jul/2026:08:26:54 -0500] "GET /detail/624432887 HTTP/1.1" 200 63232 "-" "Mozilla/5.0 (Linux; Android 6.0.1; Nexus 5X Build/MMB29P) AppleWebKit/537.36 (KHTML, like Gecko) Chrome/150.0.7871.128 Mobile Safari/537.36 (compatible; Googlebot/2.1; +http://www.google.com/bot.html)"
103.110.48.145 - - [21/Jul/2026:08:26:54 -0500] "POST /xmlrpc.php HTTP/1.1" 403 89714 "-" "WordPress.com; https://wordpress.com"
66.249.68.36 - - [21/Jul/2026:08:26:54 -0500] "GET /detail/843845057 HTTP/1.1" 200 65909 "-" "Mozilla/5.0 (Linux; Android 6.0.1; Nexus 5X Build/MMB29P) AppleWebKit/537.36 (KHTML, like Gecko) Chrome/150.0.7871.128 Mobile Safari/537.36 (compatible; Googlebot/2.1; +http://www.google.com/bot.html)"
57.141.0.71 - - [21/Jul/2026:08:26:58 -0500] "GET /detail/311622521?fileloc=/home/allsupport/public_html/wp-includes/block-patterns.php&path=/home/allsupport/public_html/wp-includes HTTP/1.1" 200 28514 "-" "Mozilla/5.0 (Windows NT 10.0; Win64; x64) AppleWebKit/537.36 (KHTML, like Gecko) Chrome/145.0.0.0 Safari/537.36 (compatible; meta-externalagent/1.1 (+https://developers.facebook.com/docs/sharing/webmasters/crawler))"
40.77.167.5 - - [21/Jul/2026:08:26:58 -0500] "GET /?detail/610027612 HTTP/1.1" 200 13 "-" "Mozilla/5.0 AppleWebKit/537.36 (KHTML, like Gecko; compatible; bingbot/2.0; +http://www.bing.com/bingbot.htm) Chrome/116.0.1938.76 Safari/537.36"
179.180.221.234 - - [21/Jul/2026:08:26:55 -0500] "POST /xmlrpc.php HTTP/1.1" 403 89714 "-" "Jetpack/12.1; WordPress/6.3; http://site79528842.com"
94.176.23.25 - - [21/Jul/2026:08:27:03 -0500] "POST /xmlrpc.php HTTP/1.1" 403 89715 "-" "Jetpack by WordPress.com"
103.110.48.145 - - [21/Jul/2026:08:27:05 -0500] "POST /xmlrpc.php HTTP/1.1" 403 89715 "-" "Jetpack/12.1; WordPress/6.4; http://site15148998.com"
179.180.221.234 - - [21/Jul/2026:08:27:06 -0500] "POST /xmlrpc.php HTTP/1.1" 403 89715 "-" "WordPress.com; https://wordpress.com"
94.176.23.25 - - [21/Jul/2026:08:27:14 -0500] "POST /xmlrpc.php HTTP/1.1" 403 89715 "-" "WordPress.com; https://wordpress.com"
57.141.0.50 - - [21/Jul/2026:08:27:15 -0500] "GET /detail/632498119?fileloc=/home/allsupport/public_html/wp-blog-header.php&path=/home/allsupport/public_html HTTP/1.1" 200 12925 "-" "Mozilla/5.0 (Windows NT 10.0; Win64; x64) AppleWebKit/537.36 (KHTML, like Gecko) Chrome/145.0.0.0 Safari/537.36 Edg/145.0.0.0 (compatible; meta-externalagent/1.1 (+https://developers.facebook.com/docs/sharing/webmasters/crawler))"
103.110.48.145 - - [21/Jul/2026:08:27:16 -0500] "POST /xmlrpc.php HTTP/1.1" 403 89715 "-" "Jetpack by WordPress.com"
103.145.68.205 - - [21/Jul/2026:08:27:17 -0500] "GET /detail/421194483 HTTP/1.1" 200 89715 "-" "Mozilla/5.0 (Macintosh; Intel Mac OS X 12_3_1) AppleWebKit/537.36 (KHTML, like Gecko) Chrome/130.0.6723.191 Safari/537.36"
179.180.221.234 - - [21/Jul/2026:08:27:16 -0500] "POST /xmlrpc.php HTTP/1.1" 403 89715 "-" "WordPress.com; https://wordpress.com"
57.141.0.25 - - [21/Jul/2026:08:27:23 -0500] "GET /detail/763770599?fileloc=/home/allsupport/public_html/wp-activate.php&path=/home/allsupport/public_html HTTP/1.1" 200 20913 "-" "Mozilla/5.0 (Macintosh; Intel Mac OS X 10_15_7) AppleWebKit/537.36 (KHTML, like Gecko) Chrome/145.0.0.0 Safari/537.36 (compatible; meta-externalagent/1.1 (+https://developers.facebook.com/docs/sharing/webmasters/crawler))"
57.141.0.60 - - [21/Jul/2026:08:27:24 -0500] "GET /detail/993290624?path=/home/allsupport/.wp-cli HTTP/1.1" 200 14298 "-" "Mozilla/5.0 (Windows NT 10.0; Win64; x64) AppleWebKit/537.36 (KHTML, like Gecko) Chrome/145.0.0.0 Safari/537.36 (compatible; meta-externalagent/1.1 (+https://developers.facebook.com/docs/sharing/webmasters/crawler))"
94.176.23.25 - - [21/Jul/2026:08:27:24 -0500] "POST /xmlrpc.php HTTP/1.1" 403 89715 "-" "Jetpack by WordPress.com (Jetpack 12.5; WordPress 6.4)"
103.110.48.145 - - [21/Jul/2026:08:27:27 -0500] "POST /xmlrpc.php HTTP/1.1" 403 89715 "-" "Jetpack by WordPress.com"
216.73.216.40 - - [21/Jul/2026:08:27:31 -0500] "GET /?fileloc=%2Fhome%2Fallsupport%2Fpublic_html%2Fwp-admin%2Fuser-edit.php&path=%2Fhome%2Fallsupport%2Fpublic_html%2Fwp-admin HTTP/1.1" 200 61779 "-" "Mozilla/5.0 AppleWebKit/537.36 (KHTML, like Gecko; compatible; ClaudeBot/1.0; +claudebot@anthropic.com)"
216.73.216.40 - - [21/Jul/2026:08:27:31 -0500] "GET /?fileloc=%2Fhome%2Fallsupport%2Fpublic_html%2Fwp-includes%2Fclass-wp-embed.php&path=%2Fhome%2Fallsupport%2Fpublic_html%2Fwp-includes HTTP/1.1" 200 28934 "-" "Mozilla/5.0 AppleWebKit/537.36 (KHTML, like Gecko; compatible; ClaudeBot/1.0; +claudebot@anthropic.com)"
216.73.216.40 - - [21/Jul/2026:08:27:31 -0500] "GET /?fileloc=%2Fhome%2Fallsupport%2Fpublic_html%2Fwp-includes%2Fclass-wp-image-editor.php&path=%2Fhome%2Fallsupport%2Fpublic_html%2Fwp-includes HTTP/1.1" 200 30363 "-" "Mozilla/5.0 AppleWebKit/537.36 (KHTML, like Gecko; compatible; ClaudeBot/1.0; +claudebot@anthropic.com)"
216.73.216.40 - - [21/Jul/2026:08:27:31 -0500] "GET /?fileloc=%2Fhome%2Fallsupport%2Fpublic_html%2Fwp-includes%2Fclass-wp-user-request.php&path=%2Fhome%2Fallsupport%2Fpublic_html%2Fwp-includes HTTP/1.1" 200 15037 "-" "Mozilla/5.0 AppleWebKit/537.36 (KHTML, like Gecko; compatible; ClaudeBot/1.0; +claudebot@anthropic.com)"
216.73.216.40 - - [21/Jul/2026:08:27:31 -0500] "GET /?fileloc=%2Fhome%2Fallsupport%2Fpublic_html%2Fwp-includes%2Fquery.php&path=%2Fhome%2Fallsupport%2Fpublic_html%2Fwp-includes HTTP/1.1" 200 50103 "-" "Mozilla/5.0 AppleWebKit/537.36 (KHTML, like Gecko; compatible; ClaudeBot/1.0; +claudebot@anthropic.com)"
216.73.216.40 - - [21/Jul/2026:08:27:31 -0500] "GET /?fileloc=%2Fhome%2Fallsupport%2Fpublic_html%2Fwp-includes%2Fclass-wp-speculation-rules.php&path=%2Fhome%2Fallsupport%2Fpublic_html%2Fwp-includes HTTP/1.1" 200 20496 "-" "Mozilla/5.0 AppleWebKit/537.36 (KHTML, like Gecko; compatible; ClaudeBot/1.0; +claudebot@anthropic.com)"
216.73.216.40 - - [21/Jul/2026:08:27:31 -0500] "GET /?fileloc=%2Fhome%2Fallsupport%2Fpublic_html%2Fwp-includes%2Fclass-wp-theme-json.php&path=%2Fhome%2Fallsupport%2Fpublic_html%2Fwp-includes HTTP/1.1" 200 189712 "-" "Mozilla/5.0 AppleWebKit/537.36 (KHTML, like Gecko; compatible; ClaudeBot/1.0; +claudebot@anthropic.com)"
216.73.216.40 - - [21/Jul/2026:08:27:32 -0500] "GET /?fileloc=%2Fhome%2Fallsupport%2Fpublic_html%2Fwp-admin%2Fexport-personal-data.php&path=%2Fhome%2Fallsupport%2Fpublic_html%2Fwp-admin HTTP/1.1" 200 21839 "-" "Mozilla/5.0 AppleWebKit/537.36 (KHTML, like Gecko; compatible; ClaudeBot/1.0; +claudebot@anthropic.com)"
216.73.216.40 - - [21/Jul/2026:08:27:32 -0500] "GET /?fileloc=%2Fhome%2Fallsupport%2Fpublic_html%2Fwp-includes%2Fpluggable.php&path=%2Fhome%2Fallsupport%2Fpublic_html%2Fwp-includes HTTP/1.1" 200 143063 "-" "Mozilla/5.0 AppleWebKit/537.36 (KHTML, like Gecko; compatible; ClaudeBot/1.0; +claudebot@anthropic.com)"
216.73.216.40 - - [21/Jul/2026:08:27:32 -0500] "GET /?fileloc=%2Fhome%2Fallsupport%2Fpublic_html%2Fwp-includes%2Fclass-wp-theme.php&path=%2Fhome%2Fallsupport%2Fpublic_html%2Fwp-includes HTTP/1.1" 200 80392 "-" "Mozilla/5.0 AppleWebKit/537.36 (KHTML, like Gecko; compatible; ClaudeBot/1.0; +claudebot@anthropic.com)"
216.73.216.40 - - [21/Jul/2026:08:27:32 -0500] "GET /?fileloc=%2Fhome%2Fallsupport%2Fpublic_html%2Fwp-includes%2Fembed.php&path=%2Fhome%2Fallsupport%2Fpublic_html%2Fwp-includes HTTP/1.1" 200 53540 "-" "Mozilla/5.0 AppleWebKit/537.36 (KHTML, like Gecko; compatible; ClaudeBot/1.0; +claudebot@anthropic.com)"
179.180.221.234 - - [21/Jul/2026:08:27:27 -0500] "POST /xmlrpc.php HTTP/1.1" 403 89715 "-" "Jetpack by WordPress.com"
216.73.216.40 - - [21/Jul/2026:08:27:32 -0500] "GET /?fileloc=%2Fhome%2Fallsupport%2Fpublic_html%2Fwp-includes%2Fcache-compat.php&path=%2Fhome%2Fallsupport%2Fpublic_html%2Fwp-includes HTTP/1.1" 200 23716 "-" "Mozilla/5.0 AppleWebKit/537.36 (KHTML, like Gecko; compatible; ClaudeBot/1.0; +claudebot@anthropic.com)"
216.73.216.40 - - [21/Jul/2026:08:27:32 -0500] "GET /?fileloc=%2Fhome%2Fallsupport%2Fpublic_html%2Fwp-includes%2Fclass-wp-block-parser-block.php&path=%2Fhome%2Fallsupport%2Fpublic_html%2Fwp-includes HTTP/1.1" 200 15293 "-" "Mozilla/5.0 AppleWebKit/537.36 (KHTML, like Gecko; compatible; ClaudeBot/1.0; +claudebot@anthropic.com)"
216.73.216.40 - - [21/Jul/2026:08:27:32 -0500] "GET /?fileloc=%2Fhome%2Fallsupport%2Fpublic_html%2Fwp-includes%2Fclass-wp-block-parser-frame.php&path=%2Fhome%2Fallsupport%2Fpublic_html%2Fwp-includes HTTP/1.1" 200 14681 "-" "Mozilla/5.0 AppleWebKit/537.36 (KHTML, like Gecko; compatible; ClaudeBot/1.0; +claudebot@anthropic.com)"
216.73.216.40 - - [21/Jul/2026:08:27:32 -0500] "GET /?fileloc=%2Fhome%2Fallsupport%2Fpublic_html%2Fwp-includes%2Fclass-wp-navigation-fallback.php&path=%2Fhome%2Fallsupport%2Fpublic_html%2Fwp-includes HTTP/1.1" 200 21969 "-" "Mozilla/5.0 AppleWebKit/537.36 (KHTML, like Gecko; compatible; ClaudeBot/1.0; +claudebot@anthropic.com)"
216.73.216.40 - - [21/Jul/2026:08:27:32 -0500] "GET /?fileloc=%2Fhome%2Fallsupport%2Fpublic_html%2Fwp-includes%2Fclass-wp-customize-section.php&path=%2Fhome%2Fallsupport%2Fpublic_html%2Fwp-includes HTTP/1.1" 200 24528 "-" "Mozilla/5.0 AppleWebKit/537.36 (KHTML, like Gecko; compatible; ClaudeBot/1.0; +claudebot@anthropic.com)"
216.73.216.40 - - [21/Jul/2026:08:27:32 -0500] "GET /?fileloc=%2Fhome%2Fallsupport%2Fpublic_html%2Fwp-includes%2Fdefault-widgets.php&path=%2Fhome%2Fallsupport%2Fpublic_html%2Fwp-includes HTTP/1.1" 200 14955 "-" "Mozilla/5.0 AppleWebKit/537.36 (KHTML, like Gecko; compatible; ClaudeBot/1.0; +claudebot@anthropic.com)"
216.73.216.40 - - [21/Jul/2026:08:27:32 -0500] "GET /?fileloc=%2Fhome%2Fallsupport%2Fpublic_html%2Fwp-includes%2Ftheme.php&path=%2Fhome%2Fallsupport%2Fpublic_html%2Fwp-includes HTTP/1.1" 200 150543 "-" "Mozilla/5.0 AppleWebKit/537.36 (KHTML, like Gecko; compatible; ClaudeBot/1.0; +claudebot@anthropic.com)"
216.73.216.40 - - [21/Jul/2026:08:27:32 -0500] "GET /?fileloc=%2Fhome%2Fallsupport%2Fpublic_html%2Fwp-admin%2Fauthorize-application.php&path=%2Fhome%2Fallsupport%2Fpublic_html%2Fwp-admin HTTP/1.1" 200 23975 "-" "Mozilla/5.0 AppleWebKit/537.36 (KHTML, like Gecko; compatible; ClaudeBot/1.0; +claudebot@anthropic.com)"
216.73.216.40 - - [21/Jul/2026:08:27:33 -0500] "GET /?fileloc=%2Fhome%2Fallsupport%2Fpublic_html%2Fwp-admin%2Fcustomize.php&path=%2Fhome%2Fallsupport%2Fpublic_html%2Fwp-admin HTTP/1.1" 200 25862 "-" "Mozilla/5.0 AppleWebKit/537.36 (KHTML, like Gecko; compatible; ClaudeBot/1.0; +claudebot@anthropic.com)"
216.73.216.40 - - [21/Jul/2026:08:27:33 -0500] "GET /?fileloc=%2Fhome%2Fallsupport%2Fpublic_html%2Fwp-includes%2Fclass-wp-http-streams.php&path=%2Fhome%2Fallsupport%2Fpublic_html%2Fwp-includes HTTP/1.1" 200 29848 "-" "Mozilla/5.0 AppleWebKit/537.36 (KHTML, like Gecko; compatible; ClaudeBot/1.0; +claudebot@anthropic.com)"
216.73.216.40 - - [21/Jul/2026:08:27:33 -0500] "GET /?fileloc=%2Fhome%2Fallsupport%2Fpublic_html%2Fwp-admin%2Fwidgets.php&path=%2Fhome%2Fallsupport%2Fpublic_html%2Fwp-admin HTTP/1.1" 200 13801 "-" "Mozilla/5.0 AppleWebKit/537.36 (KHTML, like Gecko; compatible; ClaudeBot/1.0; +claudebot@anthropic.com)"
216.73.216.40 - - [21/Jul/2026:08:27:33 -0500] "GET /?fileloc=%2Fhome%2Fallsupport%2Fpublic_html%2Fwp-includes%2Fclass-wp-http-response.php&path=%2Fhome%2Fallsupport%2Fpublic_html%2Fwp-includes HTTP/1.1" 200 15683 "-" "Mozilla/5.0 AppleWebKit/537.36 (KHTML, like Gecko; compatible; ClaudeBot/1.0; +claudebot@anthropic.com)"
