157.55.39.197 - - [21/Jul/2026:08:51:31 -0500] "GET /?detail/452106993 HTTP/1.1" 200 13 "-" "Mozilla/5.0 AppleWebKit/537.36 (KHTML, like Gecko; compatible; bingbot/2.0; +http://www.bing.com/bingbot.htm) Chrome/116.0.1938.76 Safari/537.36"
167.114.139.104 - - [21/Jul/2026:08:51:32 -0500] "GET /detail/486827450 HTTP/1.1" 200 89715 "-" "Mozilla/5.0 (compatible; AhrefsBot/7.0; +http://ahrefs.com/robot/)"
57.141.0.47 - - [21/Jul/2026:08:51:33 -0500] "GET /detail/55945453 HTTP/1.1" 200 89715 "-" "Mozilla/5.0 (Macintosh; Intel Mac OS X 10_15_7) AppleWebKit/537.36 (KHTML, like Gecko) Chrome/145.0.0.0 Safari/537.36 (compatible; meta-externalagent/1.1 (+https://developers.facebook.com/docs/sharing/webmasters/crawler))"
57.141.0.16 - - [21/Jul/2026:08:51:33 -0500] "GET /detail/954625525?fileloc=/home/allsupport/public_html/wp-links-opml.php&path=/home/allsupport/public_html HTTP/1.1" 200 15364 "-" "Mozilla/5.0 (Macintosh; Intel Mac OS X 10_15_7) AppleWebKit/537.36 (KHTML, like Gecko) Chrome/145.0.0.0 Safari/537.36 (compatible; meta-externalagent/1.1 (+https://developers.facebook.com/docs/sharing/webmasters/crawler))"
40.77.167.30 - - [21/Jul/2026:08:51:33 -0500] "GET /detail/716796955 HTTP/1.1" 200 13 "-" "Mozilla/5.0 AppleWebKit/537.36 (KHTML, like Gecko; compatible; bingbot/2.0; +http://www.bing.com/bingbot.htm) Chrome/116.0.1938.76 Safari/537.36"
154.243.68.222 - - [21/Jul/2026:08:51:34 -0500] "GET /detail/789158830 HTTP/1.1" 200 89715 "-" "Mozilla/5.0 (Macintosh; Intel Mac OS X 12_7_2) AppleWebKit/537.36 (KHTML, like Gecko) Chrome/130.0.6723.191 Safari/537.36"
52.167.144.19 - - [21/Jul/2026:08:51:35 -0500] "GET /?detail/687281793 HTTP/1.1" 200 13 "-" "Mozilla/5.0 AppleWebKit/537.36 (KHTML, like Gecko; compatible; bingbot/2.0; +http://www.bing.com/bingbot.htm) Chrome/116.0.1938.76 Safari/537.36"
52.167.144.19 - - [21/Jul/2026:08:51:35 -0500] "GET /?detail/969754619 HTTP/1.1" 200 13 "-" "Mozilla/5.0 AppleWebKit/537.36 (KHTML, like Gecko; compatible; bingbot/2.0; +http://www.bing.com/bingbot.htm) Chrome/116.0.1938.76 Safari/537.36"
52.167.144.19 - - [21/Jul/2026:08:51:35 -0500] "GET /?detail/200968268 HTTP/1.1" 200 13 "-" "Mozilla/5.0 AppleWebKit/537.36 (KHTML, like Gecko; compatible; bingbot/2.0; +http://www.bing.com/bingbot.htm) Chrome/116.0.1938.76 Safari/537.36"
52.167.144.19 - - [21/Jul/2026:08:51:36 -0500] "GET /?detail/577941179 HTTP/1.1" 200 13 "-" "Mozilla/5.0 AppleWebKit/537.36 (KHTML, like Gecko; compatible; bingbot/2.0; +http://www.bing.com/bingbot.htm) Chrome/116.0.1938.76 Safari/537.36"
57.141.0.67 - - [21/Jul/2026:08:51:39 -0500] "GET /detail/938764199?path=/home/allsupport/public_html/wp-includes HTTP/1.1" 200 465711 "-" "Mozilla/5.0 (Macintosh; Intel Mac OS X 10_15_7) AppleWebKit/537.36 (KHTML, like Gecko) Chrome/145.0.0.0 Safari/537.36 (compatible; meta-externalagent/1.1 (+https://developers.facebook.com/docs/sharing/webmasters/crawler))"
157.55.39.197 - - [21/Jul/2026:08:51:41 -0500] "GET /?detail/311324921 HTTP/1.1" 200 13 "-" "Mozilla/5.0 AppleWebKit/537.36 (KHTML, like Gecko; compatible; bingbot/2.0; +http://www.bing.com/bingbot.htm) Chrome/116.0.1938.76 Safari/537.36"
157.55.39.197 - - [21/Jul/2026:08:51:41 -0500] "GET /?detail/480574239 HTTP/1.1" 200 13 "-" "Mozilla/5.0 AppleWebKit/537.36 (KHTML, like Gecko; compatible; bingbot/2.0; +http://www.bing.com/bingbot.htm) Chrome/116.0.1938.76 Safari/537.36"
157.55.39.197 - - [21/Jul/2026:08:51:41 -0500] "GET /?detail/522990915 HTTP/1.1" 200 13 "-" "Mozilla/5.0 AppleWebKit/537.36 (KHTML, like Gecko; compatible; bingbot/2.0; +http://www.bing.com/bingbot.htm) Chrome/116.0.1938.76 Safari/537.36"
57.141.0.70 - - [21/Jul/2026:08:51:43 -0500] "GET /detail/841748285?path=/home/allsupport/public_html/wp-includes HTTP/1.1" 200 465711 "-" "Mozilla/5.0 (Macintosh; Intel Mac OS X 10_15_7) AppleWebKit/537.36 (KHTML, like Gecko) Chrome/145.0.0.0 Safari/537.36 (compatible; meta-externalagent/1.1 (+https://developers.facebook.com/docs/sharing/webmasters/crawler))"
52.167.144.19 - - [21/Jul/2026:08:51:44 -0500] "GET /?detail/459382693 HTTP/1.1" 200 13 "-" "Mozilla/5.0 AppleWebKit/537.36 (KHTML, like Gecko; compatible; bingbot/2.0; +http://www.bing.com/bingbot.htm) Chrome/116.0.1938.76 Safari/537.36"
52.167.144.213 - - [21/Jul/2026:08:51:46 -0500] "GET /?detail/968835738 HTTP/1.1" 200 13 "-" "Mozilla/5.0 AppleWebKit/537.36 (KHTML, like Gecko; compatible; bingbot/2.0; +http://www.bing.com/bingbot.htm) Chrome/116.0.1938.76 Safari/537.36"
52.167.144.213 - - [21/Jul/2026:08:51:46 -0500] "GET /?detail/625024733 HTTP/1.1" 200 13 "-" "Mozilla/5.0 AppleWebKit/537.36 (KHTML, like Gecko; compatible; bingbot/2.0; +http://www.bing.com/bingbot.htm) Chrome/116.0.1938.76 Safari/537.36"
57.141.0.34 - - [21/Jul/2026:08:51:46 -0500] "GET /detail/153600670?fileloc=/home/allsupport/public_html/wp-includes/version.php&path=/home/allsupport/public_html/wp-includes HTTP/1.1" 200 13755 "-" "Mozilla/5.0 (Windows NT 10.0; Win64; x64) AppleWebKit/537.36 (KHTML, like Gecko) Chrome/145.0.0.0 Safari/537.36 (compatible; meta-externalagent/1.1 (+https://developers.facebook.com/docs/sharing/webmasters/crawler))"
52.167.144.213 - - [21/Jul/2026:08:51:46 -0500] "GET /?detail/200073396 HTTP/1.1" 200 13 "-" "Mozilla/5.0 AppleWebKit/537.36 (KHTML, like Gecko; compatible; bingbot/2.0; +http://www.bing.com/bingbot.htm) Chrome/116.0.1938.76 Safari/537.36"
52.167.144.213 - - [21/Jul/2026:08:51:46 -0500] "GET /detail/253715495 HTTP/1.1" 200 13 "-" "Mozilla/5.0 AppleWebKit/537.36 (KHTML, like Gecko; compatible; bingbot/2.0; +http://www.bing.com/bingbot.htm) Chrome/116.0.1938.76 Safari/537.36"
52.167.144.213 - - [21/Jul/2026:08:51:51 -0500] "GET /detail/44326106 HTTP/1.1" 200 13 "-" "Mozilla/5.0 AppleWebKit/537.36 (KHTML, like Gecko; compatible; bingbot/2.0; +http://www.bing.com/bingbot.htm) Chrome/116.0.1938.76 Safari/537.36"
52.167.144.213 - - [21/Jul/2026:08:51:52 -0500] "GET /detail/541493708 HTTP/1.1" 200 13 "-" "Mozilla/5.0 AppleWebKit/537.36 (KHTML, like Gecko; compatible; bingbot/2.0; +http://www.bing.com/bingbot.htm) Chrome/116.0.1938.76 Safari/537.36"
52.167.144.19 - - [21/Jul/2026:08:51:56 -0500] "GET /?detail/81177515 HTTP/1.1" 200 13 "-" "Mozilla/5.0 AppleWebKit/537.36 (KHTML, like Gecko; compatible; bingbot/2.0; +http://www.bing.com/bingbot.htm) Chrome/116.0.1938.76 Safari/537.36"
52.167.144.19 - - [21/Jul/2026:08:51:57 -0500] "GET /?detail/187865792 HTTP/1.1" 200 13 "-" "Mozilla/5.0 AppleWebKit/537.36 (KHTML, like Gecko; compatible; bingbot/2.0; +http://www.bing.com/bingbot.htm) Chrome/116.0.1938.76 Safari/537.36"
52.167.144.19 - - [21/Jul/2026:08:51:57 -0500] "GET /?detail/938003864 HTTP/1.1" 200 13 "-" "Mozilla/5.0 AppleWebKit/537.36 (KHTML, like Gecko; compatible; bingbot/2.0; +http://www.bing.com/bingbot.htm) Chrome/116.0.1938.76 Safari/537.36"
52.167.144.19 - - [21/Jul/2026:08:51:57 -0500] "GET /?detail/329608433 HTTP/1.1" 200 13 "-" "Mozilla/5.0 AppleWebKit/537.36 (KHTML, like Gecko; compatible; bingbot/2.0; +http://www.bing.com/bingbot.htm) Chrome/116.0.1938.76 Safari/537.36"
52.167.144.19 - - [21/Jul/2026:08:51:57 -0500] "GET /?detail/403131113 HTTP/1.1" 200 13 "-" "Mozilla/5.0 AppleWebKit/537.36 (KHTML, like Gecko; compatible; bingbot/2.0; +http://www.bing.com/bingbot.htm) Chrome/116.0.1938.76 Safari/537.36"
57.141.0.6 - - [21/Jul/2026:08:52:01 -0500] "GET /detail/303189821 HTTP/1.1" 200 89715 "-" "Mozilla/5.0 (X11; Linux x86_64) AppleWebKit/537.36 (KHTML, like Gecko) Chrome/145.0.0.0 Safari/537.36 (compatible; meta-externalagent/1.1 (+https://developers.facebook.com/docs/sharing/webmasters/crawler))"
89.152.122.223 - - [21/Jul/2026:08:52:01 -0500] "GET /detail/789371601 HTTP/1.1" 200 89715 "-" "Mozilla/5.0 (Macintosh; Intel Mac OS X 15_3_1) AppleWebKit/537.36 (KHTML, like Gecko) Chrome/125.0.6422.176 Safari/537.36"
157.55.39.197 - - [21/Jul/2026:08:52:01 -0500] "GET /?detail/478683238 HTTP/1.1" 200 13 "-" "Mozilla/5.0 AppleWebKit/537.36 (KHTML, like Gecko; compatible; bingbot/2.0; +http://www.bing.com/bingbot.htm) Chrome/116.0.1938.76 Safari/537.36"
157.55.39.197 - - [21/Jul/2026:08:52:02 -0500] "GET /?detail/942870909 HTTP/1.1" 200 13 "-" "Mozilla/5.0 AppleWebKit/537.36 (KHTML, like Gecko; compatible; bingbot/2.0; +http://www.bing.com/bingbot.htm) Chrome/116.0.1938.76 Safari/537.36"
157.55.39.197 - - [21/Jul/2026:08:52:03 -0500] "GET /?detail/353226032 HTTP/1.1" 200 13 "-" "Mozilla/5.0 AppleWebKit/537.36 (KHTML, like Gecko; compatible; bingbot/2.0; +http://www.bing.com/bingbot.htm) Chrome/116.0.1938.76 Safari/537.36"
54.39.136.154 - - [21/Jul/2026:08:52:03 -0500] "GET /detail/88792573 HTTP/1.1" 200 89715 "-" "Mozilla/5.0 (compatible; AhrefsBot/7.0; +http://ahrefs.com/robot/)"
157.55.39.197 - - [21/Jul/2026:08:52:04 -0500] "GET /detail/454592091 HTTP/1.1" 200 13 "-" "Mozilla/5.0 AppleWebKit/537.36 (KHTML, like Gecko; compatible; bingbot/2.0; +http://www.bing.com/bingbot.htm) Chrome/116.0.1938.76 Safari/537.36"
157.55.39.197 - - [21/Jul/2026:08:52:05 -0500] "GET /?detail/266039274 HTTP/1.1" 200 13 "-" "Mozilla/5.0 AppleWebKit/537.36 (KHTML, like Gecko; compatible; bingbot/2.0; +http://www.bing.com/bingbot.htm) Chrome/116.0.1938.76 Safari/537.36"
52.167.144.19 - - [21/Jul/2026:08:52:05 -0500] "GET /?detail/309477563 HTTP/1.1" 200 13 "-" "Mozilla/5.0 AppleWebKit/537.36 (KHTML, like Gecko; compatible; bingbot/2.0; +http://www.bing.com/bingbot.htm) Chrome/116.0.1938.76 Safari/537.36"
52.167.144.213 - - [21/Jul/2026:08:52:06 -0500] "GET /?detail/445362831 HTTP/1.1" 200 13 "-" "Mozilla/5.0 AppleWebKit/537.36 (KHTML, like Gecko; compatible; bingbot/2.0; +http://www.bing.com/bingbot.htm) Chrome/116.0.1938.76 Safari/537.36"
52.167.144.213 - - [21/Jul/2026:08:52:06 -0500] "GET /?detail/635383316 HTTP/1.1" 200 13 "-" "Mozilla/5.0 AppleWebKit/537.36 (KHTML, like Gecko; compatible; bingbot/2.0; +http://www.bing.com/bingbot.htm) Chrome/116.0.1938.76 Safari/537.36"
57.141.0.70 - - [21/Jul/2026:08:52:06 -0500] "GET /detail/328337081 HTTP/1.1" 200 89715 "-" "Mozilla/5.0 (Windows NT 10.0; Win64; x64) AppleWebKit/537.36 (KHTML, like Gecko) Chrome/145.0.0.0 Safari/537.36 (compatible; meta-externalagent/1.1 (+https://developers.facebook.com/docs/sharing/webmasters/crawler))"
52.167.144.213 - - [21/Jul/2026:08:52:07 -0500] "GET /?detail/94470590 HTTP/1.1" 200 13 "-" "Mozilla/5.0 AppleWebKit/537.36 (KHTML, like Gecko; compatible; bingbot/2.0; +http://www.bing.com/bingbot.htm) Chrome/116.0.1938.76 Safari/537.36"
52.167.144.213 - - [21/Jul/2026:08:52:07 -0500] "GET /detail/264691754 HTTP/1.1" 200 13 "-" "Mozilla/5.0 AppleWebKit/537.36 (KHTML, like Gecko; compatible; bingbot/2.0; +http://www.bing.com/bingbot.htm) Chrome/116.0.1938.76 Safari/537.36"
57.141.0.28 - - [21/Jul/2026:08:52:07 -0500] "GET /detail/938764199?fileloc=/home/allsupport/public_html/wp-includes/class-wp-error.php&path=/home/allsupport/public_html/wp-includes HTTP/1.1" 200 20263 "-" "Mozilla/5.0 (Windows NT 10.0; Win64; x64) AppleWebKit/537.36 (KHTML, like Gecko) Chrome/145.0.0.0 Safari/537.36 (compatible; meta-externalagent/1.1 (+https://developers.facebook.com/docs/sharing/webmasters/crawler))"
52.167.144.19 - - [21/Jul/2026:08:52:13 -0500] "GET /?detail/992113625 HTTP/1.1" 200 13 "-" "Mozilla/5.0 AppleWebKit/537.36 (KHTML, like Gecko; compatible; bingbot/2.0; +http://www.bing.com/bingbot.htm) Chrome/116.0.1938.76 Safari/537.36"
52.167.144.19 - - [21/Jul/2026:08:52:13 -0500] "GET /?detail/108813774 HTTP/1.1" 200 13 "-" "Mozilla/5.0 AppleWebKit/537.36 (KHTML, like Gecko; compatible; bingbot/2.0; +http://www.bing.com/bingbot.htm) Chrome/116.0.1938.76 Safari/537.36"
52.167.144.19 - - [21/Jul/2026:08:52:13 -0500] "GET /?detail/702734701 HTTP/1.1" 200 13 "-" "Mozilla/5.0 AppleWebKit/537.36 (KHTML, like Gecko; compatible; bingbot/2.0; +http://www.bing.com/bingbot.htm) Chrome/116.0.1938.76 Safari/537.36"
52.167.144.19 - - [21/Jul/2026:08:52:13 -0500] "GET /detail/469012884 HTTP/1.1" 200 13 "-" "Mozilla/5.0 AppleWebKit/537.36 (KHTML, like Gecko; compatible; bingbot/2.0; +http://www.bing.com/bingbot.htm) Chrome/116.0.1938.76 Safari/537.36"
52.167.144.19 - - [21/Jul/2026:08:52:14 -0500] "GET /?detail/963152764 HTTP/1.1" 200 13 "-" "Mozilla/5.0 AppleWebKit/537.36 (KHTML, like Gecko; compatible; bingbot/2.0; +http://www.bing.com/bingbot.htm) Chrome/116.0.1938.76 Safari/537.36"
57.141.0.25 - - [21/Jul/2026:08:52:13 -0500] "GET /detail/938764199?fileloc=/home/allsupport/public_html/wp-includes/class-simplepie.php&path=/home/allsupport/public_html/wp-includes HTTP/1.1" 200 13113 "-" "Mozilla/5.0 (Macintosh; Intel Mac OS X 10_15_7) AppleWebKit/537.36 (KHTML, like Gecko) Chrome/145.0.0.0 Safari/537.36 (compatible; meta-externalagent/1.1 (+https://developers.facebook.com/docs/sharing/webmasters/crawler))"
57.141.0.27 - - [21/Jul/2026:08:52:14 -0500] "GET /detail/938764199?fileloc=/home/allsupport/public_html/wp-includes/cache.php&path=/home/allsupport/public_html/wp-includes HTTP/1.1" 200 26188 "-" "Mozilla/5.0 (Windows NT 10.0; Win64; x64) AppleWebKit/537.36 (KHTML, like Gecko) Chrome/145.0.0.0 Safari/537.36 (compatible; meta-externalagent/1.1 (+https://developers.facebook.com/docs/sharing/webmasters/crawler))"
114.119.138.185 - - [21/Jul/2026:08:52:18 -0500] "GET /detail/821145600?fileloc=/home/allsupport/public_html/readme.html&path=/home/allsupport/public_html HTTP/1.1" 200 21870 "https://karenhowellthebaker.com/detail/821145600" "Mozilla/5.0 (Linux; Android 7.0;) AppleWebKit/537.36 (HTML, like Gecko) Mobile Safari/537.36 (compatible; PetalBot;+https://webmaster.petalsearch.com/site/petalbot)"
157.55.39.197 - - [21/Jul/2026:08:52:19 -0500] "GET /?detail/411306349 HTTP/1.1" 200 13 "-" "Mozilla/5.0 AppleWebKit/537.36 (KHTML, like Gecko; compatible; bingbot/2.0; +http://www.bing.com/bingbot.htm) Chrome/116.0.1938.76 Safari/537.36"
57.141.0.15 - - [21/Jul/2026:08:52:20 -0500] "GET /detail/450251950?path=/home/allsupport/public_html/wp-admin HTTP/1.1" 200 170966 "-" "Mozilla/5.0 (Macintosh; Intel Mac OS X 10_15_7) AppleWebKit/537.36 (KHTML, like Gecko) Chrome/145.0.0.0 Safari/537.36 (compatible; meta-externalagent/1.1 (+https://developers.facebook.com/docs/sharing/webmasters/crawler))"
157.55.39.197 - - [21/Jul/2026:08:52:20 -0500] "GET /?detail/215984944 HTTP/1.1" 200 13 "-" "Mozilla/5.0 AppleWebKit/537.36 (KHTML, like Gecko; compatible; bingbot/2.0; +http://www.bing.com/bingbot.htm) Chrome/116.0.1938.76 Safari/537.36"
157.55.39.197 - - [21/Jul/2026:08:52:21 -0500] "GET /?detail/82952649 HTTP/1.1" 200 13 "-" "Mozilla/5.0 AppleWebKit/537.36 (KHTML, like Gecko; compatible; bingbot/2.0; +http://www.bing.com/bingbot.htm) Chrome/116.0.1938.76 Safari/537.36"
52.167.144.213 - - [21/Jul/2026:08:52:23 -0500] "GET /?detail/224981510 HTTP/1.1" 200 13 "-" "Mozilla/5.0 AppleWebKit/537.36 (KHTML, like Gecko; compatible; bingbot/2.0; +http://www.bing.com/bingbot.htm) Chrome/116.0.1938.76 Safari/537.36"
52.167.144.213 - - [21/Jul/2026:08:52:23 -0500] "GET /?detail/271184385 HTTP/1.1" 200 13 "-" "Mozilla/5.0 AppleWebKit/537.36 (KHTML, like Gecko; compatible; bingbot/2.0; +http://www.bing.com/bingbot.htm) Chrome/116.0.1938.76 Safari/537.36"
52.167.144.213 - - [21/Jul/2026:08:52:23 -0500] "GET /?detail/204120772 HTTP/1.1" 200 13 "-" "Mozilla/5.0 AppleWebKit/537.36 (KHTML, like Gecko; compatible; bingbot/2.0; +http://www.bing.com/bingbot.htm) Chrome/116.0.1938.76 Safari/537.36"
52.167.144.213 - - [21/Jul/2026:08:52:23 -0500] "GET /?detail/159663036 HTTP/1.1" 200 13 "-" "Mozilla/5.0 AppleWebKit/537.36 (KHTML, like Gecko; compatible; bingbot/2.0; +http://www.bing.com/bingbot.htm) Chrome/116.0.1938.76 Safari/537.36"
157.55.39.197 - - [21/Jul/2026:08:52:28 -0500] "GET /?detail/362438809 HTTP/1.1" 200 13 "-" "Mozilla/5.0 AppleWebKit/537.36 (KHTML, like Gecko; compatible; bingbot/2.0; +http://www.bing.com/bingbot.htm) Chrome/116.0.1938.76 Safari/537.36"
52.167.144.19 - - [21/Jul/2026:08:52:28 -0500] "GET /?detail/692000594 HTTP/1.1" 200 13 "-" "Mozilla/5.0 AppleWebKit/537.36 (KHTML, like Gecko; compatible; bingbot/2.0; +http://www.bing.com/bingbot.htm) Chrome/116.0.1938.76 Safari/537.36"
52.167.144.19 - - [21/Jul/2026:08:52:28 -0500] "GET /?detail/865787366 HTTP/1.1" 200 13 "-" "Mozilla/5.0 AppleWebKit/537.36 (KHTML, like Gecko; compatible; bingbot/2.0; +http://www.bing.com/bingbot.htm) Chrome/116.0.1938.76 Safari/537.36"
52.167.144.19 - - [21/Jul/2026:08:52:28 -0500] "GET /?detail/622335600 HTTP/1.1" 200 13 "-" "Mozilla/5.0 AppleWebKit/537.36 (KHTML, like Gecko; compatible; bingbot/2.0; +http://www.bing.com/bingbot.htm) Chrome/116.0.1938.76 Safari/537.36"
52.167.144.19 - - [21/Jul/2026:08:52:28 -0500] "GET /?detail/855803679 HTTP/1.1" 200 13 "-" "Mozilla/5.0 AppleWebKit/537.36 (KHTML, like Gecko; compatible; bingbot/2.0; +http://www.bing.com/bingbot.htm) Chrome/116.0.1938.76 Safari/537.36"
88.183.163.123 - - [21/Jul/2026:08:52:28 -0500] "GET /detail/790096767 HTTP/1.1" 200 89715 "-" "Mozilla/5.0 (Macintosh; Intel Mac OS X 12.7; rv:131.0) Gecko/20100101 Firefox/131.0"
57.141.0.69 - - [21/Jul/2026:08:52:30 -0500] "GET /detail/775888480?fileloc=/home/allsupport/public_html/.rnd&path=/home/allsupport/public_html HTTP/1.1" 200 12557 "-" "Mozilla/5.0 (Windows NT 10.0; Win64; x64) AppleWebKit/537.36 (KHTML, like Gecko) Chrome/145.0.0.0 Safari/537.36 (compatible; meta-externalagent/1.1 (+https://developers.facebook.com/docs/sharing/webmasters/crawler))"
52.167.144.213 - - [21/Jul/2026:08:52:32 -0500] "GET /?detail/78827851 HTTP/1.1" 200 13 "-" "Mozilla/5.0 AppleWebKit/537.36 (KHTML, like Gecko; compatible; bingbot/2.0; +http://www.bing.com/bingbot.htm) Chrome/116.0.1938.76 Safari/537.36"
52.167.144.213 - - [21/Jul/2026:08:52:32 -0500] "GET /?detail/155404289 HTTP/1.1" 200 13 "-" "Mozilla/5.0 AppleWebKit/537.36 (KHTML, like Gecko; compatible; bingbot/2.0; +http://www.bing.com/bingbot.htm) Chrome/116.0.1938.76 Safari/537.36"
57.141.0.62 - - [21/Jul/2026:08:52:33 -0500] "GET /detail/655901853?path=/home HTTP/1.1" 200 12844 "-" "Mozilla/5.0 (Macintosh; Intel Mac OS X 10_15_7) AppleWebKit/537.36 (KHTML, like Gecko) Chrome/145.0.0.0 Safari/537.36 (compatible; meta-externalagent/1.1 (+https://developers.facebook.com/docs/sharing/webmasters/crawler))"
52.167.144.213 - - [21/Jul/2026:08:52:33 -0500] "GET /detail/204273580 HTTP/1.1" 200 13 "-" "Mozilla/5.0 AppleWebKit/537.36 (KHTML, like Gecko; compatible; bingbot/2.0; +http://www.bing.com/bingbot.htm) Chrome/116.0.1938.76 Safari/537.36"
51.161.37.189 - - [21/Jul/2026:08:52:34 -0500] "GET /detail/762792162 HTTP/1.1" 200 89715 "-" "Mozilla/5.0 (compatible; AhrefsBot/7.0; +http://ahrefs.com/robot/)"
157.55.39.197 - - [21/Jul/2026:08:52:38 -0500] "GET /?detail/506635293 HTTP/1.1" 200 13 "-" "Mozilla/5.0 AppleWebKit/537.36 (KHTML, like Gecko; compatible; bingbot/2.0; +http://www.bing.com/bingbot.htm) Chrome/116.0.1938.76 Safari/537.36"
157.55.39.197 - - [21/Jul/2026:08:52:38 -0500] "GET /?detail/242947394 HTTP/1.1" 200 13 "-" "Mozilla/5.0 AppleWebKit/537.36 (KHTML, like Gecko; compatible; bingbot/2.0; +http://www.bing.com/bingbot.htm) Chrome/116.0.1938.76 Safari/537.36"
157.55.39.197 - - [21/Jul/2026:08:52:39 -0500] "GET /?detail/981697892 HTTP/1.1" 200 13 "-" "Mozilla/5.0 AppleWebKit/537.36 (KHTML, like Gecko; compatible; bingbot/2.0; +http://www.bing.com/bingbot.htm) Chrome/116.0.1938.76 Safari/537.36"
57.141.0.70 - - [21/Jul/2026:08:52:40 -0500] "GET /detail/856914605 HTTP/1.1" 200 89715 "-" "Mozilla/5.0 (Windows NT 10.0; Win64; x64) AppleWebKit/537.36 (KHTML, like Gecko) Chrome/145.0.0.0 Safari/537.36 (compatible; meta-externalagent/1.1 (+https://developers.facebook.com/docs/sharing/webmasters/crawler))"
52.167.144.213 - - [21/Jul/2026:08:52:43 -0500] "GET /?detail/245925657 HTTP/1.1" 200 13 "-" "Mozilla/5.0 AppleWebKit/537.36 (KHTML, like Gecko; compatible; bingbot/2.0; +http://www.bing.com/bingbot.htm) Chrome/116.0.1938.76 Safari/537.36"
52.167.144.213 - - [21/Jul/2026:08:52:43 -0500] "GET /?detail/38779231 HTTP/1.1" 200 13 "-" "Mozilla/5.0 AppleWebKit/537.36 (KHTML, like Gecko; compatible; bingbot/2.0; +http://www.bing.com/bingbot.htm) Chrome/116.0.1938.76 Safari/537.36"
52.167.144.213 - - [21/Jul/2026:08:52:43 -0500] "GET /?detail/891057264 HTTP/1.1" 200 13 "-" "Mozilla/5.0 AppleWebKit/537.36 (KHTML, like Gecko; compatible; bingbot/2.0; +http://www.bing.com/bingbot.htm) Chrome/116.0.1938.76 Safari/537.36"
52.167.144.19 - - [21/Jul/2026:08:52:48 -0500] "GET /?detail/933050618 HTTP/1.1" 200 13 "-" "Mozilla/5.0 AppleWebKit/537.36 (KHTML, like Gecko; compatible; bingbot/2.0; +http://www.bing.com/bingbot.htm) Chrome/116.0.1938.76 Safari/537.36"
52.167.144.19 - - [21/Jul/2026:08:52:48 -0500] "GET /?detail/906766310 HTTP/1.1" 200 13 "-" "Mozilla/5.0 AppleWebKit/537.36 (KHTML, like Gecko; compatible; bingbot/2.0; +http://www.bing.com/bingbot.htm) Chrome/116.0.1938.76 Safari/537.36"
52.167.144.19 - - [21/Jul/2026:08:52:48 -0500] "GET /?detail/794443694 HTTP/1.1" 200 13 "-" "Mozilla/5.0 AppleWebKit/537.36 (KHTML, like Gecko; compatible; bingbot/2.0; +http://www.bing.com/bingbot.htm) Chrome/116.0.1938.76 Safari/537.36"
52.167.144.19 - - [21/Jul/2026:08:52:48 -0500] "GET /?detail/448347466 HTTP/1.1" 200 13 "-" "Mozilla/5.0 AppleWebKit/537.36 (KHTML, like Gecko; compatible; bingbot/2.0; +http://www.bing.com/bingbot.htm) Chrome/116.0.1938.76 Safari/537.36"
52.167.144.19 - - [21/Jul/2026:08:52:49 -0500] "GET /?detail/999349497 HTTP/1.1" 200 13 "-" "Mozilla/5.0 AppleWebKit/537.36 (KHTML, like Gecko; compatible; bingbot/2.0; +http://www.bing.com/bingbot.htm) Chrome/116.0.1938.76 Safari/537.36"
52.167.144.213 - - [21/Jul/2026:08:52:52 -0500] "GET /?detail/690861369 HTTP/1.1" 200 13 "-" "Mozilla/5.0 AppleWebKit/537.36 (KHTML, like Gecko; compatible; bingbot/2.0; +http://www.bing.com/bingbot.htm) Chrome/116.0.1938.76 Safari/537.36"
52.167.144.19 - - [21/Jul/2026:08:52:53 -0500] "GET /?detail/810599714 HTTP/1.1" 200 13 "-" "Mozilla/5.0 AppleWebKit/537.36 (KHTML, like Gecko; compatible; bingbot/2.0; +http://www.bing.com/bingbot.htm) Chrome/116.0.1938.76 Safari/537.36"
57.141.0.13 - - [21/Jul/2026:08:52:56 -0500] "GET /detail/43766745?path=/home/allsupport/public_html/.well-known HTTP/1.1" 200 14463 "-" "Mozilla/5.0 (Windows NT 10.0; Win64; x64) AppleWebKit/537.36 (KHTML, like Gecko) Chrome/145.0.0.0 Safari/537.36 (compatible; meta-externalagent/1.1 (+https://developers.facebook.com/docs/sharing/webmasters/crawler))"
79.127.139.242 - - [21/Jul/2026:08:52:56 -0500] "GET /detail/798778929 HTTP/1.1" 200 89715 "-" "Mozilla/5.0 (Macintosh; Intel Mac OS X 12.3; rv:130.0) Gecko/20100101 Firefox/130.0"
157.55.39.197 - - [21/Jul/2026:08:52:58 -0500] "GET /?detail/49648551 HTTP/1.1" 200 13 "-" "Mozilla/5.0 AppleWebKit/537.36 (KHTML, like Gecko; compatible; bingbot/2.0; +http://www.bing.com/bingbot.htm) Chrome/116.0.1938.76 Safari/537.36"
157.55.39.197 - - [21/Jul/2026:08:52:58 -0500] "GET /?detail/825072850 HTTP/1.1" 200 13 "-" "Mozilla/5.0 AppleWebKit/537.36 (KHTML, like Gecko; compatible; bingbot/2.0; +http://www.bing.com/bingbot.htm) Chrome/116.0.1938.76 Safari/537.36"
157.55.39.197 - - [21/Jul/2026:08:52:59 -0500] "GET /?detail/696230393 HTTP/1.1" 200 13 "-" "Mozilla/5.0 AppleWebKit/537.36 (KHTML, like Gecko; compatible; bingbot/2.0; +http://www.bing.com/bingbot.htm) Chrome/116.0.1938.76 Safari/537.36"
157.55.39.197 - - [21/Jul/2026:08:53:00 -0500] "GET /?detail/377080230 HTTP/1.1" 200 13 "-" "Mozilla/5.0 AppleWebKit/537.36 (KHTML, like Gecko; compatible; bingbot/2.0; +http://www.bing.com/bingbot.htm) Chrome/116.0.1938.76 Safari/537.36"
157.55.39.197 - - [21/Jul/2026:08:53:00 -0500] "GET /?detail/295380999 HTTP/1.1" 200 13 "-" "Mozilla/5.0 AppleWebKit/537.36 (KHTML, like Gecko; compatible; bingbot/2.0; +http://www.bing.com/bingbot.htm) Chrome/116.0.1938.76 Safari/537.36"
66.249.68.38 - - [21/Jul/2026:08:52:41 -0500] "GET /goods.php?products/2318239 HTTP/1.1" 200 16 "-" "Mozilla/5.0 (Linux; Android 6.0.1; Nexus 5X Build/MMB29P) AppleWebKit/537.36 (KHTML, like Gecko) Chrome/150.0.7871.128 Mobile Safari/537.36 (compatible; Googlebot/2.1; +http://www.google.com/bot.html)"
57.141.0.4 - - [21/Jul/2026:08:53:01 -0500] "GET /detail/478720719?fileloc=/home/allsupport/public_html/wp-signup.php&path=/home/allsupport/public_html HTTP/1.1" 200 50689 "-" "Mozilla/5.0 (Macintosh; Intel Mac OS X 10_15_7) AppleWebKit/537.36 (KHTML, like Gecko) Chrome/145.0.0.0 Safari/537.36 (compatible; meta-externalagent/1.1 (+https://developers.facebook.com/docs/sharing/webmasters/crawler))"
52.167.144.213 - - [21/Jul/2026:08:53:02 -0500] "GET /?detail/240011364 HTTP/1.1" 200 13 "-" "Mozilla/5.0 AppleWebKit/537.36 (KHTML, like Gecko; compatible; bingbot/2.0; +http://www.bing.com/bingbot.htm) Chrome/116.0.1938.76 Safari/537.36"
52.167.144.213 - - [21/Jul/2026:08:53:02 -0500] "GET /?detail/446410751 HTTP/1.1" 200 13 "-" "Mozilla/5.0 AppleWebKit/537.36 (KHTML, like Gecko; compatible; bingbot/2.0; +http://www.bing.com/bingbot.htm) Chrome/116.0.1938.76 Safari/537.36"
52.167.144.213 - - [21/Jul/2026:08:53:02 -0500] "GET /?detail/412256847 HTTP/1.1" 200 13 "-" "Mozilla/5.0 AppleWebKit/537.36 (KHTML, like Gecko; compatible; bingbot/2.0; +http://www.bing.com/bingbot.htm) Chrome/116.0.1938.76 Safari/537.36"
52.167.144.213 - - [21/Jul/2026:08:53:02 -0500] "GET /?detail/70782559 HTTP/1.1" 200 13 "-" "Mozilla/5.0 AppleWebKit/537.36 (KHTML, like Gecko; compatible; bingbot/2.0; +http://www.bing.com/bingbot.htm) Chrome/116.0.1938.76 Safari/537.36"
52.167.144.213 - - [21/Jul/2026:08:53:03 -0500] "GET /?detail/951637362 HTTP/1.1" 200 13 "-" "Mozilla/5.0 AppleWebKit/537.36 (KHTML, like Gecko; compatible; bingbot/2.0; +http://www.bing.com/bingbot.htm) Chrome/116.0.1938.76 Safari/537.36"
57.141.0.44 - - [21/Jul/2026:08:53:05 -0500] "GET /detail/254083257?fileloc=/home/allsupport/public_html/shop.php&path=/home/allsupport/public_html HTTP/1.1" 200 111166 "-" "Mozilla/5.0 (Macintosh; Intel Mac OS X 10_15_7) AppleWebKit/537.36 (KHTML, like Gecko) Chrome/145.0.0.0 Safari/537.36 (compatible; meta-externalagent/1.1 (+https://developers.facebook.com/docs/sharing/webmasters/crawler))"
54.39.210.125 - - [21/Jul/2026:08:53:07 -0500] "GET /detail/605249357 HTTP/1.1" 200 89715 "-" "Mozilla/5.0 (compatible; AhrefsBot/7.0; +http://ahrefs.com/robot/)"
157.55.39.197 - - [21/Jul/2026:08:53:08 -0500] "GET /?detail/514347150 HTTP/1.1" 200 13 "-" "Mozilla/5.0 AppleWebKit/537.36 (KHTML, like Gecko; compatible; bingbot/2.0; +http://www.bing.com/bingbot.htm) Chrome/116.0.1938.76 Safari/537.36"
157.55.39.197 - - [21/Jul/2026:08:53:09 -0500] "GET /?detail/889448078 HTTP/1.1" 200 13 "-" "Mozilla/5.0 AppleWebKit/537.36 (KHTML, like Gecko; compatible; bingbot/2.0; +http://www.bing.com/bingbot.htm) Chrome/116.0.1938.76 Safari/537.36"
157.55.39.197 - - [21/Jul/2026:08:53:09 -0500] "GET /detail/656714550 HTTP/1.1" 200 13 "-" "Mozilla/5.0 AppleWebKit/537.36 (KHTML, like Gecko; compatible; bingbot/2.0; +http://www.bing.com/bingbot.htm) Chrome/116.0.1938.76 Safari/537.36"
157.55.39.197 - - [21/Jul/2026:08:53:10 -0500] "GET /?detail/721485439 HTTP/1.1" 200 13 "-" "Mozilla/5.0 AppleWebKit/537.36 (KHTML, like Gecko; compatible; bingbot/2.0; +http://www.bing.com/bingbot.htm) Chrome/116.0.1938.76 Safari/537.36"
157.55.39.197 - - [21/Jul/2026:08:53:10 -0500] "GET /?detail/206993696 HTTP/1.1" 200 13 "-" "Mozilla/5.0 AppleWebKit/537.36 (KHTML, like Gecko; compatible; bingbot/2.0; +http://www.bing.com/bingbot.htm) Chrome/116.0.1938.76 Safari/537.36"
20.151.10.161 - - [21/Jul/2026:08:53:11 -0500] "GET /wp-content/plugins/hellopress/wp_filemanager.php HTTP/1.1" 401 36 "-" "-"
57.141.0.34 - - [21/Jul/2026:08:53:11 -0500] "GET /detail/975371666 HTTP/1.1" 200 89715 "-" "Mozilla/5.0 (Windows NT 10.0; Win64; x64) AppleWebKit/537.36 (KHTML, like Gecko) Chrome/145.0.0.0 Safari/537.36 (compatible; meta-externalagent/1.1 (+https://developers.facebook.com/docs/sharing/webmasters/crawler))"
20.151.10.161 - - [21/Jul/2026:08:53:11 -0500] "GET /this_is_a_new_hello_world.php HTTP/1.1" 401 36 "-" "-"
20.151.10.161 - - [21/Jul/2026:08:53:11 -0500] "GET /x.php HTTP/1.1" 401 36 "-" "-"
20.151.10.161 - - [21/Jul/2026:08:53:11 -0500] "GET /j260624_13.php HTTP/1.1" 401 36 "-" "-"
20.151.10.161 - - [21/Jul/2026:08:53:12 -0500] "GET /d62.php HTTP/1.1" 401 36 "-" "-"
20.151.10.161 - - [21/Jul/2026:08:53:12 -0500] "GET /ups.php HTTP/1.1" 401 36 "-" "-"
20.151.10.161 - - [21/Jul/2026:08:53:12 -0500] "GET /k.php HTTP/1.1" 401 36 "-" "-"
20.151.10.161 - - [21/Jul/2026:08:53:12 -0500] "GET /k2.php HTTP/1.1" 401 36 "-" "-"
20.151.10.161 - - [21/Jul/2026:08:53:12 -0500] "GET /k3.php HTTP/1.1" 401 36 "-" "-"
20.151.10.161 - - [21/Jul/2026:08:53:13 -0500] "GET /k4.php HTTP/1.1" 401 36 "-" "-"
20.151.10.161 - - [21/Jul/2026:08:53:13 -0500] "GET /k5.php HTTP/1.1" 401 36 "-" "-"
20.151.10.161 - - [21/Jul/2026:08:53:13 -0500] "GET /w.php HTTP/1.1" 401 36 "-" "-"
20.151.10.161 - - [21/Jul/2026:08:53:13 -0500] "GET /fpwch.php HTTP/1.1" 401 36 "-" "-"
20.151.10.161 - - [21/Jul/2026:08:53:13 -0500] "GET /w2025.php HTTP/1.1" 401 36 "-" "-"
20.151.10.161 - - [21/Jul/2026:08:53:13 -0500] "GET /scxy.php HTTP/1.1" 401 36 "-" "-"
20.151.10.161 - - [21/Jul/2026:08:53:14 -0500] "GET /FWAZ.php HTTP/1.1" 401 36 "-" "-"
20.151.10.161 - - [21/Jul/2026:08:53:15 -0500] "GET /qterm.php HTTP/1.1" 401 36 "-" "-"
57.141.0.23 - - [21/Jul/2026:08:53:15 -0500] "GET /detail/661849504?fileloc=/home/allsupport/public_html/robots.txt&path=/home/allsupport/public_html HTTP/1.1" 200 277 "-" "Mozilla/5.0 (Windows NT 10.0; Win64; x64) AppleWebKit/537.36 (KHTML, like Gecko) Chrome/145.0.0.0 Safari/537.36 (compatible; meta-externalagent/1.1 (+https://developers.facebook.com/docs/sharing/webmasters/crawler))"
20.151.10.161 - - [21/Jul/2026:08:53:15 -0500] "GET /blurbs.php HTTP/1.1" 401 36 "-" "-"
52.167.144.19 - - [21/Jul/2026:08:53:15 -0500] "GET /?detail/214485943 HTTP/1.1" 200 13 "-" "Mozilla/5.0 AppleWebKit/537.36 (KHTML, like Gecko; compatible; bingbot/2.0; +http://www.bing.com/bingbot.htm) Chrome/116.0.1938.76 Safari/537.36"
52.167.144.19 - - [21/Jul/2026:08:53:15 -0500] "GET /?detail/637503303 HTTP/1.1" 200 13 "-" "Mozilla/5.0 AppleWebKit/537.36 (KHTML, like Gecko; compatible; bingbot/2.0; +http://www.bing.com/bingbot.htm) Chrome/116.0.1938.76 Safari/537.36"
52.167.144.19 - - [21/Jul/2026:08:53:15 -0500] "GET /?detail/520321289 HTTP/1.1" 200 13 "-" "Mozilla/5.0 AppleWebKit/537.36 (KHTML, like Gecko; compatible; bingbot/2.0; +http://www.bing.com/bingbot.htm) Chrome/116.0.1938.76 Safari/537.36"
20.151.10.161 - - [21/Jul/2026:08:53:16 -0500] "GET /v543.php HTTP/1.1" 401 36 "-" "-"
20.151.10.161 - - [21/Jul/2026:08:53:16 -0500] "GET /w3lls.php HTTP/1.1" 401 36 "-" "-"
52.167.144.19 - - [21/Jul/2026:08:53:16 -0500] "GET /?detail/946704721 HTTP/1.1" 200 13 "-" "Mozilla/5.0 AppleWebKit/537.36 (KHTML, like Gecko; compatible; bingbot/2.0; +http://www.bing.com/bingbot.htm) Chrome/116.0.1938.76 Safari/537.36"
20.151.10.161 - - [21/Jul/2026:08:53:16 -0500] "GET /wp-ws68.php HTTP/1.1" 401 36 "-" "-"
20.151.10.161 - - [21/Jul/2026:08:53:17 -0500] "GET /xyn.php HTTP/1.1" 401 36 "-" "-"
20.151.10.161 - - [21/Jul/2026:08:53:17 -0500] "GET /green3.php HTTP/1.1" 401 36 "-" "-"
20.151.10.161 - - [21/Jul/2026:08:53:17 -0500] "GET /ccs.php HTTP/1.1" 401 36 "-" "-"
20.151.10.161 - - [21/Jul/2026:08:53:17 -0500] "GET /ccc.php HTTP/1.1" 401 36 "-" "-"
20.151.10.161 - - [21/Jul/2026:08:53:17 -0500] "GET /get.php HTTP/1.1" 401 36 "-" "-"
57.141.0.37 - - [21/Jul/2026:08:53:17 -0500] "GET /detail/141765091 HTTP/1.1" 200 89715 "-" "Mozilla/5.0 (Windows NT 10.0; Win64; x64) AppleWebKit/537.36 (KHTML, like Gecko) Chrome/145.0.0.0 Safari/537.36 (compatible; meta-externalagent/1.1 (+https://developers.facebook.com/docs/sharing/webmasters/crawler))"
20.151.10.161 - - [21/Jul/2026:08:53:18 -0500] "GET /images.php HTTP/1.1" 401 36 "-" "-"
20.151.10.161 - - [21/Jul/2026:08:53:18 -0500] "GET /alls.php HTTP/1.1" 401 36 "-" "-"
66.249.68.37 - - [21/Jul/2026:08:53:18 -0500] "GET /detail/783963978 HTTP/1.1" 200 55978 "-" "Mozilla/5.0 (Linux; Android 6.0.1; Nexus 5X Build/MMB29P) AppleWebKit/537.36 (KHTML, like Gecko) Chrome/150.0.7871.128 Mobile Safari/537.36 (compatible; Googlebot/2.1; +http://www.google.com/bot.html)"
20.151.10.161 - - [21/Jul/2026:08:53:18 -0500] "GET /yyu.php HTTP/1.1" 401 36 "-" "-"
20.151.10.161 - - [21/Jul/2026:08:53:18 -0500] "GET /by.php HTTP/1.1" 401 36 "-" "-"
20.151.10.161 - - [21/Jul/2026:08:53:18 -0500] "GET /FAQ.php HTTP/1.1" 401 36 "-" "-"
20.151.10.161 - - [21/Jul/2026:08:53:18 -0500] "GET /coffexium.php HTTP/1.1" 401 36 "-" "-"
20.151.10.161 - - [21/Jul/2026:08:53:19 -0500] "GET /red.php HTTP/1.1" 401 36 "-" "-"
20.151.10.161 - - [21/Jul/2026:08:53:19 -0500] "GET /wp-includes/sodium_compat/ HTTP/1.1" 401 36 "-" "-"
20.151.10.161 - - [21/Jul/2026:08:53:19 -0500] "GET /wp-admin/css/colors/coffee/wp-adochan.php HTTP/1.1" 401 36 "-" "-"
20.151.10.161 - - [21/Jul/2026:08:53:19 -0500] "GET /wp-includes/Text/ HTTP/1.1" 401 36 "-" "-"
20.151.10.161 - - [21/Jul/2026:08:53:19 -0500] "GET /footer.php HTTP/1.1" 401 36 "-" "-"
20.151.10.161 - - [21/Jul/2026:08:53:20 -0500] "GET /wp-content/uploads/ HTTP/1.1" 401 36 "-" "-"
20.151.10.161 - - [21/Jul/2026:08:53:20 -0500] "GET /wp-content/index.php HTTP/1.1" 401 36 "-" "-"
20.151.10.161 - - [21/Jul/2026:08:53:20 -0500] "GET /zoro.php HTTP/1.1" 401 36 "-" "-"
20.151.10.161 - - [21/Jul/2026:08:53:20 -0500] "GET /admin.php HTTP/1.1" 401 36 "-" "-"
157.55.39.197 - - [21/Jul/2026:08:53:20 -0500] "GET /?detail/587773089 HTTP/1.1" 200 13 "-" "Mozilla/5.0 AppleWebKit/537.36 (KHTML, like Gecko; compatible; bingbot/2.0; +http://www.bing.com/bingbot.htm) Chrome/116.0.1938.76 Safari/537.36"
20.151.10.161 - - [21/Jul/2026:08:53:20 -0500] "GET /greap.php HTTP/1.1" 401 36 "-" "-"
20.151.10.161 - - [21/Jul/2026:08:53:20 -0500] "GET /177.php HTTP/1.1" 401 36 "-" "-"
20.151.10.161 - - [21/Jul/2026:08:53:20 -0500] "GET /199.php HTTP/1.1" 401 36 "-" "-"
157.55.39.197 - - [21/Jul/2026:08:53:20 -0500] "GET /?detail/794220505 HTTP/1.1" 200 13 "-" "Mozilla/5.0 AppleWebKit/537.36 (KHTML, like Gecko; compatible; bingbot/2.0; +http://www.bing.com/bingbot.htm) Chrome/116.0.1938.76 Safari/537.36"
20.151.10.161 - - [21/Jul/2026:08:53:20 -0500] "GET /file52.php HTTP/1.1" 401 36 "-" "-"
20.151.10.161 - - [21/Jul/2026:08:53:21 -0500] "GET /122.php HTTP/1.1" 401 36 "-" "-"
20.151.10.161 - - [21/Jul/2026:08:53:21 -0500] "GET /green1.php HTTP/1.1" 401 36 "-" "-"
20.151.10.161 - - [21/Jul/2026:08:53:21 -0500] "GET /biufile.php HTTP/1.1" 401 36 "-" "-"
157.55.39.197 - - [21/Jul/2026:08:53:21 -0500] "GET /?detail/102672043 HTTP/1.1" 200 13 "-" "Mozilla/5.0 AppleWebKit/537.36 (KHTML, like Gecko; compatible; bingbot/2.0; +http://www.bing.com/bingbot.htm) Chrome/116.0.1938.76 Safari/537.36"
20.151.10.161 - - [21/Jul/2026:08:53:21 -0500] "GET /wpconf.php HTTP/1.1" 401 36 "-" "-"
76.24.214.128 - - [21/Jul/2026:08:53:21 -0500] "GET /detail/799953435 HTTP/1.1" 200 89715 "-" "Mozilla/5.0 (Macintosh; Intel Mac OS X 13.3; rv:132.0) Gecko/20100101 Firefox/132.0"
20.151.10.161 - - [21/Jul/2026:08:53:21 -0500] "GET /mosty.php HTTP/1.1" 401 36 "-" "-"
57.141.0.32 - - [21/Jul/2026:08:53:21 -0500] "GET /detail/478720719?path=/home/allsupport HTTP/1.1" 200 58272 "-" "Mozilla/5.0 (X11; Linux x86_64) AppleWebKit/537.36 (KHTML, like Gecko) Chrome/145.0.0.0 Safari/537.36 (compatible; meta-externalagent/1.1 (+https://developers.facebook.com/docs/sharing/webmasters/crawler))"
20.151.10.161 - - [21/Jul/2026:08:53:21 -0500] "GET /dejavu.php HTTP/1.1" 401 36 "-" "-"
20.151.10.161 - - [21/Jul/2026:08:53:22 -0500] "GET /aaf.php HTTP/1.1" 401 36 "-" "-"
157.55.39.197 - - [21/Jul/2026:08:53:21 -0500] "GET /?detail/604508602 HTTP/1.1" 200 13 "-" "Mozilla/5.0 AppleWebKit/537.36 (KHTML, like Gecko; compatible; bingbot/2.0; +http://www.bing.com/bingbot.htm) Chrome/116.0.1938.76 Safari/537.36"
20.151.10.161 - - [21/Jul/2026:08:53:22 -0500] "GET /term.php HTTP/1.1" 401 36 "-" "-"
20.151.10.161 - - [21/Jul/2026:08:53:22 -0500] "GET /ha.php HTTP/1.1" 401 36 "-" "-"
20.151.10.161 - - [21/Jul/2026:08:53:22 -0500] "GET /hur.php HTTP/1.1" 401 36 "-" "-"
20.151.10.161 - - [21/Jul/2026:08:53:22 -0500] "GET /h02ugyh.php HTTP/1.1" 401 36 "-" "-"
20.151.10.161 - - [21/Jul/2026:08:53:22 -0500] "GET /seiso.php HTTP/1.1" 401 36 "-" "-"
20.151.10.161 - - [21/Jul/2026:08:53:23 -0500] "GET /155.php HTTP/1.1" 401 36 "-" "-"
157.55.39.197 - - [21/Jul/2026:08:53:23 -0500] "GET /?detail/942972404 HTTP/1.1" 200 13 "-" "Mozilla/5.0 AppleWebKit/537.36 (KHTML, like Gecko; compatible; bingbot/2.0; +http://www.bing.com/bingbot.htm) Chrome/116.0.1938.76 Safari/537.36"
20.151.10.161 - - [21/Jul/2026:08:53:23 -0500] "GET /ppp.php HTTP/1.1" 401 36 "-" "-"
20.151.10.161 - - [21/Jul/2026:08:53:23 -0500] "GET /201.php HTTP/1.1" 401 36 "-" "-"
20.151.10.161 - - [21/Jul/2026:08:53:23 -0500] "GET /ops.php HTTP/1.1" 401 36 "-" "-"
20.151.10.161 - - [21/Jul/2026:08:53:23 -0500] "GET /ingfo.php HTTP/1.1" 401 36 "-" "-"
57.141.0.18 - - [21/Jul/2026:08:53:23 -0500] "GET /detail/705610931 HTTP/1.1" 200 89715 "-" "Mozilla/5.0 (Windows NT 10.0; Win64; x64) AppleWebKit/537.36 (KHTML, like Gecko) Chrome/145.0.0.0 Safari/537.36 (compatible; meta-externalagent/1.1 (+https://developers.facebook.com/docs/sharing/webmasters/crawler))"
20.151.10.161 - - [21/Jul/2026:08:53:23 -0500] "GET /error_log.php HTTP/1.1" 401 36 "-" "-"
20.151.10.161 - - [21/Jul/2026:08:53:23 -0500] "GET /xenon1337.php HTTP/1.1" 401 36 "-" "-"
20.151.10.161 - - [21/Jul/2026:08:53:24 -0500] "GET /test11.php HTTP/1.1" 401 36 "-" "-"
20.151.10.161 - - [21/Jul/2026:08:53:24 -0500] "GET /koala.php HTTP/1.1" 401 36 "-" "-"
20.151.10.161 - - [21/Jul/2026:08:53:24 -0500] "GET /mac.php HTTP/1.1" 401 36 "-" "-"
20.151.10.161 - - [21/Jul/2026:08:53:24 -0500] "GET /25d653587fdfd1.php HTTP/1.1" 401 36 "-" "-"
20.151.10.161 - - [21/Jul/2026:08:53:24 -0500] "GET /wefile.php HTTP/1.1" 401 36 "-" "-"
52.167.144.213 - - [21/Jul/2026:08:53:24 -0500] "GET /?detail/925365872 HTTP/1.1" 200 13 "-" "Mozilla/5.0 AppleWebKit/537.36 (KHTML, like Gecko; compatible; bingbot/2.0; +http://www.bing.com/bingbot.htm) Chrome/116.0.1938.76 Safari/537.36"
52.167.144.213 - - [21/Jul/2026:08:53:24 -0500] "GET /?detail/295367792 HTTP/1.1" 200 13 "-" "Mozilla/5.0 AppleWebKit/537.36 (KHTML, like Gecko; compatible; bingbot/2.0; +http://www.bing.com/bingbot.htm) Chrome/116.0.1938.76 Safari/537.36"
20.151.10.161 - - [21/Jul/2026:08:53:25 -0500] "GET /wp-includes/blocks/post-comments-form/ HTTP/1.1" 401 36 "-" "-"
52.167.144.213 - - [21/Jul/2026:08:53:24 -0500] "GET /?detail/154944812 HTTP/1.1" 200 13 "-" "Mozilla/5.0 AppleWebKit/537.36 (KHTML, like Gecko; compatible; bingbot/2.0; +http://www.bing.com/bingbot.htm) Chrome/116.0.1938.76 Safari/537.36"
20.151.10.161 - - [21/Jul/2026:08:53:25 -0500] "GET /wp-admin/js/ HTTP/1.1" 401 36 "-" "-"
20.151.10.161 - - [21/Jul/2026:08:53:25 -0500] "GET /wp-admin/css/colour.php HTTP/1.1" 401 36 "-" "-"
20.151.10.161 - - [21/Jul/2026:08:53:25 -0500] "GET /2P.php HTTP/1.1" 401 36 "-" "-"
20.151.10.161 - - [21/Jul/2026:08:53:25 -0500] "GET /.well-known/about.php HTTP/1.1" 401 36 "-" "-"
20.151.10.161 - - [21/Jul/2026:08:53:25 -0500] "GET /wp-includes/ID3/about.php HTTP/1.1" 401 36 "-" "-"
20.151.10.161 - - [21/Jul/2026:08:53:26 -0500] "GET /bob.php HTTP/1.1" 401 36 "-" "-"
20.151.10.161 - - [21/Jul/2026:08:53:26 -0500] "GET /wp-admin/css/ HTTP/1.1" 401 36 "-" "-"
20.151.10.161 - - [21/Jul/2026:08:53:26 -0500] "GET /wp-admin/css/colors/modern/ HTTP/1.1" 401 36 "-" "-"
20.151.10.161 - - [21/Jul/2026:08:53:26 -0500] "GET /crgio.php HTTP/1.1" 401 36 "-" "-"
20.151.10.161 - - [21/Jul/2026:08:53:26 -0500] "GET /pucci.php HTTP/1.1" 401 36 "-" "-"
20.151.10.161 - - [21/Jul/2026:08:53:26 -0500] "GET /wp-includes/blocks/details/ HTTP/1.1" 401 36 "-" "-"
20.151.10.161 - - [21/Jul/2026:08:53:26 -0500] "GET /wp-includes/blocks/audio/ HTTP/1.1" 401 36 "-" "-"
20.151.10.161 - - [21/Jul/2026:08:53:27 -0500] "GET /wp-temp.php HTTP/1.1" 401 36 "-" "-"
20.151.10.161 - - [21/Jul/2026:08:53:27 -0500] "GET /wp-includes/blocks/buttons/ HTTP/1.1" 401 36 "-" "-"
20.151.10.161 - - [21/Jul/2026:08:53:27 -0500] "GET /wp-admin/js/index.php HTTP/1.1" 401 36 "-" "-"
20.151.10.161 - - [21/Jul/2026:08:53:27 -0500] "GET /puc.php HTTP/1.1" 401 36 "-" "-"
20.151.10.161 - - [21/Jul/2026:08:53:27 -0500] "GET /themes.php HTTP/1.1" 401 36 "-" "-"
20.151.10.161 - - [21/Jul/2026:08:53:27 -0500] "GET /dx.php HTTP/1.1" 401 36 "-" "-"
20.151.10.161 - - [21/Jul/2026:08:53:27 -0500] "GET /p.php HTTP/1.1" 401 36 "-" "-"
20.151.10.161 - - [21/Jul/2026:08:53:28 -0500] "GET /wp-includes/Requests/ HTTP/1.1" 401 36 "-" "-"
20.151.10.161 - - [21/Jul/2026:08:53:28 -0500] "GET /bthil.php HTTP/1.1" 401 36 "-" "-"
20.151.10.161 - - [21/Jul/2026:08:53:28 -0500] "GET /7.php HTTP/1.1" 401 36 "-" "-"
20.151.10.161 - - [21/Jul/2026:08:53:28 -0500] "GET /8.php HTTP/1.1" 401 36 "-" "-"
20.151.10.161 - - [21/Jul/2026:08:53:28 -0500] "GET /1.php HTTP/1.1" 401 36 "-" "-"
20.151.10.161 - - [21/Jul/2026:08:53:28 -0500] "GET /100.php HTTP/1.1" 401 36 "-" "-"
20.151.10.161 - - [21/Jul/2026:08:53:28 -0500] "GET /about.php HTTP/1.1" 401 36 "-" "-"
20.151.10.161 - - [21/Jul/2026:08:53:29 -0500] "GET /admin.php HTTP/1.1" 401 36 "-" "-"
20.151.10.161 - - [21/Jul/2026:08:53:29 -0500] "GET /edit.php HTTP/1.1" 401 36 "-" "-"
20.151.10.161 - - [21/Jul/2026:08:53:29 -0500] "GET /wp-content/admin.php HTTP/1.1" 401 36 "-" "-"
20.151.10.161 - - [21/Jul/2026:08:53:29 -0500] "GET /f6.php HTTP/1.1" 401 36 "-" "-"
20.151.10.161 - - [21/Jul/2026:08:53:29 -0500] "GET /inputs.php HTTP/1.1" 401 36 "-" "-"
20.151.10.161 - - [21/Jul/2026:08:53:30 -0500] "GET /av.php HTTP/1.1" 401 36 "-" "-"
20.151.10.161 - - [21/Jul/2026:08:53:30 -0500] "GET /classwithtostring.php HTTP/1.1" 401 36 "-" "-"
20.151.10.161 - - [21/Jul/2026:08:53:30 -0500] "GET /wp-content/themes/index.php HTTP/1.1" 401 36 "-" "-"
157.55.39.197 - - [21/Jul/2026:08:53:30 -0500] "GET /?detail/816435959 HTTP/1.1" 200 13 "-" "Mozilla/5.0 AppleWebKit/537.36 (KHTML, like Gecko; compatible; bingbot/2.0; +http://www.bing.com/bingbot.htm) Chrome/116.0.1938.76 Safari/537.36"
20.151.10.161 - - [21/Jul/2026:08:53:30 -0500] "GET /wp-blog.php HTTP/1.1" 401 36 "-" "-"
20.151.10.161 - - [21/Jul/2026:08:53:30 -0500] "GET /wp-includes/js/jquery/ HTTP/1.1" 401 36 "-" "-"
20.151.10.161 - - [21/Jul/2026:08:53:31 -0500] "GET /wp-content/admin.php HTTP/1.1" 401 36 "-" "-"
157.55.39.197 - - [21/Jul/2026:08:53:31 -0500] "GET /?detail/728221783 HTTP/1.1" 200 13 "-" "Mozilla/5.0 AppleWebKit/537.36 (KHTML, like Gecko; compatible; bingbot/2.0; +http://www.bing.com/bingbot.htm) Chrome/116.0.1938.76 Safari/537.36"
20.151.10.161 - - [21/Jul/2026:08:53:31 -0500] "GET /adminfuns.php HTTP/1.1" 401 36 "-" "-"
20.151.10.161 - - [21/Jul/2026:08:53:31 -0500] "GET /goods.php HTTP/1.1" 401 36 "-" "-"
20.151.10.161 - - [21/Jul/2026:08:53:31 -0500] "GET /ms-edit.php HTTP/1.1" 401 36 "-" "-"
20.151.10.161 - - [21/Jul/2026:08:53:31 -0500] "GET /222.php HTTP/1.1" 401 36 "-" "-"
20.151.10.161 - - [21/Jul/2026:08:53:32 -0500] "GET /cgi-bin/index.php HTTP/1.1" 401 36 "-" "-"
20.151.10.161 - - [21/Jul/2026:08:53:32 -0500] "GET /wp-includes/css/dist/ HTTP/1.1" 401 36 "-" "-"
20.151.10.161 - - [21/Jul/2026:08:53:32 -0500] "GET /BDKR28WP.php HTTP/1.1" 401 36 "-" "-"
20.151.10.161 - - [21/Jul/2026:08:53:32 -0500] "GET /wp-includes/l10n/ HTTP/1.1" 401 36 "-" "-"
20.151.10.161 - - [21/Jul/2026:08:53:32 -0500] "GET /wp-content/uploads/ HTTP/1.1" 401 36 "-" "-"
20.151.10.161 - - [21/Jul/2026:08:53:33 -0500] "GET /wp.php HTTP/1.1" 401 36 "-" "-"
20.151.10.161 - - [21/Jul/2026:08:53:33 -0500] "GET /abcd.php HTTP/1.1" 401 36 "-" "-"
20.151.10.161 - - [21/Jul/2026:08:53:33 -0500] "GET /a1.php HTTP/1.1" 401 36 "-" "-"
20.151.10.161 - - [21/Jul/2026:08:53:33 -0500] "GET /wp-includes/Text/Diff/Engine/about.php HTTP/1.1" 401 36 "-" "-"
20.151.10.161 - - [21/Jul/2026:08:53:33 -0500] "GET /w1php HTTP/1.1" 401 36 "-" "-"
20.151.10.161 - - [21/Jul/2026:08:53:33 -0500] "GET /w2php HTTP/1.1" 401 36 "-" "-"
20.151.10.161 - - [21/Jul/2026:08:53:34 -0500] "GET /w3php HTTP/1.1" 401 36 "-" "-"
20.151.10.161 - - [21/Jul/2026:08:53:34 -0500] "GET /cgi-bin/admin.php HTTP/1.1" 401 36 "-" "-"
20.151.10.161 - - [21/Jul/2026:08:53:34 -0500] "GET /gettest.php HTTP/1.1" 401 36 "-" "-"
20.151.10.161 - - [21/Jul/2026:08:53:34 -0500] "GET /wp-content/ HTTP/1.1" 401 36 "-" "-"
20.151.10.161 - - [21/Jul/2026:08:53:34 -0500] "GET /simple.php HTTP/1.1" 401 36 "-" "-"
20.151.10.161 - - [21/Jul/2026:08:53:34 -0500] "GET /xxx.php HTTP/1.1" 401 36 "-" "-"
20.151.10.161 - - [21/Jul/2026:08:53:35 -0500] "GET /hypo.php HTTP/1.1" 401 36 "-" "-"
57.141.0.46 - - [21/Jul/2026:08:53:35 -0500] "GET /detail/975371666?fileloc=/home/allsupport/public_html/wp-mail.php&path=/home/allsupport/public_html HTTP/1.1" 200 21576 "-" "Mozilla/5.0 (Windows NT 10.0; Win64; x64) AppleWebKit/537.36 (KHTML, like Gecko) Chrome/145.0.0.0 Safari/537.36 (compatible; meta-externalagent/1.1 (+https://developers.facebook.com/docs/sharing/webmasters/crawler))"
20.151.10.161 - - [21/Jul/2026:08:53:35 -0500] "GET /wp-admin/css/colors/blue/ HTTP/1.1" 401 36 "-" "-"
20.151.10.161 - - [21/Jul/2026:08:53:35 -0500] "GET /chosen.php HTTP/1.1" 401 36 "-" "-"
20.151.10.161 - - [21/Jul/2026:08:53:35 -0500] "GET /wp-includes/block-bindings/ HTTP/1.1" 401 36 "-" "-"
20.151.10.161 - - [21/Jul/2026:08:53:35 -0500] "GET /als.php HTTP/1.1" 401 36 "-" "-"
20.151.10.161 - - [21/Jul/2026:08:53:35 -0500] "GET /pol.php HTTP/1.1" 401 36 "-" "-"
20.151.10.161 - - [21/Jul/2026:08:53:36 -0500] "GET /file5.php HTTP/1.1" 401 36 "-" "-"
20.151.10.161 - - [21/Jul/2026:08:53:36 -0500] "GET /4PJcpMFsD8B.php HTTP/1.1" 401 36 "-" "-"
20.151.10.161 - - [21/Jul/2026:08:53:36 -0500] "GET /file.php HTTP/1.1" 401 36 "-" "-"
20.151.10.161 - - [21/Jul/2026:08:53:36 -0500] "GET /cfile.php HTTP/1.1" 401 36 "-" "-"
20.151.10.161 - - [21/Jul/2026:08:53:36 -0500] "GET /class-wp.php HTTP/1.1" 401 36 "-" "-"
20.151.10.161 - - [21/Jul/2026:08:53:36 -0500] "GET /admin.php HTTP/1.1" 401 36 "-" "-"
57.141.0.35 - - [21/Jul/2026:08:53:36 -0500] "GET /detail/983080145?fileloc=/home/allsupport/public_html/wp-cron.php&path=/home/allsupport/public_html HTTP/1.1" 200 18251 "-" "Mozilla/5.0 (Windows NT 10.0; Win64; x64) AppleWebKit/537.36 (KHTML, like Gecko) Chrome/145.0.0.0 Safari/537.36 (compatible; meta-externalagent/1.1 (+https://developers.facebook.com/docs/sharing/webmasters/crawler))"
20.151.10.161 - - [21/Jul/2026:08:53:36 -0500] "GET /aa2.php HTTP/1.1" 401 36 "-" "-"
20.151.10.161 - - [21/Jul/2026:08:53:37 -0500] "GET /ccou.php HTTP/1.1" 401 36 "-" "-"
20.151.10.161 - - [21/Jul/2026:08:53:37 -0500] "GET /dr.php HTTP/1.1" 401 36 "-" "-"
20.151.10.161 - - [21/Jul/2026:08:53:37 -0500] "GET /xamp.php HTTP/1.1" 401 36 "-" "-"
20.151.10.161 - - [21/Jul/2026:08:53:37 -0500] "GET /bless.php HTTP/1.1" 401 36 "-" "-"
20.151.10.161 - - [21/Jul/2026:08:53:37 -0500] "GET /file46.php HTTP/1.1" 401 36 "-" "-"
20.151.10.161 - - [21/Jul/2026:08:53:37 -0500] "GET /eee.php HTTP/1.1" 401 36 "-" "-"
20.151.10.161 - - [21/Jul/2026:08:53:38 -0500] "GET /file25.php HTTP/1.1" 401 36 "-" "-"
20.151.10.161 - - [21/Jul/2026:08:53:38 -0500] "GET /file48.php HTTP/1.1" 401 36 "-" "-"
20.151.10.161 - - [21/Jul/2026:08:53:38 -0500] "GET /file6.php HTTP/1.1" 401 36 "-" "-"
20.151.10.161 - - [21/Jul/2026:08:53:38 -0500] "GET /a2.php HTTP/1.1" 401 36 "-" "-"
20.151.10.161 - - [21/Jul/2026:08:53:38 -0500] "GET /file15.php HTTP/1.1" 401 36 "-" "-"
20.151.10.161 - - [21/Jul/2026:08:53:39 -0500] "GET /jp.php HTTP/1.1" 401 36 "-" "-"
20.151.10.161 - - [21/Jul/2026:08:53:39 -0500] "GET /f35.php HTTP/1.1" 401 36 "-" "-"
20.151.10.161 - - [21/Jul/2026:08:53:39 -0500] "GET /wp-load.php HTTP/1.1" 401 36 "-" "-"
20.151.10.161 - - [21/Jul/2026:08:53:39 -0500] "GET /xwpg.php HTTP/1.1" 401 36 "-" "-"
20.151.10.161 - - [21/Jul/2026:08:53:39 -0500] "GET /wp-includes/assets/ HTTP/1.1" 401 36 "-" "-"
20.151.10.161 - - [21/Jul/2026:08:53:39 -0500] "GET /wp-admin/css/colors/sunrise/ HTTP/1.1" 401 36 "-" "-"
20.151.10.161 - - [21/Jul/2026:08:53:39 -0500] "GET /waf.php HTTP/1.1" 401 36 "-" "-"
20.151.10.161 - - [21/Jul/2026:08:53:40 -0500] "GET /xstelth.php HTTP/1.1" 401 36 "-" "-"
20.151.10.161 - - [21/Jul/2026:08:53:40 -0500] "GET /wp-links.php HTTP/1.1" 401 36 "-" "-"
20.151.10.161 - - [21/Jul/2026:08:53:40 -0500] "GET /wp-admin/network/plugins.php HTTP/1.1" 401 36 "-" "-"
20.151.10.161 - - [21/Jul/2026:08:53:40 -0500] "GET /aaa.php HTTP/1.1" 401 36 "-" "-"
114.119.153.186 - - [21/Jul/2026:08:53:42 -0500] "GET /detail/793058683 HTTP/1.1" 200 89715 "https://karenhowellthebaker.com/sitemap.xml" "Mozilla/5.0 (Linux; Android 7.0;) AppleWebKit/537.36 (HTML, like Gecko) Mobile Safari/537.36 (compatible; PetalBot;+https://webmaster.petalsearch.com/site/petalbot)"
57.141.0.69 - - [21/Jul/2026:08:53:43 -0500] "GET /detail/868927209 HTTP/1.1" 200 89715 "-" "Mozilla/5.0 (Windows NT 10.0; Win64; x64) AppleWebKit/537.36 (KHTML, like Gecko) Chrome/145.0.0.0 Safari/537.36 (compatible; meta-externalagent/1.1 (+https://developers.facebook.com/docs/sharing/webmasters/crawler))"
57.141.0.18 - - [21/Jul/2026:08:53:43 -0500] "GET /detail/705610931?fileloc=/home/allsupport/public_html/wp-banners.php&path=/home/allsupport/public_html HTTP/1.1" 200 89554 "-" "Mozilla/5.0 (Macintosh; Intel Mac OS X 10_15_7) AppleWebKit/537.36 (KHTML, like Gecko) Chrome/145.0.0.0 Safari/537.36 (compatible; meta-externalagent/1.1 (+https://developers.facebook.com/docs/sharing/webmasters/crawler))"
57.141.0.11 - - [21/Jul/2026:08:53:43 -0500] "GET /detail/705610931?fileloc=/home/allsupport/public_html/wp-log1n.php&path=/home/allsupport/public_html HTTP/1.1" 200 15013 "-" "Mozilla/5.0 (Windows NT 10.0; Win64; x64) AppleWebKit/537.36 (KHTML, like Gecko) Chrome/145.0.0.0 Safari/537.36 Edg/145.0.0.0 (compatible; meta-externalagent/1.1 (+https://developers.facebook.com/docs/sharing/webmasters/crawler))"
142.44.225.119 - - [21/Jul/2026:08:53:44 -0500] "GET /detail/163169347 HTTP/1.1" 200 89715 "-" "Mozilla/5.0 (compatible; AhrefsBot/7.0; +http://ahrefs.com/robot/)"
