157.55.39.9 - - [21/Jul/2026:07:32:43 -0500] "GET /?detail/839569705 HTTP/1.1" 200 13 "-" "Mozilla/5.0 AppleWebKit/537.36 (KHTML, like Gecko; compatible; bingbot/2.0; +http://www.bing.com/bingbot.htm) Chrome/116.0.1938.76 Safari/537.36"
157.55.39.9 - - [21/Jul/2026:07:32:43 -0500] "GET /?detail/209701706 HTTP/1.1" 200 13 "-" "Mozilla/5.0 AppleWebKit/537.36 (KHTML, like Gecko; compatible; bingbot/2.0; +http://www.bing.com/bingbot.htm) Chrome/116.0.1938.76 Safari/537.36"
103.129.114.216 - - [21/Jul/2026:07:32:51 -0500] "POST /xmlrpc.php HTTP/1.1" 403 89715 "-" "Jetpack/12.1; WordPress/6.2; http://site23877634.com"
57.141.0.67 - - [21/Jul/2026:07:32:52 -0500] "GET /detail/881080298?path=/home/allsupport HTTP/1.1" 200 58272 "-" "Mozilla/5.0 (Windows NT 10.0; Win64; x64) AppleWebKit/537.36 (KHTML, like Gecko) Chrome/145.0.0.0 Safari/537.36 (compatible; meta-externalagent/1.1 (+https://developers.facebook.com/docs/sharing/webmasters/crawler))"
40.77.167.74 - - [21/Jul/2026:07:32:53 -0500] "GET /?detail/355104732 HTTP/1.1" 200 13 "-" "Mozilla/5.0 AppleWebKit/537.36 (KHTML, like Gecko; compatible; bingbot/2.0; +http://www.bing.com/bingbot.htm) Chrome/116.0.1938.76 Safari/537.36"
40.77.167.74 - - [21/Jul/2026:07:32:53 -0500] "GET /?detail/778355992 HTTP/1.1" 200 13 "-" "Mozilla/5.0 AppleWebKit/537.36 (KHTML, like Gecko; compatible; bingbot/2.0; +http://www.bing.com/bingbot.htm) Chrome/116.0.1938.76 Safari/537.36"
40.77.167.74 - - [21/Jul/2026:07:32:53 -0500] "GET /?detail/147656631 HTTP/1.1" 200 13 "-" "Mozilla/5.0 AppleWebKit/537.36 (KHTML, like Gecko; compatible; bingbot/2.0; +http://www.bing.com/bingbot.htm) Chrome/116.0.1938.76 Safari/537.36"
57.141.0.23 - - [21/Jul/2026:07:32:55 -0500] "GET /detail/881080298?fileloc=/home/allsupport/public_html/xmlrpc.php&path=/home/allsupport/public_html HTTP/1.1" 200 16121 "-" "Mozilla/5.0 (Windows NT 10.0; Win64; x64) AppleWebKit/537.36 (KHTML, like Gecko) Chrome/145.0.0.0 Safari/537.36 (compatible; meta-externalagent/1.1 (+https://developers.facebook.com/docs/sharing/webmasters/crawler))"
57.141.0.31 - - [21/Jul/2026:07:32:55 -0500] "GET /detail/881080298?fileloc=/home/allsupport/public_html/wp-activate.php&path=/home/allsupport/public_html HTTP/1.1" 200 20913 "-" "Mozilla/5.0 (Windows NT 10.0; Win64; x64) AppleWebKit/537.36 (KHTML, like Gecko) Chrome/145.0.0.0 Safari/537.36 (compatible; meta-externalagent/1.1 (+https://developers.facebook.com/docs/sharing/webmasters/crawler))"
52.167.144.170 - - [21/Jul/2026:07:32:57 -0500] "GET /?detail/825332422 HTTP/1.1" 200 13 "-" "Mozilla/5.0 AppleWebKit/537.36 (KHTML, like Gecko; compatible; bingbot/2.0; +http://www.bing.com/bingbot.htm) Chrome/116.0.1938.76 Safari/537.36"
181.115.119.215 - - [21/Jul/2026:07:32:57 -0500] "GET /detail/505781196 HTTP/1.1" 200 89715 "-" "Mozilla/5.0 (Macintosh; Intel Mac OS X 13_5_2) AppleWebKit/537.36 (KHTML, like Gecko) Chrome/132.0.6834.110 Safari/537.36"
52.167.144.170 - - [21/Jul/2026:07:32:57 -0500] "GET /?detail/600242556 HTTP/1.1" 200 13 "-" "Mozilla/5.0 AppleWebKit/537.36 (KHTML, like Gecko; compatible; bingbot/2.0; +http://www.bing.com/bingbot.htm) Chrome/116.0.1938.76 Safari/537.36"
52.167.144.170 - - [21/Jul/2026:07:32:57 -0500] "GET /?detail/951094261 HTTP/1.1" 200 13 "-" "Mozilla/5.0 AppleWebKit/537.36 (KHTML, like Gecko; compatible; bingbot/2.0; +http://www.bing.com/bingbot.htm) Chrome/116.0.1938.76 Safari/537.36"
57.141.0.23 - - [21/Jul/2026:07:32:58 -0500] "GET /detail/991357429 HTTP/1.1" 200 89715 "-" "Mozilla/5.0 (Macintosh; Intel Mac OS X 10_15_7) AppleWebKit/537.36 (KHTML, like Gecko) Chrome/145.0.0.0 Safari/537.36 (compatible; meta-externalagent/1.1 (+https://developers.facebook.com/docs/sharing/webmasters/crawler))"
52.167.144.170 - - [21/Jul/2026:07:32:59 -0500] "GET /?detail/31673939 HTTP/1.1" 200 13 "-" "Mozilla/5.0 AppleWebKit/537.36 (KHTML, like Gecko; compatible; bingbot/2.0; +http://www.bing.com/bingbot.htm) Chrome/116.0.1938.76 Safari/537.36"
103.129.114.216 - - [21/Jul/2026:07:33:01 -0500] "POST /xmlrpc.php HTTP/1.1" 403 89715 "-" "Jetpack by WordPress.com (Jetpack 13.0; WordPress 6.2)"
157.55.39.9 - - [21/Jul/2026:07:33:02 -0500] "GET /?detail/131063324 HTTP/1.1" 200 13 "-" "Mozilla/5.0 AppleWebKit/537.36 (KHTML, like Gecko; compatible; bingbot/2.0; +http://www.bing.com/bingbot.htm) Chrome/116.0.1938.76 Safari/537.36"
157.55.39.9 - - [21/Jul/2026:07:33:02 -0500] "GET /?detail/545176102 HTTP/1.1" 200 13 "-" "Mozilla/5.0 AppleWebKit/537.36 (KHTML, like Gecko; compatible; bingbot/2.0; +http://www.bing.com/bingbot.htm) Chrome/116.0.1938.76 Safari/537.36"
157.55.39.9 - - [21/Jul/2026:07:33:03 -0500] "GET /?detail/844993898 HTTP/1.1" 200 13 "-" "Mozilla/5.0 AppleWebKit/537.36 (KHTML, like Gecko; compatible; bingbot/2.0; +http://www.bing.com/bingbot.htm) Chrome/116.0.1938.76 Safari/537.36"
157.55.39.9 - - [21/Jul/2026:07:33:03 -0500] "GET /?detail/558103311 HTTP/1.1" 200 13 "-" "Mozilla/5.0 AppleWebKit/537.36 (KHTML, like Gecko; compatible; bingbot/2.0; +http://www.bing.com/bingbot.htm) Chrome/116.0.1938.76 Safari/537.36"
157.55.39.9 - - [21/Jul/2026:07:33:03 -0500] "GET /?detail/573379494 HTTP/1.1" 200 13 "-" "Mozilla/5.0 AppleWebKit/537.36 (KHTML, like Gecko; compatible; bingbot/2.0; +http://www.bing.com/bingbot.htm) Chrome/116.0.1938.76 Safari/537.36"
57.141.0.69 - - [21/Jul/2026:07:33:04 -0500] "GET /detail/718049544 HTTP/1.1" 200 89715 "-" "Mozilla/5.0 (Windows NT 10.0; Win64; x64) AppleWebKit/537.36 (KHTML, like Gecko) Chrome/145.0.0.0 Safari/537.36 (compatible; meta-externalagent/1.1 (+https://developers.facebook.com/docs/sharing/webmasters/crawler))"
52.167.144.170 - - [21/Jul/2026:07:33:05 -0500] "GET /detail/291290179 HTTP/1.1" 200 13 "-" "Mozilla/5.0 AppleWebKit/537.36 (KHTML, like Gecko; compatible; bingbot/2.0; +http://www.bing.com/bingbot.htm) Chrome/116.0.1938.76 Safari/537.36"
57.141.0.28 - - [21/Jul/2026:07:33:06 -0500] "GET /detail/736725095?path=/home/allsupport/public_html/wp-includes/IXR HTTP/1.1" 200 30665 "-" "Mozilla/5.0 (Macintosh; Intel Mac OS X 10_15_7) AppleWebKit/537.36 (KHTML, like Gecko) Chrome/145.0.0.0 Safari/537.36 (compatible; meta-externalagent/1.1 (+https://developers.facebook.com/docs/sharing/webmasters/crawler))"
57.141.0.4 - - [21/Jul/2026:07:33:06 -0500] "GET /detail/881080298?fileloc=/home/allsupport/public_html/wp-links-opml.php&path=/home/allsupport/public_html HTTP/1.1" 200 15364 "-" "Mozilla/5.0 (Windows NT 10.0; Win64; x64) AppleWebKit/537.36 (KHTML, like Gecko) Chrome/145.0.0.0 Safari/537.36 (compatible; meta-externalagent/1.1 (+https://developers.facebook.com/docs/sharing/webmasters/crawler))"
40.77.167.74 - - [21/Jul/2026:07:33:07 -0500] "GET /?detail/945070867 HTTP/1.1" 200 13 "-" "Mozilla/5.0 AppleWebKit/537.36 (KHTML, like Gecko; compatible; bingbot/2.0; +http://www.bing.com/bingbot.htm) Chrome/116.0.1938.76 Safari/537.36"
40.77.167.74 - - [21/Jul/2026:07:33:07 -0500] "GET /?detail/649889844 HTTP/1.1" 200 13 "-" "Mozilla/5.0 AppleWebKit/537.36 (KHTML, like Gecko; compatible; bingbot/2.0; +http://www.bing.com/bingbot.htm) Chrome/116.0.1938.76 Safari/537.36"
40.77.167.74 - - [21/Jul/2026:07:33:08 -0500] "GET /?detail/955366118 HTTP/1.1" 200 13 "-" "Mozilla/5.0 AppleWebKit/537.36 (KHTML, like Gecko; compatible; bingbot/2.0; +http://www.bing.com/bingbot.htm) Chrome/116.0.1938.76 Safari/537.36"
40.77.167.74 - - [21/Jul/2026:07:33:08 -0500] "GET /?detail/745125150 HTTP/1.1" 200 13 "-" "Mozilla/5.0 AppleWebKit/537.36 (KHTML, like Gecko; compatible; bingbot/2.0; +http://www.bing.com/bingbot.htm) Chrome/116.0.1938.76 Safari/537.36"
40.77.167.74 - - [21/Jul/2026:07:33:08 -0500] "GET /?detail/154831874 HTTP/1.1" 200 13 "-" "Mozilla/5.0 AppleWebKit/537.36 (KHTML, like Gecko; compatible; bingbot/2.0; +http://www.bing.com/bingbot.htm) Chrome/116.0.1938.76 Safari/537.36"
57.141.0.50 - - [21/Jul/2026:07:33:11 -0500] "GET /detail/171464343?fileloc=/home/allsupport/public_html/wp-banners.php&path=/home/allsupport/public_html HTTP/1.1" 200 89554 "-" "Mozilla/5.0 (Windows NT 10.0; Win64; x64) AppleWebKit/537.36 (KHTML, like Gecko) Chrome/145.0.0.0 Safari/537.36 (compatible; meta-externalagent/1.1 (+https://developers.facebook.com/docs/sharing/webmasters/crawler))"
103.129.114.216 - - [21/Jul/2026:07:33:12 -0500] "POST /xmlrpc.php HTTP/1.1" 403 89715 "-" "Jetpack/12.0; WordPress/6.4; http://site63540773.com"
157.55.39.9 - - [21/Jul/2026:07:33:12 -0500] "GET /?detail/73501259 HTTP/1.1" 200 13 "-" "Mozilla/5.0 AppleWebKit/537.36 (KHTML, like Gecko; compatible; bingbot/2.0; +http://www.bing.com/bingbot.htm) Chrome/116.0.1938.76 Safari/537.36"
57.141.0.18 - - [21/Jul/2026:07:33:14 -0500] "GET /detail/884999763 HTTP/1.1" 200 89715 "-" "Mozilla/5.0 (Macintosh; Intel Mac OS X 10_15_7) AppleWebKit/537.36 (KHTML, like Gecko) Chrome/145.0.0.0 Safari/537.36 (compatible; meta-externalagent/1.1 (+https://developers.facebook.com/docs/sharing/webmasters/crawler))"
40.77.167.74 - - [21/Jul/2026:07:33:17 -0500] "GET /?detail/339791258 HTTP/1.1" 200 13 "-" "Mozilla/5.0 AppleWebKit/537.36 (KHTML, like Gecko; compatible; bingbot/2.0; +http://www.bing.com/bingbot.htm) Chrome/116.0.1938.76 Safari/537.36"
40.77.167.74 - - [21/Jul/2026:07:33:17 -0500] "GET /?detail/719502841 HTTP/1.1" 200 13 "-" "Mozilla/5.0 AppleWebKit/537.36 (KHTML, like Gecko; compatible; bingbot/2.0; +http://www.bing.com/bingbot.htm) Chrome/116.0.1938.76 Safari/537.36"
40.77.167.74 - - [21/Jul/2026:07:33:17 -0500] "GET /?detail/909827279 HTTP/1.1" 200 13 "-" "Mozilla/5.0 AppleWebKit/537.36 (KHTML, like Gecko; compatible; bingbot/2.0; +http://www.bing.com/bingbot.htm) Chrome/116.0.1938.76 Safari/537.36"
85.55.74.74 - - [21/Jul/2026:07:33:22 -0500] "GET /detail/514129637 HTTP/1.1" 200 89715 "-" "Mozilla/5.0 (Macintosh; Intel Mac OS X 12_4_0) AppleWebKit/537.36 (KHTML, like Gecko) Chrome/126.0.6478.126 Safari/537.36"
157.55.39.9 - - [21/Jul/2026:07:33:22 -0500] "GET /detail/553791115 HTTP/1.1" 200 13 "-" "Mozilla/5.0 AppleWebKit/537.36 (KHTML, like Gecko; compatible; bingbot/2.0; +http://www.bing.com/bingbot.htm) Chrome/116.0.1938.76 Safari/537.36"
103.129.114.216 - - [21/Jul/2026:07:33:22 -0500] "POST /xmlrpc.php HTTP/1.1" 403 89715 "-" "Jetpack by WordPress.com (Jetpack 12.1; WordPress 6.4)"
157.55.39.9 - - [21/Jul/2026:07:33:23 -0500] "GET /?detail/547805916 HTTP/1.1" 200 13 "-" "Mozilla/5.0 AppleWebKit/537.36 (KHTML, like Gecko; compatible; bingbot/2.0; +http://www.bing.com/bingbot.htm) Chrome/116.0.1938.76 Safari/537.36"
57.141.0.8 - - [21/Jul/2026:07:33:23 -0500] "GET /detail/718049544?fileloc=/home/allsupport/public_html/atmsd.php&path=/home/allsupport/public_html HTTP/1.1" 200 43144 "-" "Mozilla/5.0 (Windows NT 10.0; Win64; x64) AppleWebKit/537.36 (KHTML, like Gecko) Chrome/145.0.0.0 Safari/537.36 (compatible; meta-externalagent/1.1 (+https://developers.facebook.com/docs/sharing/webmasters/crawler))"
157.55.39.9 - - [21/Jul/2026:07:33:23 -0500] "GET /?detail/915590833 HTTP/1.1" 200 13 "-" "Mozilla/5.0 AppleWebKit/537.36 (KHTML, like Gecko; compatible; bingbot/2.0; +http://www.bing.com/bingbot.htm) Chrome/116.0.1938.76 Safari/537.36"
157.55.39.9 - - [21/Jul/2026:07:33:24 -0500] "GET /?detail/192214731 HTTP/1.1" 200 13 "-" "Mozilla/5.0 AppleWebKit/537.36 (KHTML, like Gecko; compatible; bingbot/2.0; +http://www.bing.com/bingbot.htm) Chrome/116.0.1938.76 Safari/537.36"
57.141.0.54 - - [21/Jul/2026:07:33:26 -0500] "GET /detail/513466099 HTTP/1.1" 200 89715 "-" "Mozilla/5.0 (Macintosh; Intel Mac OS X 10_15_7) AppleWebKit/537.36 (KHTML, like Gecko) Chrome/145.0.0.0 Safari/537.36 (compatible; meta-externalagent/1.1 (+https://developers.facebook.com/docs/sharing/webmasters/crawler))"
57.141.0.12 - - [21/Jul/2026:07:33:27 -0500] "GET /detail/718049544?fileloc=/home/allsupport/public_html/wp-settings.php&path=/home/allsupport/public_html HTTP/1.1" 200 45292 "-" "Mozilla/5.0 (Macintosh; Intel Mac OS X 10_15_7) AppleWebKit/537.36 (KHTML, like Gecko) Chrome/145.0.0.0 Safari/537.36 (compatible; meta-externalagent/1.1 (+https://developers.facebook.com/docs/sharing/webmasters/crawler))"
57.141.0.5 - - [21/Jul/2026:07:33:27 -0500] "GET /detail/718049544?fileloc=/home/allsupport/public_html/wp-trackback.php&path=/home/allsupport/public_html HTTP/1.1" 200 18074 "-" "Mozilla/5.0 (Macintosh; Intel Mac OS X 10_15_7) AppleWebKit/537.36 (KHTML, like Gecko) Chrome/145.0.0.0 Safari/537.36 (compatible; meta-externalagent/1.1 (+https://developers.facebook.com/docs/sharing/webmasters/crawler))"
40.77.167.74 - - [21/Jul/2026:07:33:27 -0500] "GET /?detail/920935301 HTTP/1.1" 200 13 "-" "Mozilla/5.0 AppleWebKit/537.36 (KHTML, like Gecko; compatible; bingbot/2.0; +http://www.bing.com/bingbot.htm) Chrome/116.0.1938.76 Safari/537.36"
40.77.167.74 - - [21/Jul/2026:07:33:27 -0500] "GET /?detail/654598599 HTTP/1.1" 200 13 "-" "Mozilla/5.0 AppleWebKit/537.36 (KHTML, like Gecko; compatible; bingbot/2.0; +http://www.bing.com/bingbot.htm) Chrome/116.0.1938.76 Safari/537.36"
57.141.0.24 - - [21/Jul/2026:07:33:27 -0500] "GET /detail/718049544?path=/home/allsupport/public_html/wp-content HTTP/1.1" 200 53614 "-" "Mozilla/5.0 (Windows NT 10.0; Win64; x64) AppleWebKit/537.36 (KHTML, like Gecko) Chrome/145.0.0.0 Safari/537.36 (compatible; meta-externalagent/1.1 (+https://developers.facebook.com/docs/sharing/webmasters/crawler))"
57.141.0.67 - - [21/Jul/2026:07:33:32 -0500] "GET /detail/494579745?fileloc=/home/allsupport/public_html/inputs.php&path=/home/allsupport/public_html HTTP/1.1" 200 19734 "-" "Mozilla/5.0 (Windows NT 10.0; Win64; x64) AppleWebKit/537.36 (KHTML, like Gecko) Chrome/145.0.0.0 Safari/537.36 (compatible; meta-externalagent/1.1 (+https://developers.facebook.com/docs/sharing/webmasters/crawler))"
157.55.39.9 - - [21/Jul/2026:07:33:32 -0500] "GET /?detail/520356075 HTTP/1.1" 200 13 "-" "Mozilla/5.0 AppleWebKit/537.36 (KHTML, like Gecko; compatible; bingbot/2.0; +http://www.bing.com/bingbot.htm) Chrome/116.0.1938.76 Safari/537.36"
157.55.39.9 - - [21/Jul/2026:07:33:33 -0500] "GET /?detail/57156308 HTTP/1.1" 200 13 "-" "Mozilla/5.0 AppleWebKit/537.36 (KHTML, like Gecko; compatible; bingbot/2.0; +http://www.bing.com/bingbot.htm) Chrome/116.0.1938.76 Safari/537.36"
57.141.0.34 - - [21/Jul/2026:07:33:33 -0500] "GET /detail/311622521?fileloc=/home/allsupport/public_html/wp-includes/cache.php&path=/home/allsupport/public_html/wp-includes HTTP/1.1" 200 26188 "-" "Mozilla/5.0 (X11; Linux x86_64) AppleWebKit/537.36 (KHTML, like Gecko) Chrome/145.0.0.0 Safari/537.36 (compatible; meta-externalagent/1.1 (+https://developers.facebook.com/docs/sharing/webmasters/crawler))"
157.55.39.9 - - [21/Jul/2026:07:33:33 -0500] "GET /?detail/664749395 HTTP/1.1" 200 13 "-" "Mozilla/5.0 AppleWebKit/537.36 (KHTML, like Gecko; compatible; bingbot/2.0; +http://www.bing.com/bingbot.htm) Chrome/116.0.1938.76 Safari/537.36"
103.129.114.216 - - [21/Jul/2026:07:33:33 -0500] "POST /xmlrpc.php HTTP/1.1" 403 89715 "-" "Jetpack by WordPress.com"
57.141.0.47 - - [21/Jul/2026:07:33:35 -0500] "GET /detail/365054161 HTTP/1.1" 200 89715 "-" "Mozilla/5.0 (Windows NT 10.0; Win64; x64) AppleWebKit/537.36 (KHTML, like Gecko) Chrome/145.0.0.0 Safari/537.36 (compatible; meta-externalagent/1.1 (+https://developers.facebook.com/docs/sharing/webmasters/crawler))"
52.167.144.170 - - [21/Jul/2026:07:33:37 -0500] "GET /?detail/124771719 HTTP/1.1" 200 13 "-" "Mozilla/5.0 AppleWebKit/537.36 (KHTML, like Gecko; compatible; bingbot/2.0; +http://www.bing.com/bingbot.htm) Chrome/116.0.1938.76 Safari/537.36"
52.167.144.170 - - [21/Jul/2026:07:33:38 -0500] "GET /?detail/734063665 HTTP/1.1" 200 13 "-" "Mozilla/5.0 AppleWebKit/537.36 (KHTML, like Gecko; compatible; bingbot/2.0; +http://www.bing.com/bingbot.htm) Chrome/116.0.1938.76 Safari/537.36"
52.167.144.170 - - [21/Jul/2026:07:33:38 -0500] "GET /?detail/532323945 HTTP/1.1" 200 13 "-" "Mozilla/5.0 AppleWebKit/537.36 (KHTML, like Gecko; compatible; bingbot/2.0; +http://www.bing.com/bingbot.htm) Chrome/116.0.1938.76 Safari/537.36"
52.167.144.170 - - [21/Jul/2026:07:33:38 -0500] "GET /?detail/952386353 HTTP/1.1" 200 13 "-" "Mozilla/5.0 AppleWebKit/537.36 (KHTML, like Gecko; compatible; bingbot/2.0; +http://www.bing.com/bingbot.htm) Chrome/116.0.1938.76 Safari/537.36"
52.167.144.170 - - [21/Jul/2026:07:33:38 -0500] "GET /?detail/176034769 HTTP/1.1" 200 13 "-" "Mozilla/5.0 AppleWebKit/537.36 (KHTML, like Gecko; compatible; bingbot/2.0; +http://www.bing.com/bingbot.htm) Chrome/116.0.1938.76 Safari/537.36"
52.167.144.170 - - [21/Jul/2026:07:33:38 -0500] "GET /?detail/96173858 HTTP/1.1" 200 13 "-" "Mozilla/5.0 AppleWebKit/537.36 (KHTML, like Gecko; compatible; bingbot/2.0; +http://www.bing.com/bingbot.htm) Chrome/116.0.1938.76 Safari/537.36"
52.167.144.170 - - [21/Jul/2026:07:33:38 -0500] "GET /?detail/498731620 HTTP/1.1" 200 13 "-" "Mozilla/5.0 AppleWebKit/537.36 (KHTML, like Gecko; compatible; bingbot/2.0; +http://www.bing.com/bingbot.htm) Chrome/116.0.1938.76 Safari/537.36"
52.167.144.170 - - [21/Jul/2026:07:33:39 -0500] "GET /?detail/178976527 HTTP/1.1" 200 13 "-" "Mozilla/5.0 AppleWebKit/537.36 (KHTML, like Gecko; compatible; bingbot/2.0; +http://www.bing.com/bingbot.htm) Chrome/116.0.1938.76 Safari/537.36"
57.141.0.16 - - [21/Jul/2026:07:33:41 -0500] "GET /detail/718049544?fileloc=/home/allsupport/public_html/robots.txt&path=/home/allsupport/public_html HTTP/1.1" 200 277 "-" "Mozilla/5.0 (Windows NT 10.0; Win64; x64) AppleWebKit/537.36 (KHTML, like Gecko) Chrome/145.0.0.0 Safari/537.36 (compatible; meta-externalagent/1.1 (+https://developers.facebook.com/docs/sharing/webmasters/crawler))"
57.141.0.20 - - [21/Jul/2026:07:33:42 -0500] "GET /detail/718049544?path=/home/allsupport HTTP/1.1" 200 58272 "-" "Mozilla/5.0 (Windows NT 10.0; Win64; x64) AppleWebKit/537.36 (KHTML, like Gecko) Chrome/145.0.0.0 Safari/537.36 (compatible; meta-externalagent/1.1 (+https://developers.facebook.com/docs/sharing/webmasters/crawler))"
103.129.114.216 - - [21/Jul/2026:07:33:43 -0500] "POST /xmlrpc.php HTTP/1.1" 403 89715 "-" "Jetpack by WordPress.com (Jetpack 12.1; WordPress 6.2)"
57.141.0.5 - - [21/Jul/2026:07:33:44 -0500] "GET /detail/804565200?fileloc=/home/allsupport/public_html/wp-includes/class-wp-image-editor-gd.php&path=/home/allsupport/public_html/wp-includes HTTP/1.1" 200 33837 "-" "Mozilla/5.0 (Macintosh; Intel Mac OS X 10_15_7) AppleWebKit/537.36 (KHTML, like Gecko) Chrome/145.0.0.0 Safari/537.36 (compatible; meta-externalagent/1.1 (+https://developers.facebook.com/docs/sharing/webmasters/crawler))"
52.167.144.170 - - [21/Jul/2026:07:33:44 -0500] "GET /?detail/828722953 HTTP/1.1" 200 13 "-" "Mozilla/5.0 AppleWebKit/537.36 (KHTML, like Gecko; compatible; bingbot/2.0; +http://www.bing.com/bingbot.htm) Chrome/116.0.1938.76 Safari/537.36"
57.141.0.42 - - [21/Jul/2026:07:33:45 -0500] "GET /detail/718049544?fileloc=/home/allsupport/public_html/wp-config.php&path=/home/allsupport/public_html HTTP/1.1" 200 16303 "-" "Mozilla/5.0 (Macintosh; Intel Mac OS X 10_15_7) AppleWebKit/537.36 (KHTML, like Gecko) Chrome/145.0.0.0 Safari/537.36 (compatible; meta-externalagent/1.1 (+https://developers.facebook.com/docs/sharing/webmasters/crawler))"
40.77.167.74 - - [21/Jul/2026:07:33:45 -0500] "GET /?detail/303068396 HTTP/1.1" 200 13 "-" "Mozilla/5.0 AppleWebKit/537.36 (KHTML, like Gecko; compatible; bingbot/2.0; +http://www.bing.com/bingbot.htm) Chrome/116.0.1938.76 Safari/537.36"
40.77.167.74 - - [21/Jul/2026:07:33:45 -0500] "GET /?detail/603273194 HTTP/1.1" 200 13 "-" "Mozilla/5.0 AppleWebKit/537.36 (KHTML, like Gecko; compatible; bingbot/2.0; +http://www.bing.com/bingbot.htm) Chrome/116.0.1938.76 Safari/537.36"
40.77.167.74 - - [21/Jul/2026:07:33:46 -0500] "GET /?detail/625692592 HTTP/1.1" 200 13 "-" "Mozilla/5.0 AppleWebKit/537.36 (KHTML, like Gecko; compatible; bingbot/2.0; +http://www.bing.com/bingbot.htm) Chrome/116.0.1938.76 Safari/537.36"
40.77.167.74 - - [21/Jul/2026:07:33:46 -0500] "GET /?detail/493275092 HTTP/1.1" 200 13 "-" "Mozilla/5.0 AppleWebKit/537.36 (KHTML, like Gecko; compatible; bingbot/2.0; +http://www.bing.com/bingbot.htm) Chrome/116.0.1938.76 Safari/537.36"
40.77.167.74 - - [21/Jul/2026:07:33:47 -0500] "GET /?detail/39814008 HTTP/1.1" 200 13 "-" "Mozilla/5.0 AppleWebKit/537.36 (KHTML, like Gecko; compatible; bingbot/2.0; +http://www.bing.com/bingbot.htm) Chrome/116.0.1938.76 Safari/537.36"
94.59.147.144 - - [21/Jul/2026:07:33:47 -0500] "GET /detail/51616315 HTTP/1.1" 200 89715 "-" "Mozilla/5.0 (Macintosh; Intel Mac OS X 13.2; rv:131.0) Gecko/20100101 Firefox/131.0"
157.55.39.9 - - [21/Jul/2026:07:33:51 -0500] "GET /?detail/968180236 HTTP/1.1" 200 13 "-" "Mozilla/5.0 AppleWebKit/537.36 (KHTML, like Gecko; compatible; bingbot/2.0; +http://www.bing.com/bingbot.htm) Chrome/116.0.1938.76 Safari/537.36"
157.55.39.9 - - [21/Jul/2026:07:33:51 -0500] "GET /?detail/70140043 HTTP/1.1" 200 13 "-" "Mozilla/5.0 AppleWebKit/537.36 (KHTML, like Gecko; compatible; bingbot/2.0; +http://www.bing.com/bingbot.htm) Chrome/116.0.1938.76 Safari/537.36"
57.141.0.15 - - [21/Jul/2026:07:33:54 -0500] "GET /detail/79660783?path=/home/allsupport/public_html/wp-includes HTTP/1.1" 200 465711 "-" "Mozilla/5.0 (X11; Linux x86_64) AppleWebKit/537.36 (KHTML, like Gecko) Chrome/145.0.0.0 Safari/537.36 (compatible; meta-externalagent/1.1 (+https://developers.facebook.com/docs/sharing/webmasters/crawler))"
103.129.114.216 - - [21/Jul/2026:07:33:54 -0500] "POST /xmlrpc.php HTTP/1.1" 403 89715 "-" "Jetpack/12.1; WordPress/6.1; http://site29592123.com"
57.141.0.17 - - [21/Jul/2026:07:33:55 -0500] "GET /detail/736725095?fileloc=/home/allsupport/public_html/wp-includes/IXR/class-IXR-base64.php&path=/home/allsupport/public_html/wp-includes/IXR HTTP/1.1" 200 13166 "-" "Mozilla/5.0 (Windows NT 10.0; Win64; x64) AppleWebKit/537.36 (KHTML, like Gecko) Chrome/145.0.0.0 Safari/537.36 (compatible; meta-externalagent/1.1 (+https://developers.facebook.com/docs/sharing/webmasters/crawler))"
40.77.167.74 - - [21/Jul/2026:07:33:55 -0500] "GET /detail/247862008 HTTP/1.1" 200 13 "-" "Mozilla/5.0 AppleWebKit/537.36 (KHTML, like Gecko; compatible; bingbot/2.0; +http://www.bing.com/bingbot.htm) Chrome/116.0.1938.76 Safari/537.36"
40.77.167.74 - - [21/Jul/2026:07:33:56 -0500] "GET /?detail/381090306 HTTP/1.1" 200 13 "-" "Mozilla/5.0 AppleWebKit/537.36 (KHTML, like Gecko; compatible; bingbot/2.0; +http://www.bing.com/bingbot.htm) Chrome/116.0.1938.76 Safari/537.36"
40.77.167.74 - - [21/Jul/2026:07:33:56 -0500] "GET /?detail/584778300 HTTP/1.1" 200 13 "-" "Mozilla/5.0 AppleWebKit/537.36 (KHTML, like Gecko; compatible; bingbot/2.0; +http://www.bing.com/bingbot.htm) Chrome/116.0.1938.76 Safari/537.36"
40.77.167.74 - - [21/Jul/2026:07:33:56 -0500] "GET /?detail/342317939 HTTP/1.1" 200 13 "-" "Mozilla/5.0 AppleWebKit/537.36 (KHTML, like Gecko; compatible; bingbot/2.0; +http://www.bing.com/bingbot.htm) Chrome/116.0.1938.76 Safari/537.36"
40.77.167.74 - - [21/Jul/2026:07:33:56 -0500] "GET /?detail/123996452 HTTP/1.1" 200 13 "-" "Mozilla/5.0 AppleWebKit/537.36 (KHTML, like Gecko; compatible; bingbot/2.0; +http://www.bing.com/bingbot.htm) Chrome/116.0.1938.76 Safari/537.36"
57.141.0.71 - - [21/Jul/2026:07:34:01 -0500] "GET /detail/360885035 HTTP/1.1" 200 89715 "-" "Mozilla/5.0 (Macintosh; Intel Mac OS X 10_15_7) AppleWebKit/537.36 (KHTML, like Gecko) Chrome/145.0.0.0 Safari/537.36 (compatible; meta-externalagent/1.1 (+https://developers.facebook.com/docs/sharing/webmasters/crawler))"
40.77.167.74 - - [21/Jul/2026:07:34:02 -0500] "GET /?detail/468172775 HTTP/1.1" 200 13 "-" "Mozilla/5.0 AppleWebKit/537.36 (KHTML, like Gecko; compatible; bingbot/2.0; +http://www.bing.com/bingbot.htm) Chrome/116.0.1938.76 Safari/537.36"
40.77.167.74 - - [21/Jul/2026:07:34:02 -0500] "GET /?detail/87356263 HTTP/1.1" 200 13 "-" "Mozilla/5.0 AppleWebKit/537.36 (KHTML, like Gecko; compatible; bingbot/2.0; +http://www.bing.com/bingbot.htm) Chrome/116.0.1938.76 Safari/537.36"
40.77.167.74 - - [21/Jul/2026:07:34:02 -0500] "GET /?detail/772148644 HTTP/1.1" 200 13 "-" "Mozilla/5.0 AppleWebKit/537.36 (KHTML, like Gecko; compatible; bingbot/2.0; +http://www.bing.com/bingbot.htm) Chrome/116.0.1938.76 Safari/537.36"
103.129.114.216 - - [21/Jul/2026:07:34:04 -0500] "POST /xmlrpc.php HTTP/1.1" 403 89715 "-" "Jetpack/12.1; WordPress/6.3; http://site44975440.com"
52.167.144.170 - - [21/Jul/2026:07:34:07 -0500] "GET /?detail/101386151 HTTP/1.1" 200 13 "-" "Mozilla/5.0 AppleWebKit/537.36 (KHTML, like Gecko; compatible; bingbot/2.0; +http://www.bing.com/bingbot.htm) Chrome/116.0.1938.76 Safari/537.36"
52.167.144.170 - - [21/Jul/2026:07:34:07 -0500] "GET /?detail/511005461 HTTP/1.1" 200 13 "-" "Mozilla/5.0 AppleWebKit/537.36 (KHTML, like Gecko; compatible; bingbot/2.0; +http://www.bing.com/bingbot.htm) Chrome/116.0.1938.76 Safari/537.36"
52.167.144.170 - - [21/Jul/2026:07:34:07 -0500] "GET /?detail/662554867 HTTP/1.1" 200 13 "-" "Mozilla/5.0 AppleWebKit/537.36 (KHTML, like Gecko; compatible; bingbot/2.0; +http://www.bing.com/bingbot.htm) Chrome/116.0.1938.76 Safari/537.36"
52.167.144.170 - - [21/Jul/2026:07:34:07 -0500] "GET /?detail/347597710 HTTP/1.1" 200 13 "-" "Mozilla/5.0 AppleWebKit/537.36 (KHTML, like Gecko; compatible; bingbot/2.0; +http://www.bing.com/bingbot.htm) Chrome/116.0.1938.76 Safari/537.36"
52.167.144.170 - - [21/Jul/2026:07:34:07 -0500] "GET /?detail/548518415 HTTP/1.1" 200 13 "-" "Mozilla/5.0 AppleWebKit/537.36 (KHTML, like Gecko; compatible; bingbot/2.0; +http://www.bing.com/bingbot.htm) Chrome/116.0.1938.76 Safari/537.36"
52.167.144.170 - - [21/Jul/2026:07:34:07 -0500] "GET /detail/923903780 HTTP/1.1" 200 13 "-" "Mozilla/5.0 AppleWebKit/537.36 (KHTML, like Gecko; compatible; bingbot/2.0; +http://www.bing.com/bingbot.htm) Chrome/116.0.1938.76 Safari/537.36"
91.245.206.163 - - [21/Jul/2026:07:34:09 -0500] "GET /detail/523864960 HTTP/1.1" 200 89715 "-" "Mozilla/5.0 (Macintosh; Intel Mac OS X 11_1_0) AppleWebKit/537.36 (KHTML, like Gecko) Chrome/128.0.6613.84 Safari/537.36"
40.77.167.74 - - [21/Jul/2026:07:34:12 -0500] "GET /?detail/844466626 HTTP/1.1" 200 13 "-" "Mozilla/5.0 AppleWebKit/537.36 (KHTML, like Gecko; compatible; bingbot/2.0; +http://www.bing.com/bingbot.htm) Chrome/116.0.1938.76 Safari/537.36"
157.55.39.9 - - [21/Jul/2026:07:34:12 -0500] "GET /?detail/207888064 HTTP/1.1" 200 13 "-" "Mozilla/5.0 AppleWebKit/537.36 (KHTML, like Gecko; compatible; bingbot/2.0; +http://www.bing.com/bingbot.htm) Chrome/116.0.1938.76 Safari/537.36"
157.55.39.9 - - [21/Jul/2026:07:34:12 -0500] "GET /?detail/77916984 HTTP/1.1" 200 13 "-" "Mozilla/5.0 AppleWebKit/537.36 (KHTML, like Gecko; compatible; bingbot/2.0; +http://www.bing.com/bingbot.htm) Chrome/116.0.1938.76 Safari/537.36"
157.55.39.9 - - [21/Jul/2026:07:34:12 -0500] "GET /?detail/236888122 HTTP/1.1" 200 13 "-" "Mozilla/5.0 AppleWebKit/537.36 (KHTML, like Gecko; compatible; bingbot/2.0; +http://www.bing.com/bingbot.htm) Chrome/116.0.1938.76 Safari/537.36"
157.55.39.9 - - [21/Jul/2026:07:34:13 -0500] "GET /?detail/487714406 HTTP/1.1" 200 13 "-" "Mozilla/5.0 AppleWebKit/537.36 (KHTML, like Gecko; compatible; bingbot/2.0; +http://www.bing.com/bingbot.htm) Chrome/116.0.1938.76 Safari/537.36"
103.129.114.216 - - [21/Jul/2026:07:34:15 -0500] "POST /xmlrpc.php HTTP/1.1" 403 89714 "-" "Jetpack by WordPress.com (Jetpack 12.0; WordPress 6.2)"
52.167.144.170 - - [21/Jul/2026:07:34:17 -0500] "GET /?detail/437702048 HTTP/1.1" 200 13 "-" "Mozilla/5.0 AppleWebKit/537.36 (KHTML, like Gecko; compatible; bingbot/2.0; +http://www.bing.com/bingbot.htm) Chrome/116.0.1938.76 Safari/537.36"
52.167.144.170 - - [21/Jul/2026:07:34:17 -0500] "GET /?detail/804375457 HTTP/1.1" 200 13 "-" "Mozilla/5.0 AppleWebKit/537.36 (KHTML, like Gecko; compatible; bingbot/2.0; +http://www.bing.com/bingbot.htm) Chrome/116.0.1938.76 Safari/537.36"
57.141.0.6 - - [21/Jul/2026:07:34:21 -0500] "GET /detail/360885035?fileloc=/home/allsupport/public_html/wp-activate.php&path=/home/allsupport/public_html HTTP/1.1" 200 20913 "-" "Mozilla/5.0 (Windows NT 10.0; Win64; x64) AppleWebKit/537.36 (KHTML, like Gecko) Chrome/145.0.0.0 Safari/537.36 (compatible; meta-externalagent/1.1 (+https://developers.facebook.com/docs/sharing/webmasters/crawler))"
57.141.0.30 - - [21/Jul/2026:07:34:21 -0500] "GET /detail/360885035?path=/home/allsupport/public_html/about-us HTTP/1.1" 200 14544 "-" "Mozilla/5.0 (X11; Linux x86_64) AppleWebKit/537.36 (KHTML, like Gecko) Chrome/145.0.0.0 Safari/537.36 (compatible; meta-externalagent/1.1 (+https://developers.facebook.com/docs/sharing/webmasters/crawler))"
40.77.167.74 - - [21/Jul/2026:07:34:22 -0500] "GET /?detail/884797908 HTTP/1.1" 200 13 "-" "Mozilla/5.0 AppleWebKit/537.36 (KHTML, like Gecko; compatible; bingbot/2.0; +http://www.bing.com/bingbot.htm) Chrome/116.0.1938.76 Safari/537.36"
57.141.0.48 - - [21/Jul/2026:07:34:22 -0500] "GET /detail/360885035?fileloc=/home/allsupport/public_html/wp-config-sample.php&path=/home/allsupport/public_html HTTP/1.1" 200 15935 "-" "Mozilla/5.0 (Windows NT 10.0; Win64; x64) AppleWebKit/537.36 (KHTML, like Gecko) Chrome/145.0.0.0 Safari/537.36 (compatible; meta-externalagent/1.1 (+https://developers.facebook.com/docs/sharing/webmasters/crawler))"
40.77.167.74 - - [21/Jul/2026:07:34:22 -0500] "GET /?detail/612285051 HTTP/1.1" 200 13 "-" "Mozilla/5.0 AppleWebKit/537.36 (KHTML, like Gecko; compatible; bingbot/2.0; +http://www.bing.com/bingbot.htm) Chrome/116.0.1938.76 Safari/537.36"
57.141.0.21 - - [21/Jul/2026:07:34:23 -0500] "GET /detail/360885035?fileloc=/home/allsupport/public_html/item.php&path=/home/allsupport/public_html HTTP/1.1" 200 15053 "-" "Mozilla/5.0 (Windows NT 10.0; Win64; x64) AppleWebKit/537.36 (KHTML, like Gecko) Chrome/142.0.0.0 Safari/537.36 Edg/142.0.0.0 (compatible; meta-externalagent/1.1 (+https://developers.facebook.com/docs/sharing/webmasters/crawler))"
103.129.114.216 - - [21/Jul/2026:07:34:25 -0500] "POST /xmlrpc.php HTTP/1.1" 403 89714 "-" "Jetpack/13.0; WordPress/6.3; http://site51441968.com"
57.141.0.7 - - [21/Jul/2026:07:34:26 -0500] "GET /detail/360885035?fileloc=/home/allsupport/public_html/wp-config.php&path=/home/allsupport/public_html HTTP/1.1" 200 16303 "-" "Mozilla/5.0 (Macintosh; Intel Mac OS X 10_15_7) AppleWebKit/537.36 (KHTML, like Gecko) Chrome/145.0.0.0 Safari/537.36 (compatible; meta-externalagent/1.1 (+https://developers.facebook.com/docs/sharing/webmasters/crawler))"
57.141.0.10 - - [21/Jul/2026:07:34:26 -0500] "GET /detail/360885035?fileloc=/home/allsupport/public_html/product.php&path=/home/allsupport/public_html HTTP/1.1" 200 14620 "-" "Mozilla/5.0 (Windows NT 10.0; Win64; x64) AppleWebKit/537.36 (KHTML, like Gecko) Chrome/145.0.0.0 Safari/537.36 Edg/145.0.0.0 (compatible; meta-externalagent/1.1 (+https://developers.facebook.com/docs/sharing/webmasters/crawler))"
57.141.0.70 - - [21/Jul/2026:07:34:27 -0500] "GET /detail/360885035?fileloc=/home/allsupport/public_html/radio.php&path=/home/allsupport/public_html HTTP/1.1" 200 19733 "-" "Mozilla/5.0 (X11; Linux x86_64) AppleWebKit/537.36 (KHTML, like Gecko) Chrome/145.0.0.0 Safari/537.36 (compatible; meta-externalagent/1.1 (+https://developers.facebook.com/docs/sharing/webmasters/crawler))"
57.141.0.14 - - [21/Jul/2026:07:34:27 -0500] "GET /detail/360885035?fileloc=/home/allsupport/public_html/goods.php&path=/home/allsupport/public_html HTTP/1.1" 200 14187 "-" "Mozilla/5.0 (Macintosh; Intel Mac OS X 10_15_7) AppleWebKit/537.36 (KHTML, like Gecko) Chrome/145.0.0.0 Safari/537.36 (compatible; meta-externalagent/1.1 (+https://developers.facebook.com/docs/sharing/webmasters/crawler))"
57.141.0.52 - - [21/Jul/2026:07:34:28 -0500] "GET /detail/360885035?fileloc=/home/allsupport/public_html/error_log&path=/home/allsupport/public_html HTTP/1.1" 500 14981 "-" "Mozilla/5.0 (X11; Linux x86_64) AppleWebKit/537.36 (KHTML, like Gecko) Chrome/145.0.0.0 Safari/537.36 (compatible; meta-externalagent/1.1 (+https://developers.facebook.com/docs/sharing/webmasters/crawler))"
57.141.0.17 - - [21/Jul/2026:07:34:29 -0500] "GET /detail/360885035?fileloc=/home/allsupport/public_html/ex.php&path=/home/allsupport/public_html HTTP/1.1" 200 19730 "-" "Mozilla/5.0 (Macintosh; Intel Mac OS X 10_15_7) AppleWebKit/537.36 (KHTML, like Gecko) Chrome/145.0.0.0 Safari/537.36 (compatible; meta-externalagent/1.1 (+https://developers.facebook.com/docs/sharing/webmasters/crawler))"
57.141.0.32 - - [21/Jul/2026:07:34:31 -0500] "GET /detail/360885035?path=/home/allsupport/public_html/7abc3 HTTP/1.1" 200 14516 "-" "Mozilla/5.0 (Windows NT 10.0; Win64; x64) AppleWebKit/537.36 (KHTML, like Gecko) Chrome/145.0.0.0 Safari/537.36 (compatible; meta-externalagent/1.1 (+https://developers.facebook.com/docs/sharing/webmasters/crawler))"
57.141.0.30 - - [21/Jul/2026:07:34:31 -0500] "GET /detail/360885035?fileloc=/home/allsupport/public_html/options.php&path=/home/allsupport/public_html HTTP/1.1" 200 14839 "-" "Mozilla/5.0 (Windows NT 10.0; Win64; x64) AppleWebKit/537.36 (KHTML, like Gecko) Chrome/145.0.0.0 Safari/537.36 (compatible; meta-externalagent/1.1 (+https://developers.facebook.com/docs/sharing/webmasters/crawler))"
57.141.0.32 - - [21/Jul/2026:07:34:32 -0500] "GET /detail/360885035?fileloc=/home/allsupport/public_html/license.txt&path=/home/allsupport/public_html HTTP/1.1" 200 32571 "-" "Mozilla/5.0 (Windows NT 10.0; Win64; x64) AppleWebKit/537.36 (KHTML, like Gecko) Chrome/145.0.0.0 Safari/537.36 (compatible; meta-externalagent/1.1 (+https://developers.facebook.com/docs/sharing/webmasters/crawler))"
57.141.0.10 - - [21/Jul/2026:07:34:33 -0500] "GET /detail/360885035?fileloc=/home/allsupport/public_html/atmsd.php&path=/home/allsupport/public_html HTTP/1.1" 200 43144 "-" "Mozilla/5.0 (Windows NT 10.0; Win64; x64) AppleWebKit/537.36 (KHTML, like Gecko) Chrome/145.0.0.0 Safari/537.36 (compatible; meta-externalagent/1.1 (+https://developers.facebook.com/docs/sharing/webmasters/crawler))"
176.33.105.223 - - [21/Jul/2026:07:34:34 -0500] "GET /detail/533441878 HTTP/1.1" 200 89715 "-" "Mozilla/5.0 (Windows NT 10.0; WOW64; rv:134.0) Gecko/20100101 Firefox/134.0"
103.129.114.216 - - [21/Jul/2026:07:34:36 -0500] "POST /xmlrpc.php HTTP/1.1" 403 89715 "-" "Jetpack/12.1; WordPress/6.3; http://site22864190.com"
57.141.0.59 - - [21/Jul/2026:07:34:42 -0500] "GET /detail/293494727?fileloc=/home/allsupport/public_html/wp-links-opml.php&path=/home/allsupport/public_html HTTP/1.1" 200 15364 "-" "Mozilla/5.0 (Windows NT 10.0; Win64; x64) AppleWebKit/537.36 (KHTML, like Gecko) Chrome/145.0.0.0 Safari/537.36 (compatible; meta-externalagent/1.1 (+https://developers.facebook.com/docs/sharing/webmasters/crawler))"
57.141.0.58 - - [21/Jul/2026:07:34:45 -0500] "GET /detail/360885035?path=/home/allsupport/public_html/wp-content HTTP/1.1" 200 53614 "-" "Mozilla/5.0 (Windows NT 10.0; Win64; x64) AppleWebKit/537.36 (KHTML, like Gecko) Chrome/145.0.0.0 Safari/537.36 Edg/145.0.0.0 (compatible; meta-externalagent/1.1 (+https://developers.facebook.com/docs/sharing/webmasters/crawler))"
103.129.114.216 - - [21/Jul/2026:07:34:46 -0500] "POST /xmlrpc.php HTTP/1.1" 403 89715 "-" "Jetpack by WordPress.com (Jetpack 13.0; WordPress 6.2)"
57.141.0.11 - - [21/Jul/2026:07:34:55 -0500] "GET /detail/360885035?fileloc=/home/allsupport/public_html/readme.html&path=/home/allsupport/public_html HTTP/1.1" 200 21870 "-" "Mozilla/5.0 (Windows NT 10.0; Win64; x64) AppleWebKit/537.36 (KHTML, like Gecko) Chrome/145.0.0.0 Safari/537.36 (compatible; meta-externalagent/1.1 (+https://developers.facebook.com/docs/sharing/webmasters/crawler))"
103.129.114.216 - - [21/Jul/2026:07:34:57 -0500] "POST /xmlrpc.php HTTP/1.1" 403 89715 "-" "Jetpack by WordPress.com (Jetpack 12.0; WordPress 6.1)"
114.119.159.26 - - [21/Jul/2026:07:34:57 -0500] "GET /detail/895899773?fileloc=/home/allsupport/public_html/goods.php&path=/home/allsupport/public_html HTTP/1.1" 200 14187 "https://karenhowellthebaker.com/detail/895899773" "Mozilla/5.0 (Linux; Android 7.0;) AppleWebKit/537.36 (HTML, like Gecko) Mobile Safari/537.36 (compatible; PetalBot;+https://webmaster.petalsearch.com/site/petalbot)"
165.165.117.225 - - [21/Jul/2026:07:34:59 -0500] "GET /detail/536977591 HTTP/1.1" 200 89715 "-" "Mozilla/5.0 (Macintosh; Intel Mac OS X 14_2_0) AppleWebKit/537.36 (KHTML, like Gecko) Chrome/126.0.6478.182 Safari/537.36"
57.141.0.54 - - [21/Jul/2026:07:35:02 -0500] "GET /detail/360885035?path=/home HTTP/1.1" 200 12844 "-" "Mozilla/5.0 (Windows NT 10.0; Win64; x64) AppleWebKit/537.36 (KHTML, like Gecko) Chrome/145.0.0.0 Safari/537.36 (compatible; meta-externalagent/1.1 (+https://developers.facebook.com/docs/sharing/webmasters/crawler))"
57.141.0.14 - - [21/Jul/2026:07:35:04 -0500] "GET /detail/360885035?path=/home/allsupport/public_html HTTP/1.1" 200 89715 "-" "Mozilla/5.0 (Windows NT 10.0; Win64; x64) AppleWebKit/537.36 (KHTML, like Gecko) Chrome/145.0.0.0 Safari/537.36 (compatible; meta-externalagent/1.1 (+https://developers.facebook.com/docs/sharing/webmasters/crawler))"
57.141.0.39 - - [21/Jul/2026:07:35:06 -0500] "GET /detail/360885035?fileloc=/home/allsupport/public_html/wp-content/index.php-old&path=/home/allsupport/public_html/wp-content HTTP/1.1" 200 12679 "-" "Mozilla/5.0 (Macintosh; Intel Mac OS X 10_15_7) AppleWebKit/537.36 (KHTML, like Gecko) Chrome/145.0.0.0 Safari/537.36 (compatible; meta-externalagent/1.1 (+https://developers.facebook.com/docs/sharing/webmasters/crawler))"
57.141.0.61 - - [21/Jul/2026:07:35:07 -0500] "GET /detail/360885035?path=/home/allsupport/public_html/wp-content/upgrade-temp-backup-old HTTP/1.1" 200 13132 "-" "Mozilla/5.0 (Macintosh; Intel Mac OS X 10_15_7) AppleWebKit/537.36 (KHTML, like Gecko) Chrome/145.0.0.0 Safari/537.36 (compatible; meta-externalagent/1.1 (+https://developers.facebook.com/docs/sharing/webmasters/crawler))"
103.129.114.216 - - [21/Jul/2026:07:35:07 -0500] "POST /xmlrpc.php HTTP/1.1" 403 89715 "-" "Jetpack by WordPress.com"
66.249.68.37 - - [21/Jul/2026:07:35:12 -0500] "GET /detail/393667091 HTTP/1.1" 200 61838 "-" "Mozilla/5.0 (Linux; Android 6.0.1; Nexus 5X Build/MMB29P) AppleWebKit/537.36 (KHTML, like Gecko) Chrome/150.0.7871.128 Mobile Safari/537.36 (compatible; Googlebot/2.1; +http://www.google.com/bot.html)"
57.141.0.50 - - [21/Jul/2026:07:35:15 -0500] "GET /detail/88130403?path=/home/allsupport/public_html/wp-content HTTP/1.1" 200 53614 "-" "Mozilla/5.0 (Macintosh; Intel Mac OS X 10_15_7) AppleWebKit/537.36 (KHTML, like Gecko) Chrome/145.0.0.0 Safari/537.36 (compatible; meta-externalagent/1.1 (+https://developers.facebook.com/docs/sharing/webmasters/crawler))"
66.249.68.36 - - [21/Jul/2026:07:35:13 -0500] "GET /goods.php?products/415135379 HTTP/1.1" 200 61759 "-" "Mozilla/5.0 (Linux; Android 6.0.1; Nexus 5X Build/MMB29P) AppleWebKit/537.36 (KHTML, like Gecko) Chrome/150.0.7871.128 Mobile Safari/537.36 (compatible; Googlebot/2.1; +http://www.google.com/bot.html)"
103.129.114.216 - - [21/Jul/2026:07:35:18 -0500] "POST /xmlrpc.php HTTP/1.1" 403 89715 "-" "Jetpack by WordPress.com (Jetpack 12.1; WordPress 6.1)"
66.249.68.36 - - [21/Jul/2026:07:35:18 -0500] "GET /shop.php?items/M5422370 HTTP/1.1" 200 - "-" "Mozilla/5.0 (Linux; Android 6.0.1; Nexus 5X Build/MMB29P) AppleWebKit/537.36 (KHTML, like Gecko) Chrome/150.0.7871.128 Mobile Safari/537.36 (compatible; Googlebot/2.1; +http://www.google.com/bot.html)"
66.249.68.37 - - [21/Jul/2026:07:35:19 -0500] "GET /detail/838079750 HTTP/1.1" 200 62304 "-" "Mozilla/5.0 (Linux; Android 6.0.1; Nexus 5X Build/MMB29P) AppleWebKit/537.36 (KHTML, like Gecko) Chrome/150.0.7871.128 Mobile Safari/537.36 (compatible; Googlebot/2.1; +http://www.google.com/bot.html)"
207.46.13.87 - - [21/Jul/2026:07:35:20 -0500] "GET /detail/247927606 HTTP/1.1" 200 13 "-" "Mozilla/5.0 AppleWebKit/537.36 (KHTML, like Gecko; compatible; bingbot/2.0; +http://www.bing.com/bingbot.htm) Chrome/116.0.1938.76 Safari/537.36"
57.141.0.18 - - [21/Jul/2026:07:35:22 -0500] "GET /detail/111247986?fileloc=/home/allsupport/public_html/error_log&path=/home/allsupport/public_html HTTP/1.1" 500 14981 "-" "Mozilla/5.0 (Windows NT 10.0; Win64; x64) AppleWebKit/537.36 (KHTML, like Gecko) Chrome/145.0.0.0 Safari/537.36 (compatible; meta-externalagent/1.1 (+https://developers.facebook.com/docs/sharing/webmasters/crawler))"
103.84.59.255 - - [21/Jul/2026:07:35:25 -0500] "GET /detail/544986406 HTTP/1.1" 200 89715 "-" "Mozilla/5.0 (Macintosh; Intel Mac OS X 13.4; rv:125.0) Gecko/20100101 Firefox/125.0"
57.141.0.30 - - [21/Jul/2026:07:35:27 -0500] "GET /detail/491481459?fileloc=//lib64/libgnutls.so.30.40.4&path=//lib64 HTTP/1.1" 200 12446 "-" "Mozilla/5.0 (Macintosh; Intel Mac OS X 10_15_7) AppleWebKit/537.36 (KHTML, like Gecko) Chrome/145.0.0.0 Safari/537.36 (compatible; meta-externalagent/1.1 (+https://developers.facebook.com/docs/sharing/webmasters/crawler))"
57.141.0.6 - - [21/Jul/2026:07:35:27 -0500] "GET /detail/491481459?fileloc=//lib64/libprocps.so.8.0.3&path=//lib64 HTTP/1.1" 200 12444 "-" "Mozilla/5.0 (Windows NT 10.0; Win64; x64) AppleWebKit/537.36 (KHTML, like Gecko) Chrome/145.0.0.0 Safari/537.36 (compatible; meta-externalagent/1.1 (+https://developers.facebook.com/docs/sharing/webmasters/crawler))"
103.129.114.216 - - [21/Jul/2026:07:35:28 -0500] "POST /xmlrpc.php HTTP/1.1" 403 89715 "-" "Jetpack/12.0; WordPress/6.1; http://site20554016.com"
57.141.0.20 - - [21/Jul/2026:07:35:30 -0500] "GET /detail/360885035?path=/home/allsupport/public_html/wp-content/themes HTTP/1.1" 200 30528 "-" "Mozilla/5.0 (Macintosh; Intel Mac OS X 10_15_7) AppleWebKit/537.36 (KHTML, like Gecko) Chrome/145.0.0.0 Safari/537.36 (compatible; meta-externalagent/1.1 (+https://developers.facebook.com/docs/sharing/webmasters/crawler))"
57.141.0.52 - - [21/Jul/2026:07:35:31 -0500] "GET /detail/141598202?fileloc=//lib64/libxcb-screensaver.so.0&path=//lib64 HTTP/1.1" 200 12449 "-" "Mozilla/5.0 (Windows NT 10.0; Win64; x64) AppleWebKit/537.36 (KHTML, like Gecko) Chrome/145.0.0.0 Safari/537.36 (compatible; meta-externalagent/1.1 (+https://developers.facebook.com/docs/sharing/webmasters/crawler))"
57.141.0.35 - - [21/Jul/2026:07:35:32 -0500] "GET /detail/88130403?fileloc=/home/allsupport/public_html/index.php&path=/home/allsupport/public_html HTTP/1.1" 200 26835 "-" "Mozilla/5.0 (Windows NT 10.0; Win64; x64) AppleWebKit/537.36 (KHTML, like Gecko) Chrome/145.0.0.0 Safari/537.36 (compatible; meta-externalagent/1.1 (+https://developers.facebook.com/docs/sharing/webmasters/crawler))"
57.141.0.52 - - [21/Jul/2026:07:35:32 -0500] "GET /detail/804992779?fileloc=/home/allsupport/public_html/index.php&path=/home/allsupport/public_html HTTP/1.1" 200 26835 "-" "Mozilla/5.0 (Macintosh; Intel Mac OS X 10_15_7) AppleWebKit/537.36 (KHTML, like Gecko) Chrome/145.0.0.0 Safari/537.36 (compatible; meta-externalagent/1.1 (+https://developers.facebook.com/docs/sharing/webmasters/crawler))"
103.129.114.216 - - [21/Jul/2026:07:35:39 -0500] "POST /xmlrpc.php HTTP/1.1" 403 89715 "-" "WordPress.com; https://wordpress.com"
157.55.39.9 - - [21/Jul/2026:07:35:40 -0500] "GET /?detail/653915964 HTTP/1.1" 200 13 "-" "Mozilla/5.0 AppleWebKit/537.36 (KHTML, like Gecko; compatible; bingbot/2.0; +http://www.bing.com/bingbot.htm) Chrome/116.0.1938.76 Safari/537.36"
157.55.39.9 - - [21/Jul/2026:07:35:41 -0500] "GET /?detail/675614781 HTTP/1.1" 200 13 "-" "Mozilla/5.0 AppleWebKit/537.36 (KHTML, like Gecko; compatible; bingbot/2.0; +http://www.bing.com/bingbot.htm) Chrome/116.0.1938.76 Safari/537.36"
40.77.167.74 - - [21/Jul/2026:07:35:44 -0500] "GET /?detail/153299095 HTTP/1.1" 200 13 "-" "Mozilla/5.0 AppleWebKit/537.36 (KHTML, like Gecko; compatible; bingbot/2.0; +http://www.bing.com/bingbot.htm) Chrome/116.0.1938.76 Safari/537.36"
40.77.167.74 - - [21/Jul/2026:07:35:44 -0500] "GET /?detail/895346894 HTTP/1.1" 200 13 "-" "Mozilla/5.0 AppleWebKit/537.36 (KHTML, like Gecko; compatible; bingbot/2.0; +http://www.bing.com/bingbot.htm) Chrome/116.0.1938.76 Safari/537.36"
40.77.167.74 - - [21/Jul/2026:07:35:44 -0500] "GET /?detail/744529359 HTTP/1.1" 200 13 "-" "Mozilla/5.0 AppleWebKit/537.36 (KHTML, like Gecko; compatible; bingbot/2.0; +http://www.bing.com/bingbot.htm) Chrome/116.0.1938.76 Safari/537.36"
202.76.168.70 - - [21/Jul/2026:07:35:45 -0500] "GET /detail/550099003 HTTP/1.1" 200 89715 "-" "Mozilla/5.0 (Macintosh; Intel Mac OS X 12_6_0) AppleWebKit/537.36 (KHTML, like Gecko) Chrome/129.0.6668.58 Safari/537.36"
103.129.114.216 - - [21/Jul/2026:07:35:49 -0500] "POST /xmlrpc.php HTTP/1.1" 403 89715 "-" "Jetpack by WordPress.com (Jetpack 12.0; WordPress 6.3)"
52.167.144.170 - - [21/Jul/2026:07:35:49 -0500] "GET /?detail/573168681 HTTP/1.1" 200 13 "-" "Mozilla/5.0 AppleWebKit/537.36 (KHTML, like Gecko; compatible; bingbot/2.0; +http://www.bing.com/bingbot.htm) Chrome/116.0.1938.76 Safari/537.36"
52.167.144.170 - - [21/Jul/2026:07:35:50 -0500] "GET /?detail/35695673 HTTP/1.1" 200 13 "-" "Mozilla/5.0 AppleWebKit/537.36 (KHTML, like Gecko; compatible; bingbot/2.0; +http://www.bing.com/bingbot.htm) Chrome/116.0.1938.76 Safari/537.36"
52.167.144.170 - - [21/Jul/2026:07:35:50 -0500] "GET /?detail/495252528 HTTP/1.1" 200 13 "-" "Mozilla/5.0 AppleWebKit/537.36 (KHTML, like Gecko; compatible; bingbot/2.0; +http://www.bing.com/bingbot.htm) Chrome/116.0.1938.76 Safari/537.36"
52.167.144.170 - - [21/Jul/2026:07:35:50 -0500] "GET /?detail/458905533 HTTP/1.1" 200 13 "-" "Mozilla/5.0 AppleWebKit/537.36 (KHTML, like Gecko; compatible; bingbot/2.0; +http://www.bing.com/bingbot.htm) Chrome/116.0.1938.76 Safari/537.36"
40.77.167.74 - - [21/Jul/2026:07:35:53 -0500] "GET /?detail/420140389 HTTP/1.1" 200 13 "-" "Mozilla/5.0 AppleWebKit/537.36 (KHTML, like Gecko; compatible; bingbot/2.0; +http://www.bing.com/bingbot.htm) Chrome/116.0.1938.76 Safari/537.36"
157.55.39.9 - - [21/Jul/2026:07:35:55 -0500] "GET /?detail/389478912 HTTP/1.1" 200 13 "-" "Mozilla/5.0 AppleWebKit/537.36 (KHTML, like Gecko; compatible; bingbot/2.0; +http://www.bing.com/bingbot.htm) Chrome/116.0.1938.76 Safari/537.36"
157.55.39.9 - - [21/Jul/2026:07:35:55 -0500] "GET /?detail/616168158 HTTP/1.1" 200 13 "-" "Mozilla/5.0 AppleWebKit/537.36 (KHTML, like Gecko; compatible; bingbot/2.0; +http://www.bing.com/bingbot.htm) Chrome/116.0.1938.76 Safari/537.36"
157.55.39.9 - - [21/Jul/2026:07:35:55 -0500] "GET /detail/223491901 HTTP/1.1" 200 13 "-" "Mozilla/5.0 AppleWebKit/537.36 (KHTML, like Gecko; compatible; bingbot/2.0; +http://www.bing.com/bingbot.htm) Chrome/116.0.1938.76 Safari/537.36"
157.55.39.9 - - [21/Jul/2026:07:35:55 -0500] "GET /?detail/645589771 HTTP/1.1" 200 13 "-" "Mozilla/5.0 AppleWebKit/537.36 (KHTML, like Gecko; compatible; bingbot/2.0; +http://www.bing.com/bingbot.htm) Chrome/116.0.1938.76 Safari/537.36"
157.55.39.9 - - [21/Jul/2026:07:35:56 -0500] "GET /?detail/231815238 HTTP/1.1" 200 13 "-" "Mozilla/5.0 AppleWebKit/537.36 (KHTML, like Gecko; compatible; bingbot/2.0; +http://www.bing.com/bingbot.htm) Chrome/116.0.1938.76 Safari/537.36"
57.141.0.59 - - [21/Jul/2026:07:35:59 -0500] "GET /detail/954625525?fileloc=/home/allsupport/public_html/wp-slgnup.gz&path=/home/allsupport/public_html HTTP/1.1" 200 12565 "-" "Mozilla/5.0 (Windows NT 10.0; Win64; x64) AppleWebKit/537.36 (KHTML, like Gecko) Chrome/145.0.0.0 Safari/537.36 (compatible; meta-externalagent/1.1 (+https://developers.facebook.com/docs/sharing/webmasters/crawler))"
103.129.114.216 - - [21/Jul/2026:07:35:59 -0500] "POST /xmlrpc.php HTTP/1.1" 403 89715 "-" "Jetpack by WordPress.com"
40.77.167.74 - - [21/Jul/2026:07:36:04 -0500] "GET /?detail/653688505 HTTP/1.1" 200 13 "-" "Mozilla/5.0 AppleWebKit/537.36 (KHTML, like Gecko; compatible; bingbot/2.0; +http://www.bing.com/bingbot.htm) Chrome/116.0.1938.76 Safari/537.36"
40.77.167.74 - - [21/Jul/2026:07:36:04 -0500] "GET /?detail/851606196 HTTP/1.1" 200 13 "-" "Mozilla/5.0 AppleWebKit/537.36 (KHTML, like Gecko; compatible; bingbot/2.0; +http://www.bing.com/bingbot.htm) Chrome/116.0.1938.76 Safari/537.36"
40.77.167.74 - - [21/Jul/2026:07:36:04 -0500] "GET /?detail/377497957 HTTP/1.1" 200 13 "-" "Mozilla/5.0 AppleWebKit/537.36 (KHTML, like Gecko; compatible; bingbot/2.0; +http://www.bing.com/bingbot.htm) Chrome/116.0.1938.76 Safari/537.36"
40.77.167.74 - - [21/Jul/2026:07:36:04 -0500] "GET /?detail/315909637 HTTP/1.1" 200 13 "-" "Mozilla/5.0 AppleWebKit/537.36 (KHTML, like Gecko; compatible; bingbot/2.0; +http://www.bing.com/bingbot.htm) Chrome/116.0.1938.76 Safari/537.36"
114.119.139.220 - - [21/Jul/2026:07:36:05 -0500] "GET /detail/705543598?fileloc=/home/allsupport/public_html/goods.php&path=/home/allsupport/public_html HTTP/1.1" 200 14187 "https://karenhowellthebaker.com/detail/705543598" "Mozilla/5.0 (Linux; Android 7.0;) AppleWebKit/537.36 (HTML, like Gecko) Mobile Safari/537.36 (compatible; PetalBot;+https://webmaster.petalsearch.com/site/petalbot)"
57.141.0.5 - - [21/Jul/2026:07:36:08 -0500] "GET /detail/435932235?fileloc=/home/allsupport/public_html/robots.txt&path=/home/allsupport/public_html HTTP/1.1" 200 277 "-" "Mozilla/5.0 (Windows NT 10.0; Win64; x64) AppleWebKit/537.36 (KHTML, like Gecko) Chrome/145.0.0.0 Safari/537.36 Edg/145.0.0.0 (compatible; meta-externalagent/1.1 (+https://developers.facebook.com/docs/sharing/webmasters/crawler))"
52.167.144.170 - - [21/Jul/2026:07:36:08 -0500] "GET /?detail/616260272 HTTP/1.1" 200 13 "-" "Mozilla/5.0 AppleWebKit/537.36 (KHTML, like Gecko; compatible; bingbot/2.0; +http://www.bing.com/bingbot.htm) Chrome/116.0.1938.76 Safari/537.36"
52.167.144.170 - - [21/Jul/2026:07:36:09 -0500] "GET /?detail/282064744 HTTP/1.1" 200 13 "-" "Mozilla/5.0 AppleWebKit/537.36 (KHTML, like Gecko; compatible; bingbot/2.0; +http://www.bing.com/bingbot.htm) Chrome/116.0.1938.76 Safari/537.36"
52.167.144.170 - - [21/Jul/2026:07:36:09 -0500] "GET /?detail/120582876 HTTP/1.1" 200 13 "-" "Mozilla/5.0 AppleWebKit/537.36 (KHTML, like Gecko; compatible; bingbot/2.0; +http://www.bing.com/bingbot.htm) Chrome/116.0.1938.76 Safari/537.36"
52.167.144.170 - - [21/Jul/2026:07:36:09 -0500] "GET /?detail/433770365 HTTP/1.1" 200 13 "-" "Mozilla/5.0 AppleWebKit/537.36 (KHTML, like Gecko; compatible; bingbot/2.0; +http://www.bing.com/bingbot.htm) Chrome/116.0.1938.76 Safari/537.36"
