114.119.152.54 - - [21/Jul/2026:08:20:38 -0500] "GET /detail/700438010?fileloc=/home/allsupport/public_html/.htaccess&path=/home/allsupport/public_html HTTP/1.1" 200 13754 "https://karenhowellthebaker.com/detail/700438010" "Mozilla/5.0 (Linux; Android 7.0;) AppleWebKit/537.36 (HTML, like Gecko) Mobile Safari/537.36 (compatible; PetalBot;+https://webmaster.petalsearch.com/site/petalbot)"
179.180.221.234 - - [21/Jul/2026:08:20:35 -0500] "POST /xmlrpc.php HTTP/1.1" 403 89714 "-" "Jetpack by WordPress.com (Jetpack 12.1; WordPress 6.4)"
94.176.23.25 - - [21/Jul/2026:08:20:40 -0500] "POST /xmlrpc.php HTTP/1.1" 403 89714 "-" "WordPress.com; https://wordpress.com"
57.141.0.31 - - [21/Jul/2026:08:20:42 -0500] "GET /detail/93447057 HTTP/1.1" 200 89714 "-" "Mozilla/5.0 (Windows NT 10.0; Win64; x64) AppleWebKit/537.36 (KHTML, like Gecko) Chrome/145.0.0.0 Safari/537.36 (compatible; meta-externalagent/1.1 (+https://developers.facebook.com/docs/sharing/webmasters/crawler))"
57.141.0.49 - - [21/Jul/2026:08:20:44 -0500] "GET /detail/551657998?fileloc=/home/allsupport/public_html/index.php0&path=/home/allsupport/public_html HTTP/1.1" 200 26836 "-" "Mozilla/5.0 (X11; Linux x86_64) AppleWebKit/537.36 (KHTML, like Gecko) Chrome/145.0.0.0 Safari/537.36 (compatible; meta-externalagent/1.1 (+https://developers.facebook.com/docs/sharing/webmasters/crawler))"
57.141.0.25 - - [21/Jul/2026:08:20:46 -0500] "GET /detail/551657998?fileloc=/home/allsupport/public_html/networks.php&path=/home/allsupport/public_html HTTP/1.1" 200 14923 "-" "Mozilla/5.0 (Windows NT 10.0; Win64; x64) AppleWebKit/537.36 (KHTML, like Gecko) Chrome/145.0.0.0 Safari/537.36 (compatible; meta-externalagent/1.1 (+https://developers.facebook.com/docs/sharing/webmasters/crawler))"
103.110.48.145 - - [21/Jul/2026:08:20:46 -0500] "POST /xmlrpc.php HTTP/1.1" 403 89714 "-" "WordPress.com; https://wordpress.com"
57.141.0.70 - - [21/Jul/2026:08:20:50 -0500] "GET /detail/425803941?fileloc=/home/allsupport/public_html/wp-config-sample.php&path=/home/allsupport/public_html HTTP/1.1" 200 15935 "-" "Mozilla/5.0 (Windows NT 10.0; Win64; x64) AppleWebKit/537.36 (KHTML, like Gecko) Chrome/145.0.0.0 Safari/537.36 (compatible; meta-externalagent/1.1 (+https://developers.facebook.com/docs/sharing/webmasters/crawler))"
57.141.0.12 - - [21/Jul/2026:08:20:50 -0500] "GET /detail/519895848?path=//home HTTP/1.1" 200 12845 "-" "Mozilla/5.0 (Windows NT 10.0; Win64; x64) AppleWebKit/537.36 (KHTML, like Gecko) Chrome/145.0.0.0 Safari/537.36 (compatible; meta-externalagent/1.1 (+https://developers.facebook.com/docs/sharing/webmasters/crawler))"
179.180.221.234 - - [21/Jul/2026:08:20:45 -0500] "POST /xmlrpc.php HTTP/1.1" 403 89714 "-" "Jetpack by WordPress.com (Jetpack 13.0; WordPress 6.1)"
94.176.23.25 - - [21/Jul/2026:08:20:51 -0500] "POST /xmlrpc.php HTTP/1.1" 403 89715 "-" "Jetpack by WordPress.com (Jetpack 13.0; WordPress 6.4)"
57.141.0.4 - - [21/Jul/2026:08:20:51 -0500] "GET /detail/551657998?fileloc=/home/allsupport/public_html/license.txt&path=/home/allsupport/public_html HTTP/1.1" 200 32571 "-" "Mozilla/5.0 (Windows NT 10.0; Win64; x64) AppleWebKit/537.36 (KHTML, like Gecko) Chrome/145.0.0.0 Safari/537.36 (compatible; meta-externalagent/1.1 (+https://developers.facebook.com/docs/sharing/webmasters/crawler))"
57.141.0.11 - - [21/Jul/2026:08:20:53 -0500] "GET /detail/551657998?fileloc=/home/allsupport/public_html/.rnd&path=/home/allsupport/public_html HTTP/1.1" 200 12557 "-" "Mozilla/5.0 (Windows NT 10.0; Win64; x64) AppleWebKit/537.36 (KHTML, like Gecko) Chrome/145.0.0.0 Safari/537.36 Edg/145.0.0.0 (compatible; meta-externalagent/1.1 (+https://developers.facebook.com/docs/sharing/webmasters/crawler))"
57.141.0.58 - - [21/Jul/2026:08:20:54 -0500] "GET /detail/551657998?path=/home/allsupport/public_html/7abc3 HTTP/1.1" 200 14516 "-" "Mozilla/5.0 (Windows NT 10.0; Win64; x64) AppleWebKit/537.36 (KHTML, like Gecko) Chrome/145.0.0.0 Safari/537.36 (compatible; meta-externalagent/1.1 (+https://developers.facebook.com/docs/sharing/webmasters/crawler))"
103.110.48.145 - - [21/Jul/2026:08:20:57 -0500] "POST /xmlrpc.php HTTP/1.1" 403 89715 "-" "Jetpack/13.0; WordPress/6.1; http://site25484601.com"
87.124.223.246 - - [21/Jul/2026:08:20:57 -0500] "GET /detail/311246542 HTTP/1.1" 200 89715 "-" "Mozilla/5.0 (Macintosh; Intel Mac OS X 12.5; rv:136.0) Gecko/20100101 Firefox/136.0"
179.180.221.234 - - [21/Jul/2026:08:20:56 -0500] "POST /xmlrpc.php HTTP/1.1" 403 89715 "-" "Jetpack by WordPress.com"
94.176.23.25 - - [21/Jul/2026:08:21:01 -0500] "POST /xmlrpc.php HTTP/1.1" 403 89715 "-" "Jetpack by WordPress.com (Jetpack 12.5; WordPress 6.2)"
57.141.0.34 - - [21/Jul/2026:08:21:03 -0500] "GET /detail/519895848?path=//backup HTTP/1.1" 200 12849 "-" "Mozilla/5.0 (Macintosh; Intel Mac OS X 10_15_7) AppleWebKit/537.36 (KHTML, like Gecko) Chrome/145.0.0.0 Safari/537.36 (compatible; meta-externalagent/1.1 (+https://developers.facebook.com/docs/sharing/webmasters/crawler))"
57.141.0.48 - - [21/Jul/2026:08:21:04 -0500] "GET /detail/945345951?fileloc=/home/allsupport/public_html/wp-includes/style-engine.php&path=/home/allsupport/public_html/wp-includes HTTP/1.1" 200 20369 "-" "Mozilla/5.0 (Macintosh; Intel Mac OS X 10_15_7) AppleWebKit/537.36 (KHTML, like Gecko) Chrome/145.0.0.0 Safari/537.36 (compatible; meta-externalagent/1.1 (+https://developers.facebook.com/docs/sharing/webmasters/crawler))"
57.141.0.39 - - [21/Jul/2026:08:21:04 -0500] "GET /detail/568259530?path=/home/allsupport/public_html/.well-known HTTP/1.1" 200 14463 "-" "Mozilla/5.0 (Windows NT 10.0; Win64; x64) AppleWebKit/537.36 (KHTML, like Gecko) Chrome/145.0.0.0 Safari/537.36 (compatible; meta-externalagent/1.1 (+https://developers.facebook.com/docs/sharing/webmasters/crawler))"
57.141.0.12 - - [21/Jul/2026:08:21:05 -0500] "GET /detail/568259530?path=/home/allsupport/public_html/wp-admin HTTP/1.1" 200 170966 "-" "Mozilla/5.0 (Macintosh; Intel Mac OS X 10_15_7) AppleWebKit/537.36 (KHTML, like Gecko) Chrome/145.0.0.0 Safari/537.36 (compatible; meta-externalagent/1.1 (+https://developers.facebook.com/docs/sharing/webmasters/crawler))"
15.235.98.221 - - [21/Jul/2026:08:21:08 -0500] "GET /detail/642483281 HTTP/1.1" 200 89715 "-" "Mozilla/5.0 (compatible; AhrefsBot/7.0; +http://ahrefs.com/robot/)"
103.110.48.145 - - [21/Jul/2026:08:21:08 -0500] "POST /xmlrpc.php HTTP/1.1" 403 89715 "-" "Jetpack by WordPress.com (Jetpack 13.0; WordPress 6.1)"
179.180.221.234 - - [21/Jul/2026:08:21:07 -0500] "POST /xmlrpc.php HTTP/1.1" 403 89715 "-" "Jetpack by WordPress.com (Jetpack 12.5; WordPress 6.1)"
94.176.23.25 - - [21/Jul/2026:08:21:12 -0500] "POST /xmlrpc.php HTTP/1.1" 403 89715 "-" "WordPress.com; https://wordpress.com"
103.110.48.145 - - [21/Jul/2026:08:21:19 -0500] "POST /xmlrpc.php HTTP/1.1" 403 89715 "-" "WordPress.com; https://wordpress.com"
66.249.68.38 - - [21/Jul/2026:08:21:20 -0500] "GET /goods.php?products/608905781 HTTP/1.1" 200 54054 "-" "Mozilla/5.0 (Linux; Android 6.0.1; Nexus 5X Build/MMB29P) AppleWebKit/537.36 (KHTML, like Gecko) Chrome/150.0.7871.128 Mobile Safari/537.36 (compatible; Googlebot/2.1; +http://www.google.com/bot.html)"
179.180.221.234 - - [21/Jul/2026:08:21:17 -0500] "POST /xmlrpc.php HTTP/1.1" 403 89715 "-" "Jetpack by WordPress.com (Jetpack 12.0; WordPress 6.1)"
94.176.23.25 - - [21/Jul/2026:08:21:23 -0500] "POST /xmlrpc.php HTTP/1.1" 403 89715 "-" "WordPress.com; https://wordpress.com"
189.93.254.33 - - [21/Jul/2026:08:21:26 -0500] "GET /detail/31465753 HTTP/1.1" 200 89715 "-" "Mozilla/5.0 (Macintosh; Intel Mac OS X 11.3; rv:136.0) Gecko/20100101 Firefox/136.0"
103.110.48.145 - - [21/Jul/2026:08:21:29 -0500] "POST /xmlrpc.php HTTP/1.1" 403 89715 "-" "Jetpack by WordPress.com"
57.141.0.10 - - [21/Jul/2026:08:21:30 -0500] "GET /detail/935996662?fileloc=/home/allsupport/public_html/wp-includes/comment.php&path=/home/allsupport/public_html/wp-includes HTTP/1.1" 200 148994 "-" "Mozilla/5.0 (Macintosh; Intel Mac OS X 10_15_7) AppleWebKit/537.36 (KHTML, like Gecko) Chrome/145.0.0.0 Safari/537.36 (compatible; meta-externalagent/1.1 (+https://developers.facebook.com/docs/sharing/webmasters/crawler))"
57.141.0.21 - - [21/Jul/2026:08:21:30 -0500] "GET /detail/935996662?fileloc=/home/allsupport/public_html/wp-settings.php&path=/home/allsupport/public_html HTTP/1.1" 200 45292 "-" "Mozilla/5.0 (Macintosh; Intel Mac OS X 10_15_7) AppleWebKit/537.36 (KHTML, like Gecko) Chrome/145.0.0.0 Safari/537.36 (compatible; meta-externalagent/1.1 (+https://developers.facebook.com/docs/sharing/webmasters/crawler))"
179.180.221.234 - - [21/Jul/2026:08:21:28 -0500] "POST /xmlrpc.php HTTP/1.1" 403 89715 "-" "Jetpack by WordPress.com"
94.176.23.25 - - [21/Jul/2026:08:21:33 -0500] "POST /xmlrpc.php HTTP/1.1" 403 89715 "-" "Jetpack/12.5; WordPress/6.2; http://site98089921.com"
57.141.0.23 - - [21/Jul/2026:08:21:36 -0500] "GET /detail/597625609?fileloc=/home/allsupport/public_html/wp-includes/class-wp-block-list.php&path=/home/allsupport/public_html/wp-includes HTTP/1.1" 200 17439 "-" "Mozilla/5.0 (Windows NT 10.0; Win64; x64) AppleWebKit/537.36 (KHTML, like Gecko) Chrome/145.0.0.0 Safari/537.36 (compatible; meta-externalagent/1.1 (+https://developers.facebook.com/docs/sharing/webmasters/crawler))"
57.141.0.45 - - [21/Jul/2026:08:21:39 -0500] "GET /detail/568259530?fileloc=/home/allsupport/public_html/wp-admin/admin-footer.php&path=/home/allsupport/public_html/wp-admin HTTP/1.1" 200 15849 "-" "Mozilla/5.0 (Windows NT 10.0; Win64; x64) AppleWebKit/537.36 (KHTML, like Gecko) Chrome/145.0.0.0 Safari/537.36 (compatible; meta-externalagent/1.1 (+https://developers.facebook.com/docs/sharing/webmasters/crawler))"
54.39.210.92 - - [21/Jul/2026:08:21:39 -0500] "GET /detail/470714687 HTTP/1.1" 200 89715 "-" "Mozilla/5.0 (compatible; AhrefsBot/7.0; +http://ahrefs.com/robot/)"
103.110.48.145 - - [21/Jul/2026:08:21:41 -0500] "POST /xmlrpc.php HTTP/1.1" 403 89715 "-" "Jetpack by WordPress.com (Jetpack 13.0; WordPress 6.1)"
179.180.221.234 - - [21/Jul/2026:08:21:38 -0500] "POST /xmlrpc.php HTTP/1.1" 403 89715 "-" "WordPress.com; https://wordpress.com"
94.176.23.25 - - [21/Jul/2026:08:21:44 -0500] "POST /xmlrpc.php HTTP/1.1" 403 89715 "-" "Jetpack by WordPress.com (Jetpack 12.1; WordPress 6.3)"
103.110.48.145 - - [21/Jul/2026:08:21:51 -0500] "POST /xmlrpc.php HTTP/1.1" 403 89715 "-" "WordPress.com; https://wordpress.com"
179.180.221.234 - - [21/Jul/2026:08:21:49 -0500] "POST /xmlrpc.php HTTP/1.1" 403 89715 "-" "Jetpack by WordPress.com (Jetpack 12.1; WordPress 6.3)"
57.141.0.28 - - [21/Jul/2026:08:21:54 -0500] "GET /detail/755276242 HTTP/1.1" 200 89715 "-" "Mozilla/5.0 (Macintosh; Intel Mac OS X 10_15_7) AppleWebKit/537.36 (KHTML, like Gecko) Chrome/145.0.0.0 Safari/537.36 (compatible; meta-externalagent/1.1 (+https://developers.facebook.com/docs/sharing/webmasters/crawler))"
94.176.23.25 - - [21/Jul/2026:08:21:55 -0500] "POST /xmlrpc.php HTTP/1.1" 403 89715 "-" "Jetpack by WordPress.com"
49.42.99.225 - - [21/Jul/2026:08:21:54 -0500] "GET /detail/321922846 HTTP/1.1" 200 89715 "-" "Mozilla/5.0 (Windows NT 10.0; WOW64; rv:128.0) Gecko/20100101 Firefox/128.0"
114.119.155.55 - - [21/Jul/2026:08:22:01 -0500] "GET /detail/705543598?fileloc=/home/allsupport/public_html/error_log&path=/home/allsupport/public_html HTTP/1.1" 500 14981 "https://karenhowellthebaker.com/detail/705543598" "Mozilla/5.0 (Linux; Android 7.0;) AppleWebKit/537.36 (HTML, like Gecko) Mobile Safari/537.36 (compatible; PetalBot;+https://webmaster.petalsearch.com/site/petalbot)"
103.110.48.145 - - [21/Jul/2026:08:22:02 -0500] "POST /xmlrpc.php HTTP/1.1" 403 89715 "-" "Jetpack by WordPress.com (Jetpack 13.0; WordPress 6.4)"
179.180.221.234 - - [21/Jul/2026:08:21:59 -0500] "POST /xmlrpc.php HTTP/1.1" 403 89715 "-" "Jetpack by WordPress.com (Jetpack 13.0; WordPress 6.2)"
94.176.23.25 - - [21/Jul/2026:08:22:05 -0500] "POST /xmlrpc.php HTTP/1.1" 403 89715 "-" "Jetpack by WordPress.com (Jetpack 13.0; WordPress 6.4)"
54.39.0.118 - - [21/Jul/2026:08:22:12 -0500] "GET /detail/355137746 HTTP/1.1" 200 89715 "-" "Mozilla/5.0 (compatible; AhrefsBot/7.0; +http://ahrefs.com/robot/)"
103.110.48.145 - - [21/Jul/2026:08:22:13 -0500] "POST /xmlrpc.php HTTP/1.1" 403 89715 "-" "Jetpack by WordPress.com (Jetpack 12.5; WordPress 6.1)"
179.180.221.234 - - [21/Jul/2026:08:22:10 -0500] "POST /xmlrpc.php HTTP/1.1" 403 89715 "-" "WordPress.com; https://wordpress.com"
94.176.23.25 - - [21/Jul/2026:08:22:16 -0500] "POST /xmlrpc.php HTTP/1.1" 403 89715 "-" "Jetpack/12.5; WordPress/6.4; http://site60771794.com"
90.220.128.235 - - [21/Jul/2026:08:22:18 -0500] "GET /detail/327761505 HTTP/1.1" 200 89715 "-" "Mozilla/5.0 (Macintosh; Intel Mac OS X 13_5_1) AppleWebKit/537.36 (KHTML, like Gecko) Chrome/125.0.6422.60 Safari/537.36"
103.110.48.145 - - [21/Jul/2026:08:22:24 -0500] "POST /xmlrpc.php HTTP/1.1" 403 89715 "-" "Jetpack/12.5; WordPress/6.3; http://site51175329.com"
179.180.221.234 - - [21/Jul/2026:08:22:20 -0500] "POST /xmlrpc.php HTTP/1.1" 403 89715 "-" "Jetpack by WordPress.com (Jetpack 12.5; WordPress 6.3)"
94.176.23.25 - - [21/Jul/2026:08:22:26 -0500] "POST /xmlrpc.php HTTP/1.1" 403 89715 "-" "Jetpack/12.5; WordPress/6.2; http://site42743268.com"
57.141.0.32 - - [21/Jul/2026:08:22:27 -0500] "GET /detail/296702392?path=/home/allsupport/public_html/wp-admin/css HTTP/1.1" 200 174853 "-" "Mozilla/5.0 (Windows NT 10.0; Win64; x64) AppleWebKit/537.36 (KHTML, like Gecko) Chrome/145.0.0.0 Safari/537.36 (compatible; meta-externalagent/1.1 (+https://developers.facebook.com/docs/sharing/webmasters/crawler))"
103.110.48.145 - - [21/Jul/2026:08:22:34 -0500] "POST /xmlrpc.php HTTP/1.1" 403 89715 "-" "Jetpack/12.0; WordPress/6.1; http://site27165523.com"
179.180.221.234 - - [21/Jul/2026:08:22:31 -0500] "POST /xmlrpc.php HTTP/1.1" 403 89715 "-" "Jetpack by WordPress.com (Jetpack 12.5; WordPress 6.3)"
94.176.23.25 - - [21/Jul/2026:08:22:37 -0500] "POST /xmlrpc.php HTTP/1.1" 403 89715 "-" "WordPress.com; https://wordpress.com"
142.44.220.72 - - [21/Jul/2026:08:22:42 -0500] "GET /detail/953379561 HTTP/1.1" 200 89715 "-" "Mozilla/5.0 (compatible; AhrefsBot/7.0; +http://ahrefs.com/robot/)"
57.141.0.14 - - [21/Jul/2026:08:22:43 -0500] "GET /detail/16301223?fileloc=/home/allsupport/public_html/wp-admin/ms-options.php&path=/home/allsupport/public_html/wp-admin HTTP/1.1" 200 12875 "-" "Mozilla/5.0 (Macintosh; Intel Mac OS X 10_15_7) AppleWebKit/537.36 (KHTML, like Gecko) Chrome/145.0.0.0 Safari/537.36 (compatible; meta-externalagent/1.1 (+https://developers.facebook.com/docs/sharing/webmasters/crawler))"
83.51.218.100 - - [21/Jul/2026:08:22:46 -0500] "GET /detail/349724449 HTTP/1.1" 200 89715 "-" "Mozilla/5.0 (Macintosh; Intel Mac OS X 14_1_0) AppleWebKit/537.36 (KHTML, like Gecko) Chrome/129.0.6668.58 Safari/537.36"
179.180.221.234 - - [21/Jul/2026:08:22:41 -0500] "POST /xmlrpc.php HTTP/1.1" 403 89715 "-" "Jetpack by WordPress.com"
103.110.48.145 - - [21/Jul/2026:08:22:47 -0500] "POST /xmlrpc.php HTTP/1.1" 403 89715 "-" "Jetpack by WordPress.com (Jetpack 12.5; WordPress 6.1)"
94.176.23.25 - - [21/Jul/2026:08:22:48 -0500] "POST /xmlrpc.php HTTP/1.1" 403 89715 "-" "Jetpack/12.0; WordPress/6.2; http://site83958415.com"
66.249.68.36 - - [21/Jul/2026:08:22:53 -0500] "GET /detail/575037172 HTTP/1.1" 200 59871 "-" "Mozilla/5.0 (Linux; Android 6.0.1; Nexus 5X Build/MMB29P) AppleWebKit/537.36 (KHTML, like Gecko) Chrome/150.0.7871.128 Mobile Safari/537.36 (compatible; Googlebot/2.1; +http://www.google.com/bot.html)"
103.110.48.145 - - [21/Jul/2026:08:22:56 -0500] "POST /xmlrpc.php HTTP/1.1" 403 89715 "-" "WordPress.com; https://wordpress.com"
179.180.221.234 - - [21/Jul/2026:08:22:52 -0500] "POST /xmlrpc.php HTTP/1.1" 403 89715 "-" "Jetpack by WordPress.com"
94.176.23.25 - - [21/Jul/2026:08:22:58 -0500] "POST /xmlrpc.php HTTP/1.1" 403 89715 "-" "Jetpack by WordPress.com (Jetpack 12.1; WordPress 6.3)"
57.141.0.45 - - [21/Jul/2026:08:23:02 -0500] "GET /detail/935996662?path=/home/allsupport/public_html/7abc3 HTTP/1.1" 200 14516 "-" "Mozilla/5.0 (Windows NT 10.0; Win64; x64) AppleWebKit/537.36 (KHTML, like Gecko) Chrome/145.0.0.0 Safari/537.36 (compatible; meta-externalagent/1.1 (+https://developers.facebook.com/docs/sharing/webmasters/crawler))"
57.141.0.16 - - [21/Jul/2026:08:23:03 -0500] "GET /detail/668606729?fileloc=/home/allsupport/public_html/product.php&path=/home/allsupport/public_html HTTP/1.1" 200 14620 "-" "Mozilla/5.0 (Windows NT 10.0; Win64; x64) AppleWebKit/537.36 (KHTML, like Gecko) Chrome/145.0.0.0 Safari/537.36 (compatible; meta-externalagent/1.1 (+https://developers.facebook.com/docs/sharing/webmasters/crawler))"
103.110.48.145 - - [21/Jul/2026:08:23:07 -0500] "POST /xmlrpc.php HTTP/1.1" 403 89715 "-" "Jetpack/12.5; WordPress/6.1; http://site27030403.com"
179.180.221.234 - - [21/Jul/2026:08:23:03 -0500] "POST /xmlrpc.php HTTP/1.1" 403 89715 "-" "Jetpack by WordPress.com (Jetpack 12.5; WordPress 6.1)"
94.176.23.25 - - [21/Jul/2026:08:23:09 -0500] "POST /xmlrpc.php HTTP/1.1" 403 89715 "-" "Jetpack/12.1; WordPress/6.1; http://site42346229.com"
57.141.0.10 - - [21/Jul/2026:08:23:09 -0500] "GET /detail/296702392?fileloc=/home/allsupport/public_html/wp-admin/css/code-editor.css&path=/home/allsupport/public_html/wp-admin/css HTTP/1.1" 200 14353 "-" "Mozilla/5.0 (Windows NT 10.0; Win64; x64) AppleWebKit/537.36 (KHTML, like Gecko) Chrome/145.0.0.0 Safari/537.36 (compatible; meta-externalagent/1.1 (+https://developers.facebook.com/docs/sharing/webmasters/crawler))"
5.68.147.22 - - [21/Jul/2026:08:23:13 -0500] "GET /detail/359777470 HTTP/1.1" 200 89715 "-" "Mozilla/5.0 (Macintosh; Intel Mac OS X 14_3_1) AppleWebKit/537.36 (KHTML, like Gecko) Chrome/131.0.6778.204 Safari/537.36"
57.141.0.46 - - [21/Jul/2026:08:23:15 -0500] "GET /detail/116450280?path=/home/allsupport HTTP/1.1" 200 58272 "-" "Mozilla/5.0 (Macintosh; Intel Mac OS X 10_15_7) AppleWebKit/537.36 (KHTML, like Gecko) Chrome/145.0.0.0 Safari/537.36 (compatible; meta-externalagent/1.1 (+https://developers.facebook.com/docs/sharing/webmasters/crawler))"
57.141.0.38 - - [21/Jul/2026:08:23:17 -0500] "GET /detail/454731625?fileloc=/home/allsupport/public_html/.rnd&path=/home/allsupport/public_html HTTP/1.1" 200 12557 "-" "Mozilla/5.0 (Windows NT 10.0; Win64; x64) AppleWebKit/537.36 (KHTML, like Gecko) Chrome/145.0.0.0 Safari/537.36 (compatible; meta-externalagent/1.1 (+https://developers.facebook.com/docs/sharing/webmasters/crawler))"
179.180.221.234 - - [21/Jul/2026:08:23:13 -0500] "POST /xmlrpc.php HTTP/1.1" 403 89715 "-" "Jetpack by WordPress.com (Jetpack 13.0; WordPress 6.4)"
148.113.130.32 - - [21/Jul/2026:08:23:19 -0500] "GET /detail/859874563 HTTP/1.1" 200 89715 "-" "Mozilla/5.0 (compatible; AhrefsBot/7.0; +http://ahrefs.com/robot/)"
103.110.48.145 - - [21/Jul/2026:08:23:19 -0500] "POST /xmlrpc.php HTTP/1.1" 403 89715 "-" "Jetpack by WordPress.com"
57.141.0.71 - - [21/Jul/2026:08:23:19 -0500] "GET /detail/668606729?path=/home HTTP/1.1" 200 12844 "-" "Mozilla/5.0 (Windows NT 10.0; Win64; x64) AppleWebKit/537.36 (KHTML, like Gecko) Chrome/145.0.0.0 Safari/537.36 (compatible; meta-externalagent/1.1 (+https://developers.facebook.com/docs/sharing/webmasters/crawler))"
94.176.23.25 - - [21/Jul/2026:08:23:19 -0500] "POST /xmlrpc.php HTTP/1.1" 403 89715 "-" "Jetpack by WordPress.com (Jetpack 13.0; WordPress 6.2)"
114.119.130.12 - - [21/Jul/2026:08:23:25 -0500] "GET /detail/700438010?path=/home/allsupport/public_html HTTP/1.1" 200 89715 "https://karenhowellthebaker.com/detail/700438010" "Mozilla/5.0 (Linux; Android 7.0;) AppleWebKit/537.36 (HTML, like Gecko) Mobile Safari/537.36 (compatible; PetalBot;+https://webmaster.petalsearch.com/site/petalbot)"
103.110.48.145 - - [21/Jul/2026:08:23:28 -0500] "POST /xmlrpc.php HTTP/1.1" 403 89715 "-" "Jetpack by WordPress.com"
179.180.221.234 - - [21/Jul/2026:08:23:24 -0500] "POST /xmlrpc.php HTTP/1.1" 403 89715 "-" "Jetpack by WordPress.com"
94.176.23.25 - - [21/Jul/2026:08:23:30 -0500] "POST /xmlrpc.php HTTP/1.1" 403 89715 "-" "Jetpack/12.5; WordPress/6.1; http://site80730668.com"
142.44.228.71 - - [21/Jul/2026:08:23:37 -0500] "GET /detail/617745593 HTTP/1.1" 200 89715 "-" "Mozilla/5.0 (compatible; AhrefsBot/7.0; +http://ahrefs.com/robot/)"
179.180.221.234 - - [21/Jul/2026:08:23:34 -0500] "POST /xmlrpc.php HTTP/1.1" 403 89715 "-" "Jetpack/12.1; WordPress/6.1; http://site73701317.com"
57.141.0.10 - - [21/Jul/2026:08:23:40 -0500] "GET /detail/116450280?fileloc=/home/allsupport/.bash_profile&path=/home/allsupport HTTP/1.1" 200 12686 "-" "Mozilla/5.0 (Macintosh; Intel Mac OS X 10_15_7) AppleWebKit/537.36 (KHTML, like Gecko) Chrome/145.0.0.0 Safari/537.36 (compatible; meta-externalagent/1.1 (+https://developers.facebook.com/docs/sharing/webmasters/crawler))"
103.110.48.145 - - [21/Jul/2026:08:23:40 -0500] "POST /xmlrpc.php HTTP/1.1" 403 89715 "-" "Jetpack/13.0; WordPress/6.2; http://site38332596.com"
84.124.144.125 - - [21/Jul/2026:08:23:40 -0500] "GET /detail/362912843 HTTP/1.1" 200 89715 "-" "Mozilla/5.0 (Macintosh; Intel Mac OS X 12.3; rv:136.0) Gecko/20100101 Firefox/136.0"
57.141.0.9 - - [21/Jul/2026:08:23:40 -0500] "GET /detail/116450280?fileloc=/home/allsupport/.wp-toolkit-identifier&path=/home/allsupport HTTP/1.1" 200 13186 "-" "Mozilla/5.0 (Macintosh; Intel Mac OS X 10_15_7) AppleWebKit/537.36 (KHTML, like Gecko) Chrome/145.0.0.0 Safari/537.36 (compatible; meta-externalagent/1.1 (+https://developers.facebook.com/docs/sharing/webmasters/crawler))"
57.141.0.50 - - [21/Jul/2026:08:23:41 -0500] "GET /detail/116450280?path=/home/allsupport/.spamassassin HTTP/1.1" 200 17445 "-" "Mozilla/5.0 (Windows NT 10.0; Win64; x64) AppleWebKit/537.36 (KHTML, like Gecko) Chrome/145.0.0.0 Safari/537.36 (compatible; meta-externalagent/1.1 (+https://developers.facebook.com/docs/sharing/webmasters/crawler))"
57.141.0.37 - - [21/Jul/2026:08:23:41 -0500] "GET /detail/116450280?path=/home/allsupport/.razor HTTP/1.1" 200 23630 "-" "Mozilla/5.0 (X11; Linux x86_64) AppleWebKit/537.36 (KHTML, like Gecko) Chrome/145.0.0.0 Safari/537.36 (compatible; meta-externalagent/1.1 (+https://developers.facebook.com/docs/sharing/webmasters/crawler))"
94.176.23.25 - - [21/Jul/2026:08:23:41 -0500] "POST /xmlrpc.php HTTP/1.1" 403 89715 "-" "WordPress.com; https://wordpress.com"
57.141.0.31 - - [21/Jul/2026:08:23:42 -0500] "GET /detail/116450280?path=/home/allsupport/www HTTP/1.1" 200 88099 "-" "Mozilla/5.0 (Macintosh; Intel Mac OS X 10_15_7) AppleWebKit/537.36 (KHTML, like Gecko) Chrome/145.0.0.0 Safari/537.36 (compatible; meta-externalagent/1.1 (+https://developers.facebook.com/docs/sharing/webmasters/crawler))"
57.141.0.3 - - [21/Jul/2026:08:23:42 -0500] "GET /detail/116450280?path=/home/allsupport/access-logs HTTP/1.1" 200 16054 "-" "Mozilla/5.0 (Windows NT 10.0; Win64; x64) AppleWebKit/537.36 (KHTML, like Gecko) Chrome/145.0.0.0 Safari/537.36 (compatible; meta-externalagent/1.1 (+https://developers.facebook.com/docs/sharing/webmasters/crawler))"
57.141.0.18 - - [21/Jul/2026:08:23:45 -0500] "GET /detail/116450280?fileloc=/home/allsupport/.imunify_patch_id&path=/home/allsupport HTTP/1.1" 200 12603 "-" "Mozilla/5.0 (Macintosh; Intel Mac OS X 10_15_7) AppleWebKit/537.36 (KHTML, like Gecko) Chrome/145.0.0.0 Safari/537.36 (compatible; meta-externalagent/1.1 (+https://developers.facebook.com/docs/sharing/webmasters/crawler))"
57.141.0.48 - - [21/Jul/2026:08:23:45 -0500] "GET /detail/116450280?path=/home/allsupport/etc HTTP/1.1" 200 15796 "-" "Mozilla/5.0 (Macintosh; Intel Mac OS X 10_15_7) AppleWebKit/537.36 (KHTML, like Gecko) Chrome/145.0.0.0 Safari/537.36 (compatible; meta-externalagent/1.1 (+https://developers.facebook.com/docs/sharing/webmasters/crawler))"
57.141.0.7 - - [21/Jul/2026:08:23:46 -0500] "GET /detail/116450280?path=/home/allsupport/.clwpos HTTP/1.1" 200 14412 "-" "Mozilla/5.0 (Macintosh; Intel Mac OS X 10_15_7) AppleWebKit/537.36 (KHTML, like Gecko) Chrome/145.0.0.0 Safari/537.36 (compatible; meta-externalagent/1.1 (+https://developers.facebook.com/docs/sharing/webmasters/crawler))"
57.141.0.49 - - [21/Jul/2026:08:23:46 -0500] "GET /detail/116450280?path=/home/allsupport/.trash HTTP/1.1" 200 12943 "-" "Mozilla/5.0 (Macintosh; Intel Mac OS X 10_15_7) AppleWebKit/537.36 (KHTML, like Gecko) Chrome/145.0.0.0 Safari/537.36 (compatible; meta-externalagent/1.1 (+https://developers.facebook.com/docs/sharing/webmasters/crawler))"
57.141.0.45 - - [21/Jul/2026:08:23:46 -0500] "GET /detail/116450280?path=/home/allsupport/.softaculous HTTP/1.1" 200 20035 "-" "Mozilla/5.0 (Windows NT 10.0; Win64; x64) AppleWebKit/537.36 (KHTML, like Gecko) Chrome/145.0.0.0 Safari/537.36 (compatible; meta-externalagent/1.1 (+https://developers.facebook.com/docs/sharing/webmasters/crawler))"
57.141.0.59 - - [21/Jul/2026:08:23:49 -0500] "GET /detail/360885035?path=/home/allsupport/public_html/wp-content/updraft/plugins-old HTTP/1.1" 200 23758 "-" "Mozilla/5.0 (Windows NT 10.0; Win64; x64) AppleWebKit/537.36 (KHTML, like Gecko) Chrome/145.0.0.0 Safari/537.36 (compatible; meta-externalagent/1.1 (+https://developers.facebook.com/docs/sharing/webmasters/crawler))"
179.180.221.234 - - [21/Jul/2026:08:23:45 -0500] "POST /xmlrpc.php HTTP/1.1" 403 89715 "-" "Jetpack by WordPress.com"
103.110.48.145 - - [21/Jul/2026:08:23:50 -0500] "POST /xmlrpc.php HTTP/1.1" 403 89715 "-" "Jetpack/13.0; WordPress/6.2; http://site45120860.com"
57.141.0.3 - - [21/Jul/2026:08:23:50 -0500] "GET /detail/52874343?fileloc=/home/allsupport/public_html/radio.php&path=/home/allsupport/public_html HTTP/1.1" 200 19733 "-" "Mozilla/5.0 (Macintosh; Intel Mac OS X 10_15_7) AppleWebKit/537.36 (KHTML, like Gecko) Chrome/145.0.0.0 Safari/537.36 (compatible; meta-externalagent/1.1 (+https://developers.facebook.com/docs/sharing/webmasters/crawler))"
57.141.0.13 - - [21/Jul/2026:08:23:50 -0500] "GET /detail/133467698?fileloc=//run/restartsrv_systemd-udevd&path=//run HTTP/1.1" 200 12444 "-" "Mozilla/5.0 (Macintosh; Intel Mac OS X 10_15_7) AppleWebKit/537.36 (KHTML, like Gecko) Chrome/145.0.0.0 Safari/537.36 (compatible; meta-externalagent/1.1 (+https://developers.facebook.com/docs/sharing/webmasters/crawler))"
94.176.23.25 - - [21/Jul/2026:08:23:51 -0500] "POST /xmlrpc.php HTTP/1.1" 403 89715 "-" "Jetpack by WordPress.com (Jetpack 12.1; WordPress 6.2)"
57.141.0.7 - - [21/Jul/2026:08:23:51 -0500] "GET /detail/116450280?path=/home/allsupport/.cpanel HTTP/1.1" 200 24433 "-" "Mozilla/5.0 (Windows NT 10.0; Win64; x64) AppleWebKit/537.36 (KHTML, like Gecko) Chrome/145.0.0.0 Safari/537.36 (compatible; meta-externalagent/1.1 (+https://developers.facebook.com/docs/sharing/webmasters/crawler))"
179.180.221.234 - - [21/Jul/2026:08:23:56 -0500] "POST /xmlrpc.php HTTP/1.1" 403 89715 "-" "Jetpack/13.0; WordPress/6.3; http://site53630481.com"
103.110.48.145 - - [21/Jul/2026:08:24:01 -0500] "POST /xmlrpc.php HTTP/1.1" 403 89715 "-" "Jetpack/13.0; WordPress/6.3; http://site60165460.com"
40.77.167.28 - - [21/Jul/2026:08:24:02 -0500] "GET /?detail/810113027 HTTP/1.1" 200 13 "-" "Mozilla/5.0 AppleWebKit/537.36 (KHTML, like Gecko; compatible; bingbot/2.0; +http://www.bing.com/bingbot.htm) Chrome/116.0.1938.76 Safari/537.36"
94.176.23.25 - - [21/Jul/2026:08:24:02 -0500] "POST /xmlrpc.php HTTP/1.1" 403 89715 "-" "WordPress.com; https://wordpress.com"
15.235.27.48 - - [21/Jul/2026:08:24:03 -0500] "GET /detail/779237756 HTTP/1.1" 200 89715 "-" "Mozilla/5.0 (compatible; AhrefsBot/7.0; +http://ahrefs.com/robot/)"
57.141.0.54 - - [21/Jul/2026:08:24:06 -0500] "GET /detail/116450280?fileloc=/home/allsupport/.spamassassin/user_prefs&path=/home/allsupport/.spamassassin HTTP/1.1" 200 14468 "-" "Mozilla/5.0 (Windows NT 10.0; Win64; x64) AppleWebKit/537.36 (KHTML, like Gecko) Chrome/145.0.0.0 Safari/537.36 Edg/145.0.0.0 (compatible; meta-externalagent/1.1 (+https://developers.facebook.com/docs/sharing/webmasters/crawler))"
57.141.0.35 - - [21/Jul/2026:08:24:07 -0500] "GET /detail/116450280?fileloc=/home/allsupport/www/goods.php&path=/home/allsupport/www HTTP/1.1" 200 14163 "-" "Mozilla/5.0 (Windows NT 10.0; Win64; x64) AppleWebKit/537.36 (KHTML, like Gecko) Chrome/145.0.0.0 Safari/537.36 (compatible; meta-externalagent/1.1 (+https://developers.facebook.com/docs/sharing/webmasters/crawler))"
41.208.128.50 - - [21/Jul/2026:08:24:08 -0500] "GET /detail/383388282 HTTP/1.1" 200 89714 "-" "Mozilla/5.0 (Windows NT 10.0; WOW64; rv:127.0) Gecko/20100101 Firefox/127.0"
179.180.221.234 - - [21/Jul/2026:08:24:06 -0500] "POST /xmlrpc.php HTTP/1.1" 403 89714 "-" "Jetpack/12.5; WordPress/6.3; http://site40192849.com"
103.110.48.145 - - [21/Jul/2026:08:24:12 -0500] "POST /xmlrpc.php HTTP/1.1" 403 89714 "-" "Jetpack by WordPress.com"
94.176.23.25 - - [21/Jul/2026:08:24:13 -0500] "POST /xmlrpc.php HTTP/1.1" 403 89714 "-" "Jetpack by WordPress.com"
57.141.0.32 - - [21/Jul/2026:08:24:17 -0500] "GET /detail/116450280?path=/home/allsupport/www/wp-content HTTP/1.1" 200 52870 "-" "Mozilla/5.0 (Windows NT 10.0; Win64; x64) AppleWebKit/537.36 (KHTML, like Gecko) Chrome/145.0.0.0 Safari/537.36 (compatible; meta-externalagent/1.1 (+https://developers.facebook.com/docs/sharing/webmasters/crawler))"
57.141.0.45 - - [21/Jul/2026:08:24:17 -0500] "GET /detail/592002064 HTTP/1.1" 200 89714 "-" "Mozilla/5.0 (Macintosh; Intel Mac OS X 10_15_7) AppleWebKit/537.36 (KHTML, like Gecko) Chrome/145.0.0.0 Safari/537.36 (compatible; meta-externalagent/1.1 (+https://developers.facebook.com/docs/sharing/webmasters/crawler))"
179.180.221.234 - - [21/Jul/2026:08:24:17 -0500] "POST /xmlrpc.php HTTP/1.1" 403 89714 "-" "WordPress.com; https://wordpress.com"
57.141.0.13 - - [21/Jul/2026:08:24:22 -0500] "GET /detail/296702392?path=/home/allsupport HTTP/1.1" 200 58272 "-" "Mozilla/5.0 (Windows NT 10.0; Win64; x64) AppleWebKit/537.36 (KHTML, like Gecko) Chrome/145.0.0.0 Safari/537.36 (compatible; meta-externalagent/1.1 (+https://developers.facebook.com/docs/sharing/webmasters/crawler))"
103.110.48.145 - - [21/Jul/2026:08:24:22 -0500] "POST /xmlrpc.php HTTP/1.1" 403 89714 "-" "Jetpack by WordPress.com (Jetpack 12.0; WordPress 6.3)"
94.176.23.25 - - [21/Jul/2026:08:24:23 -0500] "POST /xmlrpc.php HTTP/1.1" 403 89714 "-" "Jetpack/13.0; WordPress/6.1; http://site49127553.com"
66.249.68.38 - - [21/Jul/2026:08:24:25 -0500] "GET /goods.php?products/363414561 HTTP/1.1" 200 61608 "-" "Mozilla/5.0 (Linux; Android 6.0.1; Nexus 5X Build/MMB29P) AppleWebKit/537.36 (KHTML, like Gecko) Chrome/150.0.7871.128 Mobile Safari/537.36 (compatible; Googlebot/2.1; +http://www.google.com/bot.html)"
66.249.68.38 - - [21/Jul/2026:08:24:26 -0500] "GET /detail/292786455 HTTP/1.1" 200 60681 "-" "Mozilla/5.0 (Linux; Android 6.0.1; Nexus 5X Build/MMB29P) AppleWebKit/537.36 (KHTML, like Gecko) Chrome/150.0.7871.128 Mobile Safari/537.36 (compatible; Googlebot/2.1; +http://www.google.com/bot.html)"
54.39.0.206 - - [21/Jul/2026:08:24:27 -0500] "GET /detail/53877663 HTTP/1.1" 200 89715 "-" "Mozilla/5.0 (compatible; AhrefsBot/7.0; +http://ahrefs.com/robot/)"
57.141.0.31 - - [21/Jul/2026:08:24:31 -0500] "GET /detail/491724784?fileloc=/home/allsupport/public_html/index.php0&path=/home/allsupport/public_html HTTP/1.1" 200 26836 "-" "Mozilla/5.0 (Windows NT 10.0; Win64; x64) AppleWebKit/537.36 (KHTML, like Gecko) Chrome/145.0.0.0 Safari/537.36 (compatible; meta-externalagent/1.1 (+https://developers.facebook.com/docs/sharing/webmasters/crawler))"
179.180.221.234 - - [21/Jul/2026:08:24:27 -0500] "POST /xmlrpc.php HTTP/1.1" 403 89715 "-" "Jetpack by WordPress.com (Jetpack 13.0; WordPress 6.1)"
103.110.48.145 - - [21/Jul/2026:08:24:33 -0500] "POST /xmlrpc.php HTTP/1.1" 403 89715 "-" "Jetpack/12.0; WordPress/6.2; http://site65970365.com"
94.176.23.25 - - [21/Jul/2026:08:24:34 -0500] "POST /xmlrpc.php HTTP/1.1" 403 89715 "-" "WordPress.com; https://wordpress.com"
202.76.176.235 - - [21/Jul/2026:08:24:34 -0500] "GET /detail/403583574 HTTP/1.1" 200 89715 "-" "Mozilla/5.0 (Windows NT 10.0; Win64; x64) AppleWebKit/537.36 (KHTML, like Gecko) Chrome/131.0.6778.265 Safari/537.36"
57.141.0.42 - - [21/Jul/2026:08:24:36 -0500] "GET /detail/537209810 HTTP/1.1" 200 89715 "-" "Mozilla/5.0 (Windows NT 10.0; Win64; x64) AppleWebKit/537.36 (KHTML, like Gecko) Chrome/145.0.0.0 Safari/537.36 (compatible; meta-externalagent/1.1 (+https://developers.facebook.com/docs/sharing/webmasters/crawler))"
57.141.0.15 - - [21/Jul/2026:08:24:36 -0500] "GET /detail/592002064?fileloc=/home/allsupport/public_html/mah.php&path=/home/allsupport/public_html HTTP/1.1" 200 14616 "-" "Mozilla/5.0 (Windows NT 10.0; Win64; x64) AppleWebKit/537.36 (KHTML, like Gecko) Chrome/145.0.0.0 Safari/537.36 (compatible; meta-externalagent/1.1 (+https://developers.facebook.com/docs/sharing/webmasters/crawler))"
57.141.0.11 - - [21/Jul/2026:08:24:40 -0500] "GET /detail/592002064?fileloc=/home/allsupport/public_html/index.php&path=/home/allsupport/public_html HTTP/1.1" 200 26835 "-" "Mozilla/5.0 (X11; Linux x86_64) AppleWebKit/537.36 (KHTML, like Gecko) Chrome/145.0.0.0 Safari/537.36 (compatible; meta-externalagent/1.1 (+https://developers.facebook.com/docs/sharing/webmasters/crawler))"
179.180.221.234 - - [21/Jul/2026:08:24:38 -0500] "POST /xmlrpc.php HTTP/1.1" 403 89715 "-" "Jetpack by WordPress.com"
103.110.48.145 - - [21/Jul/2026:08:24:44 -0500] "POST /xmlrpc.php HTTP/1.1" 403 89715 "-" "WordPress.com; https://wordpress.com"
94.176.23.25 - - [21/Jul/2026:08:24:45 -0500] "POST /xmlrpc.php HTTP/1.1" 403 89715 "-" "Jetpack by WordPress.com"
57.141.0.48 - - [21/Jul/2026:08:24:45 -0500] "GET /detail/592002064?fileloc=/home/allsupport/public_html/wp-mail.php&path=/home/allsupport/public_html HTTP/1.1" 200 21576 "-" "Mozilla/5.0 (X11; Linux x86_64) AppleWebKit/537.36 (KHTML, like Gecko) Chrome/145.0.0.0 Safari/537.36 (compatible; meta-externalagent/1.1 (+https://developers.facebook.com/docs/sharing/webmasters/crawler))"
57.141.0.67 - - [21/Jul/2026:08:24:45 -0500] "GET /detail/592002064?fileloc=/home/allsupport/public_html/wp-banners.php&path=/home/allsupport/public_html HTTP/1.1" 200 89554 "-" "Mozilla/5.0 (Macintosh; Intel Mac OS X 10_15_7) AppleWebKit/537.36 (KHTML, like Gecko) Chrome/145.0.0.0 Safari/537.36 (compatible; meta-externalagent/1.1 (+https://developers.facebook.com/docs/sharing/webmasters/crawler))"
57.141.0.6 - - [21/Jul/2026:08:24:46 -0500] "GET /detail/592002064?fileloc=/home/allsupport/public_html/wp-activate.php&path=/home/allsupport/public_html HTTP/1.1" 200 20913 "-" "Mozilla/5.0 (Macintosh; Intel Mac OS X 10_15_7) AppleWebKit/537.36 (KHTML, like Gecko) Chrome/145.0.0.0 Safari/537.36 (compatible; meta-externalagent/1.1 (+https://developers.facebook.com/docs/sharing/webmasters/crawler))"
57.141.0.40 - - [21/Jul/2026:08:24:46 -0500] "GET /detail/592002064?fileloc=/home/allsupport/public_html/plugins.php&path=/home/allsupport/public_html HTTP/1.1" 200 15056 "-" "Mozilla/5.0 (X11; Linux x86_64) AppleWebKit/537.36 (KHTML, like Gecko) Chrome/145.0.0.0 Safari/537.36 (compatible; meta-externalagent/1.1 (+https://developers.facebook.com/docs/sharing/webmasters/crawler))"
57.141.0.67 - - [21/Jul/2026:08:24:47 -0500] "GET /detail/592002064?fileloc=/home/allsupport/public_html/item.php&path=/home/allsupport/public_html HTTP/1.1" 200 15053 "-" "Mozilla/5.0 (Windows NT 10.0; Win64; x64) AppleWebKit/537.36 (KHTML, like Gecko) Chrome/145.0.0.0 Safari/537.36 (compatible; meta-externalagent/1.1 (+https://developers.facebook.com/docs/sharing/webmasters/crawler))"
114.119.159.26 - - [21/Jul/2026:08:24:49 -0500] "GET /detail/883218844?path=/home/allsupport/public_html/wp-includes HTTP/1.1" 200 465711 "https://karenhowellthebaker.com/detail/883218844" "Mozilla/5.0 (Linux; Android 7.0;) AppleWebKit/537.36 (HTML, like Gecko) Mobile Safari/537.36 (compatible; PetalBot;+https://webmaster.petalsearch.com/site/petalbot)"
57.141.0.5 - - [21/Jul/2026:08:24:52 -0500] "GET /detail/592002064?path=/home HTTP/1.1" 200 12844 "-" "Mozilla/5.0 (Macintosh; Intel Mac OS X 10_15_7) AppleWebKit/537.36 (KHTML, like Gecko) Chrome/145.0.0.0 Safari/537.36 (compatible; meta-externalagent/1.1 (+https://developers.facebook.com/docs/sharing/webmasters/crawler))"
179.180.221.234 - - [21/Jul/2026:08:24:48 -0500] "POST /xmlrpc.php HTTP/1.1" 403 89715 "-" "WordPress.com; https://wordpress.com"
103.110.48.145 - - [21/Jul/2026:08:24:55 -0500] "POST /xmlrpc.php HTTP/1.1" 403 89715 "-" "Jetpack by WordPress.com"
94.176.23.25 - - [21/Jul/2026:08:24:55 -0500] "POST /xmlrpc.php HTTP/1.1" 403 89715 "-" "Jetpack by WordPress.com"
51.222.168.161 - - [21/Jul/2026:08:25:00 -0500] "GET /detail/281038703 HTTP/1.1" 200 89715 "-" "Mozilla/5.0 (compatible; AhrefsBot/7.0; +http://ahrefs.com/robot/)"
57.141.0.15 - - [21/Jul/2026:08:25:01 -0500] "GET /detail/806318534 HTTP/1.1" 200 89715 "-" "Mozilla/5.0 (Macintosh; Intel Mac OS X 10_15_7) AppleWebKit/537.36 (KHTML, like Gecko) Chrome/145.0.0.0 Safari/537.36 (compatible; meta-externalagent/1.1 (+https://developers.facebook.com/docs/sharing/webmasters/crawler))"
57.141.0.32 - - [21/Jul/2026:08:25:02 -0500] "GET /detail/592002064?path=/home/allsupport/public_html/.well-known HTTP/1.1" 200 14463 "-" "Mozilla/5.0 (Windows NT 10.0; Win64; x64) AppleWebKit/537.36 (KHTML, like Gecko) Chrome/145.0.0.0 Safari/537.36 (compatible; meta-externalagent/1.1 (+https://developers.facebook.com/docs/sharing/webmasters/crawler))"
223.236.184.183 - - [21/Jul/2026:08:25:03 -0500] "GET /detail/408817965 HTTP/1.1" 200 89715 "-" "Mozilla/5.0 (Windows NT 10.0; Win64; x64) AppleWebKit/537.36 (KHTML, like Gecko) Chrome/126.0.6478.55 Safari/537.36"
179.180.221.234 - - [21/Jul/2026:08:24:59 -0500] "POST /xmlrpc.php HTTP/1.1" 403 89715 "-" "WordPress.com; https://wordpress.com"
103.110.48.145 - - [21/Jul/2026:08:25:05 -0500] "POST /xmlrpc.php HTTP/1.1" 403 89715 "-" "WordPress.com; https://wordpress.com"
94.176.23.25 - - [21/Jul/2026:08:25:06 -0500] "POST /xmlrpc.php HTTP/1.1" 403 89715 "-" "Jetpack/12.0; WordPress/6.1; http://site72315173.com"
57.141.0.39 - - [21/Jul/2026:08:25:07 -0500] "GET /detail/592002064?path=/ HTTP/1.1" 200 47603 "-" "Mozilla/5.0 (Windows NT 10.0; Win64; x64) AppleWebKit/537.36 (KHTML, like Gecko) Chrome/145.0.0.0 Safari/537.36 (compatible; meta-externalagent/1.1 (+https://developers.facebook.com/docs/sharing/webmasters/crawler))"
57.141.0.44 - - [21/Jul/2026:08:25:09 -0500] "GET /detail/592002064?path=/ HTTP/1.1" 200 47603 "-" "Mozilla/5.0 (Macintosh; Intel Mac OS X 10_15_7) AppleWebKit/537.36 (KHTML, like Gecko) Chrome/145.0.0.0 Safari/537.36 (compatible; meta-externalagent/1.1 (+https://developers.facebook.com/docs/sharing/webmasters/crawler))"
216.73.216.40 - - [21/Jul/2026:08:25:10 -0500] "GET /?path=%2Fhome%2Fallsupport%2Fpublic_html%2Fwp-includes%2Fhtml-api HTTP/1.1" 200 37906 "-" "Mozilla/5.0 AppleWebKit/537.36 (KHTML, like Gecko; compatible; ClaudeBot/1.0; +claudebot@anthropic.com)"
57.141.0.49 - - [21/Jul/2026:08:25:10 -0500] "GET /detail/592002064?path=/home/allsupport HTTP/1.1" 200 58272 "-" "Mozilla/5.0 (Windows NT 10.0; Win64; x64) AppleWebKit/537.36 (KHTML, like Gecko) Chrome/145.0.0.0 Safari/537.36 (compatible; meta-externalagent/1.1 (+https://developers.facebook.com/docs/sharing/webmasters/crawler))"
216.73.216.40 - - [21/Jul/2026:08:25:10 -0500] "GET /?path=%2F%2Fsrv HTTP/1.1" 200 12843 "-" "Mozilla/5.0 AppleWebKit/537.36 (KHTML, like Gecko; compatible; ClaudeBot/1.0; +claudebot@anthropic.com)"
57.141.0.69 - - [21/Jul/2026:08:25:10 -0500] "GET /detail/592002064?path=/home/allsupport/public_html HTTP/1.1" 200 89715 "-" "Mozilla/5.0 (Windows NT 10.0; Win64; x64) AppleWebKit/537.36 (KHTML, like Gecko) Chrome/145.0.0.0 Safari/537.36 (compatible; meta-externalagent/1.1 (+https://developers.facebook.com/docs/sharing/webmasters/crawler))"
216.73.216.40 - - [21/Jul/2026:08:25:10 -0500] "GET /?path=%2Fhome%2Fallsupport%2Fssl HTTP/1.1" 200 19862 "-" "Mozilla/5.0 AppleWebKit/537.36 (KHTML, like Gecko; compatible; ClaudeBot/1.0; +claudebot@anthropic.com)"
216.73.216.40 - - [21/Jul/2026:08:25:11 -0500] "GET /?path=%2F%2Fvar HTTP/1.1" 200 51581 "-" "Mozilla/5.0 AppleWebKit/537.36 (KHTML, like Gecko; compatible; ClaudeBot/1.0; +claudebot@anthropic.com)"
216.73.216.40 - - [21/Jul/2026:08:25:11 -0500] "GET /?path=%2F%2Fetc HTTP/1.1" 200 509260 "-" "Mozilla/5.0 AppleWebKit/537.36 (KHTML, like Gecko; compatible; ClaudeBot/1.0; +claudebot@anthropic.com)"
216.73.216.40 - - [21/Jul/2026:08:25:12 -0500] "GET /?fileloc=%2Fhome%2Fallsupport%2Fpublic_html%2Fwp-includes%2Fhttps-detection.php&path=%2Fhome%2Fallsupport%2Fpublic_html%2Fwp-includes HTTP/1.1" 200 18553 "-" "Mozilla/5.0 AppleWebKit/537.36 (KHTML, like Gecko; compatible; ClaudeBot/1.0; +claudebot@anthropic.com)"
216.73.216.40 - - [21/Jul/2026:08:25:12 -0500] "GET /?fileloc=%2Fhome%2Fallsupport%2Fpublic_html%2Fwp-includes%2Fhttps-migration.php&path=%2Fhome%2Fallsupport%2Fpublic_html%2Fwp-includes HTTP/1.1" 200 17417 "-" "Mozilla/5.0 AppleWebKit/537.36 (KHTML, like Gecko; compatible; ClaudeBot/1.0; +claudebot@anthropic.com)"
216.73.216.40 - - [21/Jul/2026:08:25:13 -0500] "GET /?path=%2F%2Fbackup HTTP/1.1" 200 12849 "-" "Mozilla/5.0 AppleWebKit/537.36 (KHTML, like Gecko; compatible; ClaudeBot/1.0; +claudebot@anthropic.com)"
216.73.216.40 - - [21/Jul/2026:08:25:13 -0500] "GET /?path=%2Fhome%2Fallsupport%2Fpublic_html%2F.wp-cli%2Fcache HTTP/1.1" 200 14490 "-" "Mozilla/5.0 AppleWebKit/537.36 (KHTML, like Gecko; compatible; ClaudeBot/1.0; +claudebot@anthropic.com)"
216.73.216.40 - - [21/Jul/2026:08:25:13 -0500] "GET /?path=%2F%2Fsbin HTTP/1.1" 200 929562 "-" "Mozilla/5.0 AppleWebKit/537.36 (KHTML, like Gecko; compatible; ClaudeBot/1.0; +claudebot@anthropic.com)"
216.73.216.40 - - [21/Jul/2026:08:25:14 -0500] "GET /?path=%2F%2Frun HTTP/1.1" 200 208752 "-" "Mozilla/5.0 AppleWebKit/537.36 (KHTML, like Gecko; compatible; ClaudeBot/1.0; +claudebot@anthropic.com)"
216.73.216.40 - - [21/Jul/2026:08:25:14 -0500] "GET /?path=%2Fhome%2Fallsupport%2Fwordpress-backups HTTP/1.1" 200 12965 "-" "Mozilla/5.0 AppleWebKit/537.36 (KHTML, like Gecko; compatible; ClaudeBot/1.0; +claudebot@anthropic.com)"
216.73.216.40 - - [21/Jul/2026:08:25:14 -0500] "GET /?path=%2F%2Fbin HTTP/1.1" 200 2065119 "-" "Mozilla/5.0 AppleWebKit/537.36 (KHTML, like Gecko; compatible; ClaudeBot/1.0; +claudebot@anthropic.com)"
179.180.221.234 - - [21/Jul/2026:08:25:09 -0500] "POST /xmlrpc.php HTTP/1.1" 403 89715 "-" "WordPress.com; https://wordpress.com"
216.73.216.40 - - [21/Jul/2026:08:25:15 -0500] "GET /?path=%2F%2Fopt HTTP/1.1" 200 28607 "-" "Mozilla/5.0 AppleWebKit/537.36 (KHTML, like Gecko; compatible; ClaudeBot/1.0; +claudebot@anthropic.com)"
216.73.216.40 - - [21/Jul/2026:08:25:15 -0500] "GET /?path=%2Fhome%2Fallsupport%2Ftmp HTTP/1.1" 200 24504 "-" "Mozilla/5.0 AppleWebKit/537.36 (KHTML, like Gecko; compatible; ClaudeBot/1.0; +claudebot@anthropic.com)"
216.73.216.40 - - [21/Jul/2026:08:25:15 -0500] "GET /?path=%2F%2Fproc HTTP/1.1" 200 102488 "-" "Mozilla/5.0 AppleWebKit/537.36 (KHTML, like Gecko; compatible; ClaudeBot/1.0; +claudebot@anthropic.com)"
216.73.216.40 - - [21/Jul/2026:08:25:15 -0500] "GET /?path=%2F%2Fusr HTTP/1.1" 200 30996 "-" "Mozilla/5.0 AppleWebKit/537.36 (KHTML, like Gecko; compatible; ClaudeBot/1.0; +claudebot@anthropic.com)"
216.73.216.40 - - [21/Jul/2026:08:25:15 -0500] "GET /?path=%2F%2Fboot HTTP/1.1" 200 53047 "-" "Mozilla/5.0 AppleWebKit/537.36 (KHTML, like Gecko; compatible; ClaudeBot/1.0; +claudebot@anthropic.com)"
216.73.216.40 - - [21/Jul/2026:08:25:16 -0500] "GET /?path=%2Fhome%2Fallsupport%2F.wp-cli HTTP/1.1" 200 14298 "-" "Mozilla/5.0 AppleWebKit/537.36 (KHTML, like Gecko; compatible; ClaudeBot/1.0; +claudebot@anthropic.com)"
216.73.216.40 - - [21/Jul/2026:08:25:16 -0500] "GET /?path=%2F%2Froot HTTP/1.1" 200 12845 "-" "Mozilla/5.0 AppleWebKit/537.36 (KHTML, like Gecko; compatible; ClaudeBot/1.0; +claudebot@anthropic.com)"
216.73.216.40 - - [21/Jul/2026:08:25:16 -0500] "GET /?path=%2F%2Fsys HTTP/1.1" 200 27031 "-" "Mozilla/5.0 AppleWebKit/537.36 (KHTML, like Gecko; compatible; ClaudeBot/1.0; +claudebot@anthropic.com)"
103.110.48.145 - - [21/Jul/2026:08:25:16 -0500] "POST /xmlrpc.php HTTP/1.1" 403 89715 "-" "Jetpack by WordPress.com"
216.73.216.40 - - [21/Jul/2026:08:25:16 -0500] "GET /?path=%2F%2Ftmp HTTP/1.1" 200 29609 "-" "Mozilla/5.0 AppleWebKit/537.36 (KHTML, like Gecko; compatible; ClaudeBot/1.0; +claudebot@anthropic.com)"
94.176.23.25 - - [21/Jul/2026:08:25:16 -0500] "POST /xmlrpc.php HTTP/1.1" 403 89715 "-" "WordPress.com; https://wordpress.com"
216.73.216.40 - - [21/Jul/2026:08:25:16 -0500] "GET /?path=%2F%2Fdev HTTP/1.1" 200 42720 "-" "Mozilla/5.0 AppleWebKit/537.36 (KHTML, like Gecko; compatible; ClaudeBot/1.0; +claudebot@anthropic.com)"
216.73.216.40 - - [21/Jul/2026:08:25:17 -0500] "GET /?path=%2F%2Fscripts HTTP/1.1" 200 664495 "-" "Mozilla/5.0 AppleWebKit/537.36 (KHTML, like Gecko; compatible; ClaudeBot/1.0; +claudebot@anthropic.com)"
45.61.185.216 - - [21/Jul/2026:08:25:19 -0500] "GET /wp-login.php HTTP/1.1" 200 89715 "-" "Mozilla/5.0 (Macintosh; Intel Mac OS X 10_9_4) AppleWebKit/537.77.4 (KHTML, like Gecko) Version/7.0.5 Safari/537.77.4"
216.73.216.40 - - [21/Jul/2026:08:25:25 -0500] "GET /?path=%2Fhome%2Fallsupport%2Fpublic_html%2Fwp-includes%2FRequests HTTP/1.1" 200 15961 "-" "Mozilla/5.0 AppleWebKit/537.36 (KHTML, like Gecko; compatible; ClaudeBot/1.0; +claudebot@anthropic.com)"
216.73.216.40 - - [21/Jul/2026:08:25:25 -0500] "GET /?path=%2Fhome%2Fallsupport%2Fpublic_html%2Fwp-content%2Fplugins HTTP/1.1" 200 17414 "-" "Mozilla/5.0 AppleWebKit/537.36 (KHTML, like Gecko; compatible; ClaudeBot/1.0; +claudebot@anthropic.com)"
57.141.0.14 - - [21/Jul/2026:08:25:25 -0500] "GET /detail/399541589?fileloc=/home/allsupport/public_html/wp-activate.php&path=/home/allsupport/public_html HTTP/1.1" 200 20913 "-" "Mozilla/5.0 (X11; Linux x86_64) AppleWebKit/537.36 (KHTML, like Gecko) Chrome/145.0.0.0 Safari/537.36 (compatible; meta-externalagent/1.1 (+https://developers.facebook.com/docs/sharing/webmasters/crawler))"
216.73.216.40 - - [21/Jul/2026:08:25:25 -0500] "GET /?path=%2Fhome%2Fallsupport%2Fpublic_html%2Fwp-includes%2Frest-api HTTP/1.1" 200 23888 "-" "Mozilla/5.0 AppleWebKit/537.36 (KHTML, like Gecko; compatible; ClaudeBot/1.0; +claudebot@anthropic.com)"
179.180.221.234 - - [21/Jul/2026:08:25:20 -0500] "POST /xmlrpc.php HTTP/1.1" 403 89715 "-" "Jetpack by WordPress.com (Jetpack 13.0; WordPress 6.1)"
216.73.216.40 - - [21/Jul/2026:08:25:26 -0500] "GET /?path=%2Fhome%2Fallsupport%2F.cl.selector HTTP/1.1" 200 17444 "-" "Mozilla/5.0 AppleWebKit/537.36 (KHTML, like Gecko; compatible; ClaudeBot/1.0; +claudebot@anthropic.com)"
216.73.216.40 - - [21/Jul/2026:08:25:26 -0500] "GET /?path=%2Fhome%2Fallsupport%2Fpublic_html%2Fwp-admin%2Fnetwork HTTP/1.1" 200 61635 "-" "Mozilla/5.0 AppleWebKit/537.36 (KHTML, like Gecko; compatible; ClaudeBot/1.0; +claudebot@anthropic.com)"
216.73.216.40 - - [21/Jul/2026:08:25:26 -0500] "GET /?path=%2Fhome%2Fallsupport%2F.trash HTTP/1.1" 200 12943 "-" "Mozilla/5.0 AppleWebKit/537.36 (KHTML, like Gecko; compatible; ClaudeBot/1.0; +claudebot@anthropic.com)"
216.73.216.40 - - [21/Jul/2026:08:25:26 -0500] "GET /?path=%2Fhome%2Fallsupport%2Fpublic_html%2Fwp-admin%2Fincludes HTTP/1.1" 200 187076 "-" "Mozilla/5.0 AppleWebKit/537.36 (KHTML, like Gecko; compatible; ClaudeBot/1.0; +claudebot@anthropic.com)"
216.73.216.40 - - [21/Jul/2026:08:25:26 -0500] "GET /?path=%2Fhome%2Fallsupport%2F.cphorde HTTP/1.1" 200 17148 "-" "Mozilla/5.0 AppleWebKit/537.36 (KHTML, like Gecko; compatible; ClaudeBot/1.0; +claudebot@anthropic.com)"
216.73.216.40 - - [21/Jul/2026:08:25:26 -0500] "GET /?path=%2Fhome%2Fallsupport%2Fpublic_html%2Fwp-includes%2Fabilities-api HTTP/1.1" 200 19812 "-" "Mozilla/5.0 AppleWebKit/537.36 (KHTML, like Gecko; compatible; ClaudeBot/1.0; +claudebot@anthropic.com)"
216.73.216.40 - - [21/Jul/2026:08:25:26 -0500] "GET /?path=%2F%2Flib64 HTTP/1.1" 200 2259158 "-" "Mozilla/5.0 AppleWebKit/537.36 (KHTML, like Gecko; compatible; ClaudeBot/1.0; +claudebot@anthropic.com)"
216.73.216.40 - - [21/Jul/2026:08:25:27 -0500] "GET /?path=%2F%2Flost+found HTTP/1.1" 200 12857 "-" "Mozilla/5.0 AppleWebKit/537.36 (KHTML, like Gecko; compatible; ClaudeBot/1.0; +claudebot@anthropic.com)"
216.73.216.40 - - [21/Jul/2026:08:25:27 -0500] "GET /?path=%2Fhome%2Fallsupport%2Fpublic_html%2Fwp-includes%2FText HTTP/1.1" 200 17630 "-" "Mozilla/5.0 AppleWebKit/537.36 (KHTML, like Gecko; compatible; ClaudeBot/1.0; +claudebot@anthropic.com)"
216.73.216.40 - - [21/Jul/2026:08:25:27 -0500] "GET /?path=%2Fhome%2Fallsupport%2Fpublic_html%2Fwp-includes%2Fblock-patterns HTTP/1.1" 200 34747 "-" "Mozilla/5.0 AppleWebKit/537.36 (KHTML, like Gecko; compatible; ClaudeBot/1.0; +claudebot@anthropic.com)"
216.73.216.40 - - [21/Jul/2026:08:25:27 -0500] "GET /?path=%2Fhome%2Fallsupport%2Fpublic_html%2Fwp-includes%2Fphp-compat HTTP/1.1" 200 14699 "-" "Mozilla/5.0 AppleWebKit/537.36 (KHTML, like Gecko; compatible; ClaudeBot/1.0; +claudebot@anthropic.com)"
94.176.23.25 - - [21/Jul/2026:08:25:27 -0500] "POST /xmlrpc.php HTTP/1.1" 403 89715 "-" "Jetpack by WordPress.com (Jetpack 12.0; WordPress 6.3)"
216.73.216.40 - - [21/Jul/2026:08:25:27 -0500] "GET /?path=%2Fhome%2Fallsupport%2Flogs HTTP/1.1" 200 17664 "-" "Mozilla/5.0 AppleWebKit/537.36 (KHTML, like Gecko; compatible; ClaudeBot/1.0; +claudebot@anthropic.com)"
216.73.216.40 - - [21/Jul/2026:08:25:27 -0500] "GET /?path=%2Fhome%2Fallsupport%2Fmail HTTP/1.1" 200 50174 "-" "Mozilla/5.0 AppleWebKit/537.36 (KHTML, like Gecko; compatible; ClaudeBot/1.0; +claudebot@anthropic.com)"
216.73.216.40 - - [21/Jul/2026:08:25:27 -0500] "GET /?path=%2Fhome%2Fallsupport%2Fetc HTTP/1.1" 200 15796 "-" "Mozilla/5.0 AppleWebKit/537.36 (KHTML, like Gecko; compatible; ClaudeBot/1.0; +claudebot@anthropic.com)"
216.73.216.40 - - [21/Jul/2026:08:25:27 -0500] "GET /?path=%2Fhome%2Fallsupport%2Fpublic_html%2Fwp-includes%2Fcss HTTP/1.1" 200 88072 "-" "Mozilla/5.0 AppleWebKit/537.36 (KHTML, like Gecko; compatible; ClaudeBot/1.0; +claudebot@anthropic.com)"
216.73.216.40 - - [21/Jul/2026:08:25:28 -0500] "GET /?path=%2Fhome%2Fallsupport%2F.koality HTTP/1.1" 200 12947 "-" "Mozilla/5.0 AppleWebKit/537.36 (KHTML, like Gecko; compatible; ClaudeBot/1.0; +claudebot@anthropic.com)"
